From mboxrd@z Thu Jan 1 00:00:00 1970 Return-Path: Received: from mails.dpdk.org (mails.dpdk.org [217.70.189.124]) by inbox.dpdk.org (Postfix) with ESMTP id 9F26746B5E for ; Tue, 7 Oct 2025 00:37:48 +0200 (CEST) Received: from mails.dpdk.org (localhost [127.0.0.1]) by mails.dpdk.org (Postfix) with ESMTP id 790DB402A3; Tue, 7 Oct 2025 00:37:48 +0200 (CEST) Received: from mail-yw1-f228.google.com (mail-yw1-f228.google.com [209.85.128.228]) by mails.dpdk.org (Postfix) with ESMTP id 4621E402A3 for ; Tue, 7 Oct 2025 00:37:47 +0200 (CEST) Received: by mail-yw1-f228.google.com with SMTP id 00721157ae682-749399349ddso71505027b3.3 for ; Mon, 06 Oct 2025 15:37:47 -0700 (PDT) DKIM-Signature: v=1; a=rsa-sha256; c=relaxed/relaxed; d=iol.unh.edu; s=unh-iol; t=1759790266; x=1760395066; darn=dpdk.org; h=references:in-reply-to:cc:to:from:subject:message-id:date:from:to :cc:subject:date:message-id:reply-to; bh=HWlr1LAv/THbeyF+BcIUzmBQKET9pO97wOm6XdsqP+I=; b=FFAjkOzbIJgIRVwqZIdXEgX655qOol03cC51ERUM08C8rjlcW9Mw3JOqPKbK8QqcTh ivIn3NM/03QJRYAHSI2GFxEW0aKrMCZPYuKFagunoUN1cdzyyfZwB5CfsHV1WGVYfvbx fJTLqprC7yMbK4b1+OvmlLEtG9wuozhrumNP8= X-Google-DKIM-Signature: v=1; a=rsa-sha256; c=relaxed/relaxed; d=1e100.net; s=20230601; t=1759790266; x=1760395066; h=references:in-reply-to:cc:to:from:subject:message-id:date :x-gm-message-state:from:to:cc:subject:date:message-id:reply-to; bh=HWlr1LAv/THbeyF+BcIUzmBQKET9pO97wOm6XdsqP+I=; b=QO33Q4ehCR6UBwAOfw1R/0l5t78Z4YsmplgsD4hrUtHlxC5HhnQ0dYjhXkGLrx5VmC QUNFtQCCpPc/LCVcKhIciCY1Zstt9qazJB8+Zn1cuKP+JuNyWtmsKklREDohbuD6Gs9s B9TRsoB9PPku5VQlwseJbBBqL6TshoiO0xFEh37KvYySSBqWtDvbzNKVriX+JJjbi78N K6KroSivYGlWrUST/BIm49od51xO6Eak4ak3T26uSKZcUMZv3rNIyWjM8ktFz0JKN/zE ooD9+t4wVQ6JOlTntIuSHqEJtqfcq1/mklDqqd+CfxJWQhUaqIOkFRV1xYe9w21Q3Bbr mClQ== X-Gm-Message-State: AOJu0Yz4+qxMKz7tBytFcDok75zlwEf9uwT4SRVu/9SmpMSkKzOEQpVi I7dLfbv8bDq6WNXilCRbXTBv5tuyUXParggQL1ZrRhechcJ7AZGFyz724Grxsbirs3lr+daJMYx CLyQFhHWJ7CORElO2Kvre+8D91m1QSxVdIZMbm1VhzER2 X-Gm-Gg: ASbGncvb4ESwgMfpJa3mn5Q8QheKrOrHZ5UNf4teQLBWJ9m0wvpcaTBjCl/r3bE3t93 W3lPQb1j/k/7tnYJriib9jGMQmOonF6dPuxJzwgePaLlmdHnMhN5e0KBVKlJ4DNcwVz4NcUp1UZ rR9sp/7x9M/CvaeixJ43eYzdv7SKyZPCrbn91eohePrRmGKF81seb/JPTMAkeS8BX6IbRdjLf1C rYlp1Fg2/lOIlYgChvZ2flAe/704PSLw3mLYamPZvHPSqE+KEBbBKxOblhwDXcYfoyJh6INFz+W 3mCJzxB/jR49Q0fvlFeAqTM741XYoPvx/9PLQ2a3V6LJGU3InKdLdnTQkYKn7RGbE/vsqVUlx/d Row== X-Google-Smtp-Source: AGHT+IFN5b3Yk6Ile4jweTEatOpDllP+HbYg/s9ThFc1RqO+oLwjU7SUBEa1fwnd63guk5F6pfEMSYhnHH62 X-Received: by 2002:a05:690c:10:b0:766:6507:683f with SMTP id 00721157ae682-77f94606b9amr166144787b3.18.1759790266488; Mon, 06 Oct 2025 15:37:46 -0700 (PDT) Received: from postal.iol.unh.edu (postal.iol.unh.edu. [132.177.123.84]) by smtp-relay.gmail.com with ESMTPS id 00721157ae682-77f81c07d02sm7781787b3.1.2025.10.06.15.37.46 (version=TLS1_2 cipher=ECDHE-ECDSA-AES128-GCM-SHA256 bits=128/128); Mon, 06 Oct 2025 15:37:46 -0700 (PDT) X-Relaying-Domain: iol.unh.edu Date: Mon, 06 Oct 2025 15:37:46 -0700 (PDT) Message-ID: <68e444ba.050a0220.3c28a8.ca43SMTPIN_ADDED_MISSING@mx.google.com> Received: from [172.21.0.2] (unknown [172.18.0.240]) by postal.iol.unh.edu (Postfix) with ESMTP id 2A5076051830; Mon, 6 Oct 2025 18:37:46 -0400 (EDT) Subject: |FAILURE| pw157261-157263 [PATCH] [v5,3/3] net/ice: add PFC statisti From: dpdklab@iol.unh.edu To: Test Report Cc: dpdk-test-reports@iol.unh.edu, Bruce Richardson , Vladimir Medvedkin In-Reply-To: <20251003124037.342760-4-vladimir.medvedkin@intel.com> References: <20251003124037.342760-4-vladimir.medvedkin@intel.com> Content-Type: text/plain X-BeenThere: test-report@dpdk.org X-Mailman-Version: 2.1.29 Precedence: list List-Id: automatic DPDK test reports List-Unsubscribe: , List-Archive: List-Post: List-Help: List-Subscribe: , Errors-To: test-report-bounces@dpdk.org Test-Label: iol-compile-arm64-testing Test-Status: FAILURE http://dpdk.org/patch/157263 _Testing issues_ Submitter: Vladimir Medvedkin Date: Friday, October 03 2025 12:40:37 DPDK git baseline: Repo:dpdk-next-net-intel Branch: master CommitID:e7d8cc7ef4df3552575525697079d3c957cfcdaf 157261-157263 --> testing issues Upstream job id: Generic-DPDK-Compile-Meson#431423 Test environment and result as below: +------------------------------+--------------------+ | Environment | dpdk_meson_compile | +==============================+====================+ | Red Hat Enterprise Linux 9.5 | FAIL | +------------------------------+--------------------+ | Ubuntu 20.04 | FAIL | +------------------------------+--------------------+ | Debian GNU/Linux 12 | FAIL | +------------------------------+--------------------+ | Fedora Linux 42 | PASS | +------------------------------+--------------------+ | Ubuntu 22.04 | FAIL | +------------------------------+--------------------+ | Ubuntu 24.04 | FAIL | +------------------------------+--------------------+ | CentOS Stream 9 | FAIL | +------------------------------+--------------------+ | CentOS Stream 10 | PASS | +------------------------------+--------------------+ ==== 20 line log output for CentOS Stream 9 (dpdk_meson_compile): ==== [898/3782] Compiling C object drivers/libtmp_rte_net_i40e.a.p/net_intel_i40e_base_i40e_dcb.c.o [899/3782] Compiling C object drivers/libtmp_rte_net_i40e.a.p/net_intel_i40e_base_i40e_diag.c.o [900/3782] Compiling C object drivers/libtmp_rte_net_i40e.a.p/net_intel_i40e_base_i40e_hmc.c.o [901/3782] Compiling C object drivers/libtmp_rte_net_i40e.a.p/net_intel_i40e_base_i40e_lan_hmc.c.o [902/3782] Compiling C object drivers/libtmp_rte_net_i40e.a.p/net_intel_i40e_base_i40e_nvm.c.o [903/3782] Generating rte_net_iavf.pmd.c with a custom command [904/3782] Compiling C object drivers/libtmp_rte_net_ice.a.p/net_intel_ice_ice_acl_filter.c.o [905/3782] Compiling C object drivers/libtmp_rte_net_ice.a.p/net_intel_ice_ice_diagnose.c.o [906/3782] Compiling C object drivers/libtmp_rte_net_ice.a.p/net_intel_ice_ice_ethdev.c.o FAILED: [code=1] drivers/libtmp_rte_net_ice.a.p/net_intel_ice_ice_ethdev.c.o ccache cc -Idrivers/libtmp_rte_net_ice.a.p -Idrivers -I../drivers -Idrivers/net/intel/ice -I../drivers/net/intel/ice -Idrivers/net/intel/ice/base -I../drivers/net/intel/ice/base -Ilib/ethdev -I../lib/ethdev -Ilib/eal/common -I../lib/eal/common -I. -I.. -Iconfig -I../config -Ilib/eal/include -I../lib/eal/include -Ilib/eal/linux/include -I../lib/eal/linux/include -Ilib/eal/arm/include -I../lib/eal/arm/include -I../kernel/linux -Ilib/eal -I../lib/eal -Ilib/kvargs -I../lib/kvargs -Ilib/log -I../lib/log -Ilib/metrics -I../lib/metrics -Ilib/telemetry -I../lib/telemetry -Ilib/net -I../lib/net -Ilib/mbuf -I../lib/mbuf -Ilib/mempool -I../lib/mempool -Ilib/ring -I../lib/ring -Ilib/meter -I../lib/meter -Idrivers/bus/pci -I../drivers/bus/pci -I../drivers/bus/pci/linux -Ilib/pci -I../lib/pci -Idrivers/bus/vdev -I../drivers/bus/vdev -Ilib/hash -I../lib/hash -Ilib/rcu -I../lib/rcu -Idrivers/net/intel/iavf -I../drivers/net/intel/iavf -I../drivers/net/intel/iavf/base -Ilib/security -I../lib/security -Ilib/cryptodev -I../lib/cryptodev -fdiagnostics-color=always -pipe -D_FILE_OFFSET_BITS=64 -Wall -Winvalid-pch -Wextra -Werror -std=c11 -O3 -include rte_config.h -Wvla -Wcast-qual -Wdeprecated -Wformat -Wformat-nonliteral -Wformat-security -Wmissing-declarations -Wmissing-prototypes -Wnested-externs -Wold-style-definition -Wpointer-arith -Wsign-compare -Wstrict-prototypes -Wundef -Wwrite-strings -Wno-packed-not-aligned -Wno-missing-field-initializers -D_GNU_SOURCE -fPIC -march=armv8.1-a+crc+crypto -DALLOW_EXPERIMENTAL_API -DALLOW_INTERNAL_API -Wno-format-truncation -Wno-address-of-packed-member -DRTE_LOG_DEFAULT_LOGTYPE=pmd.net.ice -MD -MQ drivers/libtmp_rte_net_ice.a.p/net_intel_ice_ice_ethdev.c.o -MF drivers/libtmp_rte_net_ice.a.p/net_intel_ice_ice_ethdev.c.o.d -o drivers/libtmp_rte_net_ice.a.p/net_intel_ice_ice_ethdev.c.o -c ../drivers/net/intel/ice/ice_ethdev.c ../drivers/net/intel/ice/ice_ethdev.c: In function 'ice_get_dcb_info': ../drivers/net/intel/ice/ice_ethdev.c:3975:26: error: 'ctxt' may be used uninitialized [-Werror=maybe-uninitialized] 3975 | uint16_t tc_rx_q_map = rte_le_to_cpu_16(ctxt.info.tc_mapping[i]); | ^~~~~~~~~~~ ../drivers/net/intel/ice/ice_ethdev.c:3962:28: note: 'ctxt' declared here 3962 | struct ice_vsi_ctx ctxt = { 0 }; | ^~~~ cc1: all warnings being treated as errors ninja: build stopped: subcommand failed. ==== End log output ==== Red Hat Enterprise Linux 9.5 Kernel: 5.4 Compiler: gcc gcc (GCC) 11.5.0 20240719 (Red Hat 11.5.0-2) Ubuntu 20.04 Kernel: 5.15 Compiler: aarch64-linux-gnu-gcc gcc (Ubuntu 9.4.0-1ubuntu1~20.04.2) 9.4.0 Debian GNU/Linux 12 Kernel: 5.4 Compiler: gcc gcc (Debian 12.2.0-14+deb12u1) 12.2.0 Fedora Linux 42 Kernel: 5.4 Compiler: gcc gcc (GCC) 15.2.1 20250808 (Red Hat 15.2.1-1) Ubuntu 22.04 Kernel: 5.4 Compiler: gcc gcc (Ubuntu 11.4.0-1ubuntu1~22.04) 11.4.0 Ubuntu 24.04 Kernel: 5.4 Compiler: gcc gcc (Ubuntu 13.3.0-6ubuntu2~24.04) 13.3.0 CentOS Stream 9 Kernel: 5.4 Compiler: gcc gcc (GCC) 11.5.0 20240719 (Red Hat 11.5.0-11) CentOS Stream 10 Kernel: 5.4 Compiler: gcc gcc (GCC) 14.2.1 20250110 (Red Hat 14.2.1-8) To view detailed results, visit: https://lab.dpdk.org/results/dashboard/patchsets/34210/ UNH-IOL DPDK Community Lab To manage your email subscriptions, visit: https://lab.dpdk.org/results/dashboard/preferences/subscriptions/