From mboxrd@z Thu Jan 1 00:00:00 1970 Return-Path: Received: from mails.dpdk.org (mails.dpdk.org [217.70.189.124]) by inbox.dpdk.org (Postfix) with ESMTP id D593A46B5E for ; Tue, 7 Oct 2025 01:22:15 +0200 (CEST) Received: from mails.dpdk.org (localhost [127.0.0.1]) by mails.dpdk.org (Postfix) with ESMTP id CBACC402A3; Tue, 7 Oct 2025 01:22:15 +0200 (CEST) Received: from mail-pg1-f226.google.com (mail-pg1-f226.google.com [209.85.215.226]) by mails.dpdk.org (Postfix) with ESMTP id 53F2F402A3 for ; Tue, 7 Oct 2025 01:22:14 +0200 (CEST) Received: by mail-pg1-f226.google.com with SMTP id 41be03b00d2f7-b550eff972eso3762944a12.3 for ; Mon, 06 Oct 2025 16:22:14 -0700 (PDT) DKIM-Signature: v=1; a=rsa-sha256; c=relaxed/relaxed; d=iol.unh.edu; s=unh-iol; t=1759792933; x=1760397733; darn=dpdk.org; h=cc:to:from:subject:message-id:date:from:to:cc:subject:date :message-id:reply-to; bh=2H4V06Sj/Q+xDGxG5bnrt1Lpy8Va7eE+qsBW0QgRmUE=; b=CnSilaPHhq6Sbcz8Ge7eQkGxb1iyVdNTASq+bmJrf90XWszW4ThfJjcGJZ3BcxZqFn AshyOqEacJ7ifqxsy6cxo05mSrj7jy/133KylUw/odKvj2oj622wrCz8E1oOhmzxsBcz v/IkUrw6GuQ5MSIiiGJRjrSIfU1VNThoxjmBI= X-Google-DKIM-Signature: v=1; a=rsa-sha256; c=relaxed/relaxed; d=1e100.net; s=20230601; t=1759792933; x=1760397733; h=cc:to:from:subject:message-id:date:x-gm-message-state:from:to:cc :subject:date:message-id:reply-to; bh=2H4V06Sj/Q+xDGxG5bnrt1Lpy8Va7eE+qsBW0QgRmUE=; b=xRoJXJvn0KSPsTWNyGyZ2HF/a71drhErEjwjQIJICsJCOs/58qvCuIqsKrmbTZN+Fa eDh3shYBTWmsMwivdFA6gVp2dqlhMoxSchmYJLVH1/6v6ItTahKFM9s2i17EOnAMdyuG 3Rfau9Agh6nmiErKWKiL/GAePFyfy8mMs5rRfE+n2MHCQ84J0q89wIn24tnZrmxWQ9pz RpJtiDPFZQ012tPBjgLy7q8vXD1MP9VjHNSXDpbYJtDxBAPzsxB5ZZDflXYtLbXxdpCV XK3RYLH8o9lGcsDQpcfdJwykJbZpWfts8uIuQ1dwRtPAAxvI5l73qLKlEr952G1tIWhg ydvw== X-Gm-Message-State: AOJu0YwK+JFR2Gu7tt2q4nswckOUM9vyiKx7vgYYPY6kCHIbBuNYLwPw 52sCvOj4bqTw7n/ITB+DzKNWfDxCYQNznWxMXJwjLZSrNrRaXSGU8UAda85TyJL/PEFuuF28Kuv 2x/F3ZQyPqyScvFulRhtQ8nb3idg+R8SxESFCDo5rLLiJDdfam5DH X-Gm-Gg: ASbGnctwr9MZHSyxnDVIsHw0DtjzKs73LYORH7TqSDYT+sWLHKOo22SzTApgqQt9Sf2 0gkGx5gYcX+4rfAdhXHKzReTw6ycY7qCm0Rz4dekcztgbnf8VpnQySGIcX5FxYfQoI+jbXJ2Mrz rlCW/meNNJVm09Lp5zepw5wVfwR89JOHDcH6Hv+Raxc+5A9e/sG6zKoPokCabR/nvtiy52uGCep cjbxiFRgnrxqRVf9MKrZln/oCW5XZYMQwGJQv8GVsRZMLc7sWbZSwNBNFR0cL18rhF0H6ZvKYFS 6KlDjuAAkOd5JBt4KIR2FchMOU1cNqyAdRuFstovo1k/CNYt1LU2e4o= X-Google-Smtp-Source: AGHT+IHhi2crctfykT5+fTzufWFcKzWBqQCXke0xM6ylZZWJUWl+ZCjtkdoKLIVBKgzvtZCXg36u/tPCNOru X-Received: by 2002:a17:902:e5d0:b0:282:2c52:5094 with SMTP id d9443c01a7336-28e9a61abb2mr160150645ad.37.1759792933390; Mon, 06 Oct 2025 16:22:13 -0700 (PDT) Received: from postal.iol.unh.edu (postal.iol.unh.edu. [2606:4100:3880:1234::84]) by smtp-relay.gmail.com with ESMTPS id d9443c01a7336-28e8d118091sm11473355ad.20.2025.10.06.16.22.13 (version=TLS1_2 cipher=ECDHE-ECDSA-AES128-GCM-SHA256 bits=128/128); Mon, 06 Oct 2025 16:22:13 -0700 (PDT) X-Relaying-Domain: iol.unh.edu Date: Mon, 06 Oct 2025 16:22:13 -0700 (PDT) Message-ID: <68e44f25.170a0220.1ed902.f254SMTPIN_ADDED_MISSING@mx.google.com> Received: from [172.21.0.2] (unknown [172.18.0.240]) by postal.iol.unh.edu (Postfix) with ESMTP id A70A26051830; Mon, 6 Oct 2025 19:22:12 -0400 (EDT) Subject: |FAILURE| [GIT MASTER] 62f583c49bf67dd4d6733ece14e55fe6839e66d1 From: dpdklab@iol.unh.edu To: Test Report Cc: dpdk-test-reports@iol.unh.edu, Xueming Li , Christian Ehrhardt , Kevin Traynor , Luca Boccassi Content-Type: text/plain X-BeenThere: test-report@dpdk.org X-Mailman-Version: 2.1.29 Precedence: list List-Id: automatic DPDK test reports List-Unsubscribe: , List-Archive: List-Post: List-Help: List-Subscribe: , Errors-To: test-report-bounces@dpdk.org _Testing issues_ Branch: tags/v23.11 62f583c49bf67dd4d6733ece14e55fe6839e66d1 --> testing issues Upstream job id: Generic-DPDK-Compile-Meson#431583 Test environment and result as below: +------------------------------+--------------------+-------------------+-------------------------+----------------------+ | Environment | dpdk_meson_compile | dpdk_msvc_compile | dpdk_llvm_clang_compile | dpdk_mingw64_compile | +==============================+====================+===================+=========================+======================+ | Ubuntu 20.04 | PASS | SKIPPED | SKIPPED | SKIPPED | +------------------------------+--------------------+-------------------+-------------------------+----------------------+ | FreeBSD 14.2 | PASS | SKIPPED | SKIPPED | SKIPPED | +------------------------------+--------------------+-------------------+-------------------------+----------------------+ | Red Hat Enterprise Linux 9.5 | PASS | SKIPPED | SKIPPED | SKIPPED | +------------------------------+--------------------+-------------------+-------------------------+----------------------+ | Windows Server 2022 | SKIPPED | PASS | FAIL | PASS | +------------------------------+--------------------+-------------------+-------------------------+----------------------+ ==== 20 line log output for Windows Server 2022 (dpdk_llvm_clang_compile): ==== Compiler for C supports arguments -mavx512f: YES (cached) Compiler for C supports arguments -mavx512bw: YES (cached) Compiler for C supports arguments -mavx512dq: YES (cached) Compiler for C supports arguments -march=skylake-avx512: YES Message: drivers/common/idpf: Defining dependency "common_idpf" Message: drivers/bus/auxiliary: Defining dependency "bus_auxiliary" Compiler for C supports arguments -Wno-cast-qual: YES (cached) Compiler for C supports arguments -Wno-pointer-arith: YES (cached) Message: drivers/bus/pci: Defining dependency "bus_pci" Message: drivers/bus/vdev: Defining dependency "bus_vdev" Compiler for C supports arguments -std=c11: YES Compiler for C supports arguments -Wno-strict-prototypes: YES Compiler for C supports arguments -D_BSD_SOURCE: YES Compiler for C supports arguments -D_DEFAULT_SOURCE: YES Compiler for C supports arguments -D_XOPEN_SOURCE=600: YES Has header "mlx5devx.h" : YES drivers\common\mlx5\windows\meson.build:10:13: ERROR: C shared or static library 'mlx5devx' not found A full log can be found at C:\Users\builder\jenkins\workspace\Windows-Compile-DPDK-Native\dpdk\build\meson-logs\meson-log.txt ==== End log output ==== Ubuntu 20.04 Kernel: 4.19 Compiler: gcc gcc (Ubuntu 9.4.0-1ubuntu1~20.04.2) 9.4.0 FreeBSD 14.2 Kernel: 14.2-RELEASE Compiler: clang 18.1.6 Red Hat Enterprise Linux 9.5 Kernel: 5.15 Compiler: gcc gcc (GCC) 11.5.0 20240719 (Red Hat 11.5.0-2) Windows Server 2022 Kernel: 10.0.20348.2031 Compiler: clang 15.0.7, gcc 14.1.0 (MinGW), and MSVC VS 19.39.33521 To view detailed results, visit: https://lab.dpdk.org/results/dashboard/tarballs/35106/ UNH-IOL DPDK Community Lab To manage your email subscriptions, visit: https://lab.dpdk.org/results/dashboard/preferences/subscriptions/