From mboxrd@z Thu Jan 1 00:00:00 1970 Return-Path: Received: from mails.dpdk.org (mails.dpdk.org [217.70.189.124]) by inbox.dpdk.org (Postfix) with ESMTP id 589ED48885 for ; Tue, 7 Oct 2025 02:33:16 +0200 (CEST) Received: from mails.dpdk.org (localhost [127.0.0.1]) by mails.dpdk.org (Postfix) with ESMTP id 30B7F402D1; Tue, 7 Oct 2025 02:33:16 +0200 (CEST) Received: from mail-pg1-f225.google.com (mail-pg1-f225.google.com [209.85.215.225]) by mails.dpdk.org (Postfix) with ESMTP id F16DE402A3 for ; Tue, 7 Oct 2025 02:33:14 +0200 (CEST) Received: by mail-pg1-f225.google.com with SMTP id 41be03b00d2f7-b57bf560703so4058216a12.2 for ; Mon, 06 Oct 2025 17:33:14 -0700 (PDT) DKIM-Signature: v=1; a=rsa-sha256; c=relaxed/relaxed; d=iol.unh.edu; s=unh-iol; t=1759797194; x=1760401994; darn=dpdk.org; h=cc:to:from:subject:message-id:date:from:to:cc:subject:date :message-id:reply-to; bh=/J69mj3EPVe1Sg5GFqY7tYwspKYyn5ueJw7U+Lj5EC0=; b=OPA5YyR7zgwZCJJHc7AX1IKoNjUqAsjrpgj99OhL+Eg0gulezYQfUmZneD0qpWZFJ9 sIvBnjpC/fWKXN4IJcGNWO9TWPuMeiTmEWiD2RniFcIhFpPtrstwQ4WGWaiueHvyxzyC q+IuIk1uFZutRjI2kh/BdDywC9DZh/p8mW9bo= X-Google-DKIM-Signature: v=1; a=rsa-sha256; c=relaxed/relaxed; d=1e100.net; s=20230601; t=1759797194; x=1760401994; h=cc:to:from:subject:message-id:date:x-gm-message-state:from:to:cc :subject:date:message-id:reply-to; bh=/J69mj3EPVe1Sg5GFqY7tYwspKYyn5ueJw7U+Lj5EC0=; b=u3XdzSoH/nLgXyrxE14MSq7f3YyyaQtewJG+rYJgZpDOYT5axQX1XvhxbEK6JN5tAS QyCOWIQAXRtu1Nwh2V1Pu1hxRNo00HHE3AHz/yJqqi00928fwl3LLp3QiKRxlVs9sfz1 JD5Dxkvrek1ckocxzWbFQEYIUU1YJ35wZgdnu5nTxASFVcNgP/cMuLGPiQ1i9q5pc9Cv +MeiMvys82zlVnC3IsuowdI5gZbu4q6E+mHCHAYy0JoMl7CJretqh2nIms6SYkjk/uwk xmjvfglRlJitk3UuH+ynAOjFScvOUTQpfD2+aAxCOVXoyqUyZNGxaO4HxWn5hWqGt9Ku ymrQ== X-Gm-Message-State: AOJu0YwAy8p2v8zOS3xd8msb+5fBcXjP9TMtvc49S5iWYwbjvZRcrCgS seyc0ztd5oCNjyr6hhc3u73dxz8t/FoRlqjfJbNM7KnrSIxE2BGtHUoWyFOS/RWY/dz1rWuxwXX hfjJ+oJ3OO7aYH4YT0LjUe4PgcycecMMws5kj X-Gm-Gg: ASbGncvwN60rckdCjtofoFpuq/uw+1eT34D9oonhs1ao/9IyzoHMd5y/HNokvUcZf9+ OJ7NFyzVdJUDvCc+7tdQJGhi2cyunQApIGdcLvPjpmk6CneIo3H1gsYc+CAWOaeUAGrBXC8llOo GfGWdWaM+zQtxO2McmCwq5v5Nj95kDRCXcVCKg5kJXgZmopd9rNlWBBkTUHg2NBSQGBCBpeaUCS MEoYxGmAFoMBCxW9xds9D2dH1SErlvATm+OjpaBoU2AdCTPOwWuIZ3auhpIjzaeSPww0iWmuMUL Un9MALfXxU0QiSy3Mt8k/y0ftlJhrZIVunaJ+QunONtXZgsTp06CM2gQKqRRFMfKBDsOYt8TPby 6PQ== X-Google-Smtp-Source: AGHT+IH/OZmfx+uGR7UDVFgMFD7idTD2GJ5Dhs709/zWn5OuZWR3th8w0nTt4MVGjJYkoG1xnqef1h6rqp3i X-Received: by 2002:a17:903:3c4e:b0:269:9e4d:4c8b with SMTP id d9443c01a7336-28e9a548e86mr178397905ad.21.1759797193970; Mon, 06 Oct 2025 17:33:13 -0700 (PDT) Received: from postal.iol.unh.edu (postal.iol.unh.edu. [132.177.123.84]) by smtp-relay.gmail.com with ESMTPS id d9443c01a7336-28e8d18127esm11372995ad.47.2025.10.06.17.33.13 (version=TLS1_2 cipher=ECDHE-ECDSA-AES128-GCM-SHA256 bits=128/128); Mon, 06 Oct 2025 17:33:13 -0700 (PDT) X-Relaying-Domain: iol.unh.edu Date: Mon, 06 Oct 2025 17:33:13 -0700 (PDT) Message-ID: <68e45fc9.170a0220.3d391d.fc86SMTPIN_ADDED_MISSING@mx.google.com> Received: from [172.21.0.2] (unknown [172.18.0.240]) by postal.iol.unh.edu (Postfix) with ESMTP id 23CCB6051830; Mon, 6 Oct 2025 20:33:13 -0400 (EDT) Subject: |FAILURE| [GIT MASTER] 62f583c49bf67dd4d6733ece14e55fe6839e66d1 From: dpdklab@iol.unh.edu To: Test Report Cc: dpdk-test-reports@iol.unh.edu, Xueming Li , Christian Ehrhardt , Kevin Traynor , Luca Boccassi Content-Type: text/plain X-BeenThere: test-report@dpdk.org X-Mailman-Version: 2.1.29 Precedence: list List-Id: automatic DPDK test reports List-Unsubscribe: , List-Archive: List-Post: List-Help: List-Subscribe: , Errors-To: test-report-bounces@dpdk.org _Testing issues_ Branch: tags/v23.11 62f583c49bf67dd4d6733ece14e55fe6839e66d1 --> testing issues Upstream job id: Generic-DPDK-Compile-Meson#431592 Test environment and result as below: +------------------------------+--------------------+-------------------+-------------------------+----------------------+-------------------+ | Environment | dpdk_meson_compile | dpdk_msvc_compile | dpdk_llvm_clang_compile | dpdk_mingw64_compile | dpdk_compile_spdk | +==============================+====================+===================+=========================+======================+===================+ | Ubuntu 20.04 | PASS | SKIPPED | SKIPPED | SKIPPED | SKIPPED | +------------------------------+--------------------+-------------------+-------------------------+----------------------+-------------------+ | FreeBSD 14.2 | PASS | SKIPPED | SKIPPED | SKIPPED | SKIPPED | +------------------------------+--------------------+-------------------+-------------------------+----------------------+-------------------+ | Red Hat Enterprise Linux 9.5 | PASS | SKIPPED | SKIPPED | SKIPPED | SKIPPED | +------------------------------+--------------------+-------------------+-------------------------+----------------------+-------------------+ | CentOS Stream 9 | PASS | SKIPPED | SKIPPED | SKIPPED | PASS | +------------------------------+--------------------+-------------------+-------------------------+----------------------+-------------------+ | CentOS Stream 10 | PASS | SKIPPED | SKIPPED | SKIPPED | SKIPPED | +------------------------------+--------------------+-------------------+-------------------------+----------------------+-------------------+ | Debian GNU/Linux 12 | PASS | SKIPPED | SKIPPED | SKIPPED | PASS | +------------------------------+--------------------+-------------------+-------------------------+----------------------+-------------------+ | Windows Server 2022 | SKIPPED | PASS | FAIL | PASS | SKIPPED | +------------------------------+--------------------+-------------------+-------------------------+----------------------+-------------------+ ==== 20 line log output for Windows Server 2022 (dpdk_llvm_clang_compile): ==== Compiler for C supports arguments -mavx512f: YES (cached) Compiler for C supports arguments -mavx512bw: YES (cached) Compiler for C supports arguments -mavx512dq: YES (cached) Compiler for C supports arguments -march=skylake-avx512: YES Message: drivers/common/idpf: Defining dependency "common_idpf" Message: drivers/bus/auxiliary: Defining dependency "bus_auxiliary" Compiler for C supports arguments -Wno-cast-qual: YES (cached) Compiler for C supports arguments -Wno-pointer-arith: YES (cached) Message: drivers/bus/pci: Defining dependency "bus_pci" Message: drivers/bus/vdev: Defining dependency "bus_vdev" Compiler for C supports arguments -std=c11: YES Compiler for C supports arguments -Wno-strict-prototypes: YES Compiler for C supports arguments -D_BSD_SOURCE: YES Compiler for C supports arguments -D_DEFAULT_SOURCE: YES Compiler for C supports arguments -D_XOPEN_SOURCE=600: YES Has header "mlx5devx.h" : YES drivers\common\mlx5\windows\meson.build:10:13: ERROR: C shared or static library 'mlx5devx' not found A full log can be found at C:\Users\builder\jenkins\workspace\Windows-Compile-DPDK-Native\dpdk\build\meson-logs\meson-log.txt ==== End log output ==== Ubuntu 20.04 Kernel: 4.19 Compiler: gcc gcc (Ubuntu 9.4.0-1ubuntu1~20.04.2) 9.4.0 FreeBSD 14.2 Kernel: 14.2-RELEASE Compiler: clang 18.1.6 Red Hat Enterprise Linux 9.5 Kernel: 5.15 Compiler: gcc gcc (GCC) 11.5.0 20240719 (Red Hat 11.5.0-2) CentOS Stream 9 Kernel: 5.15 Compiler: gcc gcc (GCC) 11.5.0 20240719 (Red Hat 11.5.0-11) CentOS Stream 10 Kernel: 5.15 Compiler: gcc gcc (GCC) 14.2.1 20250110 (Red Hat 14.2.1-8) Debian GNU/Linux 12 Kernel: 5.15 Compiler: gcc gcc (Debian 12.2.0-14+deb12u1) 12.2.0 Windows Server 2022 Kernel: 10.0.20348.2031 Compiler: clang 15.0.7, gcc 14.1.0 (MinGW), and MSVC VS 19.39.33521 To view detailed results, visit: https://lab.dpdk.org/results/dashboard/tarballs/35106/ UNH-IOL DPDK Community Lab To manage your email subscriptions, visit: https://lab.dpdk.org/results/dashboard/preferences/subscriptions/