From mboxrd@z Thu Jan 1 00:00:00 1970 Return-Path: Received: from mails.dpdk.org (mails.dpdk.org [217.70.189.124]) by inbox.dpdk.org (Postfix) with ESMTP id B9BC548885 for ; Tue, 7 Oct 2025 03:31:07 +0200 (CEST) Received: from mails.dpdk.org (localhost [127.0.0.1]) by mails.dpdk.org (Postfix) with ESMTP id AD850402A3; Tue, 7 Oct 2025 03:31:07 +0200 (CEST) Received: from mail-qv1-f97.google.com (mail-qv1-f97.google.com [209.85.219.97]) by mails.dpdk.org (Postfix) with ESMTP id DB682402A3 for ; Tue, 7 Oct 2025 03:31:06 +0200 (CEST) Received: by mail-qv1-f97.google.com with SMTP id 6a1803df08f44-796d68804a0so69199286d6.3 for ; Mon, 06 Oct 2025 18:31:06 -0700 (PDT) DKIM-Signature: v=1; a=rsa-sha256; c=relaxed/relaxed; d=iol.unh.edu; s=unh-iol; t=1759800666; x=1760405466; darn=dpdk.org; h=cc:to:from:subject:message-id:date:from:to:cc:subject:date :message-id:reply-to; bh=dXTcP6hJY5iVOQokLvGq6ErbpTt1BwDwieAvATyIAm4=; b=CTY7OQDZXSkfraWbvjEGE6aY80CoaeFoOyMYstKO2S13zZuT1Ry5RxjPYMrHv8yauV w46Z4QPKRte+DUMnrrLyivWDBXX3AapH0hbzHpCCW+hmn5hhmeaUYxzOjtHCMJr0kukm 3pnX9G4PjwbjGiRiKtx3EzsLM1B70IIt6TIA8= X-Google-DKIM-Signature: v=1; a=rsa-sha256; c=relaxed/relaxed; d=1e100.net; s=20230601; t=1759800666; x=1760405466; h=cc:to:from:subject:message-id:date:x-gm-message-state:from:to:cc :subject:date:message-id:reply-to; bh=dXTcP6hJY5iVOQokLvGq6ErbpTt1BwDwieAvATyIAm4=; b=WVasZf3SOnap5B7CBZlzVW9p7UZ9MoSX66fvwcQd90VPM1p875NGxmtW7N7IW1JQOr WtAnhJ9OA+fGyQ66WC5AM20kIuLskB6fqunI0W44hiTAiscGBWRe7SSQD0QLJE9s9c4I gQ9z2tsW6sR2jZyFQvuqVLWD/rG0QDU2I3e1y1BGpLiGsj/s6VIRur7r3TYeG9krTsWF QMlp8WPAooiWSUlH8IFO2aQfWjRkEUdFlRPRLoor6T209phaphASCkj9kdDs+dvMpHU5 icBT4yLIFnc4gWDMXF27AODhnqWMFjvkStBxqERKa2WoZvTeKFgZjP3fZTwQe2QirLXw y90w== X-Gm-Message-State: AOJu0Yz1RdTDWsqj/GP35Gll5VtIIA6u+RIaWME9yExZTpGiecX536Gi JDZVjpsAswWTP7wpN5MUmea/3VRCBnHxmU7BzWYA8xTQjI6siQrVbK94OKSo6DdATm7f0+ZEf2O KJmU+/fpduAMPeyHsCv9ZtStLst6MCkELdTu+ X-Gm-Gg: ASbGncsY2GapvKKBTzTp+FubEOB369xzALxoDx98rKT/bN0khfYvUyMqgl59GcusVh3 7hniEpIj3ZN7qzDRNWgnvzDSMXaQTSkcsxjnGt2GZm7GasCSRwLBGI+nHXk7I6JkaMSYjVwcn+6 R1fiAdwxJ+QHHF0m+Qaw/QaGs+9NOt55+JIMSNkNZ5CLNYhTjW9t/4Tyoh1zFXS8TzZv6vyKIHw UXSbccuv0TEODLNZUikg3WgVM7zRB6MvxkWC4OJ+USQhMpX8iCQZqr2mLlEWQdnkFYb61fvgk5P 2JY+A/qTsm/1qEsGUXOqY7nrGSPSDTj0RUJQLz4jPsMbBG4od/vI6X8E97yMV1JwVEd1h19E5FX 0AQ== X-Google-Smtp-Source: AGHT+IFjHn+lfWCdlPn2cqwBFr6sABvqBNcsLyKsPjvOXikjnHfGZLk5cL9quMw7tobJRfClwyQtDnbfRHsb X-Received: by 2002:a05:6214:1c43:b0:7d0:341f:148a with SMTP id 6a1803df08f44-879dc82ffeamr194352736d6.33.1759800665910; Mon, 06 Oct 2025 18:31:05 -0700 (PDT) Received: from postal.iol.unh.edu (postal.iol.unh.edu. [132.177.123.84]) by smtp-relay.gmail.com with ESMTPS id 6a1803df08f44-878bb543061sm11914166d6.14.2025.10.06.18.31.05 (version=TLS1_2 cipher=ECDHE-ECDSA-AES128-GCM-SHA256 bits=128/128); Mon, 06 Oct 2025 18:31:05 -0700 (PDT) X-Relaying-Domain: iol.unh.edu Date: Mon, 06 Oct 2025 18:31:05 -0700 (PDT) Message-ID: <68e46d59.d40a0220.2a708c.05adSMTPIN_ADDED_MISSING@mx.google.com> Received: from [172.21.0.2] (unknown [172.18.0.240]) by postal.iol.unh.edu (Postfix) with ESMTP id 90FF16051830; Mon, 6 Oct 2025 21:31:05 -0400 (EDT) Subject: |FAILURE| [GIT MASTER] 62f583c49bf67dd4d6733ece14e55fe6839e66d1 From: dpdklab@iol.unh.edu To: Test Report Cc: dpdk-test-reports@iol.unh.edu, Xueming Li , Christian Ehrhardt , Kevin Traynor , Luca Boccassi Content-Type: text/plain X-BeenThere: test-report@dpdk.org X-Mailman-Version: 2.1.29 Precedence: list List-Id: automatic DPDK test reports List-Unsubscribe: , List-Archive: List-Post: List-Help: List-Subscribe: , Errors-To: test-report-bounces@dpdk.org _Testing issues_ Branch: tags/v23.11 62f583c49bf67dd4d6733ece14e55fe6839e66d1 --> testing issues Upstream job id: Generic-DPDK-Compile-Meson#431609 Test environment and result as below: +-------------------------------+--------------------+-------------------+-------------------------+----------------------+-------------------+------------------+ | Environment | dpdk_meson_compile | dpdk_msvc_compile | dpdk_llvm_clang_compile | dpdk_mingw64_compile | dpdk_compile_spdk | dpdk_compile_ovs | +===============================+====================+===================+=========================+======================+===================+==================+ | Ubuntu 20.04 | PASS | SKIPPED | SKIPPED | SKIPPED | SKIPPED | SKIPPED | +-------------------------------+--------------------+-------------------+-------------------------+----------------------+-------------------+------------------+ | FreeBSD 14.2 | PASS | SKIPPED | SKIPPED | SKIPPED | SKIPPED | SKIPPED | +-------------------------------+--------------------+-------------------+-------------------------+----------------------+-------------------+------------------+ | Red Hat Enterprise Linux 9.5 | PASS | SKIPPED | SKIPPED | SKIPPED | SKIPPED | SKIPPED | +-------------------------------+--------------------+-------------------+-------------------------+----------------------+-------------------+------------------+ | CentOS Stream 9 | PASS | SKIPPED | SKIPPED | SKIPPED | PASS | SKIPPED | +-------------------------------+--------------------+-------------------+-------------------------+----------------------+-------------------+------------------+ | CentOS Stream 10 | PASS | SKIPPED | SKIPPED | SKIPPED | SKIPPED | SKIPPED | +-------------------------------+--------------------+-------------------+-------------------------+----------------------+-------------------+------------------+ | Debian GNU/Linux 12 | PASS | SKIPPED | SKIPPED | SKIPPED | PASS | SKIPPED | +-------------------------------+--------------------+-------------------+-------------------------+----------------------+-------------------+------------------+ | Fedora Linux 42 | FAIL | SKIPPED | SKIPPED | SKIPPED | WARN | WARN | +-------------------------------+--------------------+-------------------+-------------------------+----------------------+-------------------+------------------+ | openSUSE Leap 15.6 | PASS | SKIPPED | SKIPPED | SKIPPED | SKIPPED | SKIPPED | +-------------------------------+--------------------+-------------------+-------------------------+----------------------+-------------------+------------------+ | Red Hat Enterprise Linux 8.10 | PASS | SKIPPED | SKIPPED | SKIPPED | SKIPPED | SKIPPED | +-------------------------------+--------------------+-------------------+-------------------------+----------------------+-------------------+------------------+ | Ubuntu 22.04 | PASS | SKIPPED | SKIPPED | SKIPPED | PASS | SKIPPED | +-------------------------------+--------------------+-------------------+-------------------------+----------------------+-------------------+------------------+ | Ubuntu 24.04 | PASS | SKIPPED | SKIPPED | SKIPPED | PASS | PASS | +-------------------------------+--------------------+-------------------+-------------------------+----------------------+-------------------+------------------+ | Windows Server 2022 | SKIPPED | PASS | FAIL | PASS | SKIPPED | SKIPPED | +-------------------------------+--------------------+-------------------+-------------------------+----------------------+-------------------+------------------+ ==== 20 line log output for Windows Server 2022 (dpdk_llvm_clang_compile): ==== Compiler for C supports arguments -mavx512f: YES (cached) Compiler for C supports arguments -mavx512bw: YES (cached) Compiler for C supports arguments -mavx512dq: YES (cached) Compiler for C supports arguments -march=skylake-avx512: YES Message: drivers/common/idpf: Defining dependency "common_idpf" Message: drivers/bus/auxiliary: Defining dependency "bus_auxiliary" Compiler for C supports arguments -Wno-cast-qual: YES (cached) Compiler for C supports arguments -Wno-pointer-arith: YES (cached) Message: drivers/bus/pci: Defining dependency "bus_pci" Message: drivers/bus/vdev: Defining dependency "bus_vdev" Compiler for C supports arguments -std=c11: YES Compiler for C supports arguments -Wno-strict-prototypes: YES Compiler for C supports arguments -D_BSD_SOURCE: YES Compiler for C supports arguments -D_DEFAULT_SOURCE: YES Compiler for C supports arguments -D_XOPEN_SOURCE=600: YES Has header "mlx5devx.h" : YES drivers\common\mlx5\windows\meson.build:10:13: ERROR: C shared or static library 'mlx5devx' not found A full log can be found at C:\Users\builder\jenkins\workspace\Windows-Compile-DPDK-Native\dpdk\build\meson-logs\meson-log.txt ==== End log output ==== Ubuntu 20.04 Kernel: 4.19 Compiler: gcc gcc (Ubuntu 9.4.0-1ubuntu1~20.04.2) 9.4.0 FreeBSD 14.2 Kernel: 14.2-RELEASE Compiler: clang 18.1.6 Red Hat Enterprise Linux 9.5 Kernel: 5.15 Compiler: gcc gcc (GCC) 11.5.0 20240719 (Red Hat 11.5.0-2) CentOS Stream 9 Kernel: 5.15 Compiler: gcc gcc (GCC) 11.5.0 20240719 (Red Hat 11.5.0-11) CentOS Stream 10 Kernel: 5.15 Compiler: gcc gcc (GCC) 14.2.1 20250110 (Red Hat 14.2.1-8) Debian GNU/Linux 12 Kernel: 5.15 Compiler: gcc gcc (Debian 12.2.0-14+deb12u1) 12.2.0 Fedora Linux 42 Kernel: 5.15 Compiler: clang gcc (GCC) 15.2.1 20250808 (Red Hat 15.2.1-1) openSUSE Leap 15.6 Kernel: 5.15 Compiler: gcc gcc (SUSE Linux) 7.5.0 Red Hat Enterprise Linux 8.10 Kernel: 5.15 Compiler: gcc gcc (GCC) 8.5.0 20210514 (Red Hat 8.5.0-22) Ubuntu 22.04 Kernel: 5.15 Compiler: gcc gcc (Ubuntu 11.4.0-1ubuntu1~22.04) 11.4.0 Ubuntu 24.04 Kernel: 5.15 Compiler: gcc gcc (Ubuntu 13.3.0-6ubuntu2~24.04) 13.3.0 Windows Server 2022 Kernel: 10.0.20348.2031 Compiler: clang 15.0.7, gcc 14.1.0 (MinGW), and MSVC VS 19.39.33521 To view detailed results, visit: https://lab.dpdk.org/results/dashboard/tarballs/35106/ UNH-IOL DPDK Community Lab To manage your email subscriptions, visit: https://lab.dpdk.org/results/dashboard/preferences/subscriptions/