From mboxrd@z Thu Jan 1 00:00:00 1970 Return-Path: Received: from mails.dpdk.org (mails.dpdk.org [217.70.189.124]) by inbox.dpdk.org (Postfix) with ESMTP id 140E9488CC for ; Tue, 7 Oct 2025 06:31:12 +0200 (CEST) Received: from mails.dpdk.org (localhost [127.0.0.1]) by mails.dpdk.org (Postfix) with ESMTP id EBC224027F; Tue, 7 Oct 2025 06:31:11 +0200 (CEST) Received: from mail-qv1-f97.google.com (mail-qv1-f97.google.com [209.85.219.97]) by mails.dpdk.org (Postfix) with ESMTP id A8E494027F for ; Tue, 7 Oct 2025 06:31:10 +0200 (CEST) Received: by mail-qv1-f97.google.com with SMTP id 6a1803df08f44-796d68804a0so70914426d6.3 for ; Mon, 06 Oct 2025 21:31:10 -0700 (PDT) DKIM-Signature: v=1; a=rsa-sha256; c=relaxed/relaxed; d=iol.unh.edu; s=unh-iol; t=1759811470; x=1760416270; darn=dpdk.org; h=cc:to:from:subject:message-id:date:from:to:cc:subject:date :message-id:reply-to; bh=ZgClV3zZXcpi8ifmU6XG/T7SIrVkBZHtftWmVihVXaw=; b=UmWHpJUAQbuDoOzJCD7Z8v92pQD8/E7/fYDfJc7bI3InStxOYNTBP2cBoxhC3UBSK1 NVd3NtwC/bNf+lmxjyAZutSOfGGT6OrAALCTrrOq+x4gzsjdFFhaXaBbP6hcIL2MXzq6 WNA7NA0LmACZh93ztiSCGG5tmVhvt/uQJb8cE= X-Google-DKIM-Signature: v=1; a=rsa-sha256; c=relaxed/relaxed; d=1e100.net; s=20230601; t=1759811470; x=1760416270; h=cc:to:from:subject:message-id:date:x-gm-message-state:from:to:cc :subject:date:message-id:reply-to; bh=ZgClV3zZXcpi8ifmU6XG/T7SIrVkBZHtftWmVihVXaw=; b=o4wTZ0m/7JgstXjPCjlaRCnPAiloWLcY3PQSsgYKwXH0F8xaer5BkhLx2tJKadPJZG ND58hpI6tY58uJNbyLhdloleI7wbS4P7RjsRfBtajMzoGvgANIW+VhwGzCUNNnIthtzW jBM9pTyRtYN3lJxEC4VqoNcYGxYCyZYGpAxlof4U+UdihjwyMDYsCrtbLpEM3X2fvRpr RiFfrGCSFTnYccp2viMe0PTv4/+WuFKBBpdDJI/gMCkDD/BMGT0AYtW6Eg95rehfGv5U OqHuSkqgYBKVe+01MRDd7gHhMmx0LLkhjjRPFxfZnMudtlzy7vCxcPXAwD1Xk2K/GIDH SfpQ== X-Gm-Message-State: AOJu0YxAZ6vrQ5W8opiRsC6t2bN/GhX5h0U6mqUaaEpQko3tjRqsDUsI n1ln3PTxo31/AVte5lK4jLLPgTdhrm5c3ZroP9HPeLEZLCdJfnRISdC5BKOtDhxjcO4By3wfUHO 10yfyj3aVUo1NpDpm5WhZuXUsfog4SYf7wj/Mss+sbznPLQzQl4nV X-Gm-Gg: ASbGncuuNkYR8lrEHFTb32wyJFChG3wK1hJtVTX9FNmSUsqLDTI9HHiVLak4BvyJ7de atmb+HUKz0srels7t8lqSqTndtyHhzTmG5XY/UB4n+V2XDAvOYcNALgkKAOQN60r/ScGgxOroWu H4I7Xz29BY97aajEfgEQse42pgFL476kfKDhdAu5aItU49bV7LqASYezPyD3ql1Y2BJQuuiVpZ/ e9aXUXY9qIU7tcg/R/n6oNkBtbkN+sUort/Jia/18bE3fSGhlWi5jA3vX+XmC1mks0ql9jKiO2+ nZTcHiyhxs5vJiuyldt91rEsTO/v0v1krrg5ZhsDazpSJgwav2nwR9c= X-Google-Smtp-Source: AGHT+IFhXo09QmCJb8aK/OJpxF99slzPSycZE85dJrnGYexnLFJ0ftmVxU5/aHxw6AtAMRo5mxhMmLwNny7z X-Received: by 2002:ad4:5ccf:0:b0:7e4:ebf4:403 with SMTP id 6a1803df08f44-879dc799622mr191985026d6.26.1759811469739; Mon, 06 Oct 2025 21:31:09 -0700 (PDT) Received: from postal.iol.unh.edu (postal.iol.unh.edu. [2606:4100:3880:1234::84]) by smtp-relay.gmail.com with ESMTPS id 6a1803df08f44-878be04c6aesm12399386d6.30.2025.10.06.21.31.09 (version=TLS1_2 cipher=ECDHE-ECDSA-AES128-GCM-SHA256 bits=128/128); Mon, 06 Oct 2025 21:31:09 -0700 (PDT) X-Relaying-Domain: iol.unh.edu Date: Mon, 06 Oct 2025 21:31:09 -0700 (PDT) Message-ID: <68e4978d.d40a0220.1a8f27.36c1SMTPIN_ADDED_MISSING@mx.google.com> Received: from [172.21.0.2] (unknown [172.18.0.240]) by postal.iol.unh.edu (Postfix) with ESMTP id 742506051830; Tue, 7 Oct 2025 00:31:09 -0400 (EDT) Subject: |FAILURE| [GIT MASTER] 62f583c49bf67dd4d6733ece14e55fe6839e66d1 From: dpdklab@iol.unh.edu To: Test Report Cc: dpdk-test-reports@iol.unh.edu, Xueming Li , Christian Ehrhardt , Kevin Traynor , Luca Boccassi Content-Type: text/plain X-BeenThere: test-report@dpdk.org X-Mailman-Version: 2.1.29 Precedence: list List-Id: automatic DPDK test reports List-Unsubscribe: , List-Archive: List-Post: List-Help: List-Subscribe: , Errors-To: test-report-bounces@dpdk.org _Testing issues_ Branch: tags/v23.11 62f583c49bf67dd4d6733ece14e55fe6839e66d1 --> testing issues Upstream job id: Windows-Compile-DPDK-Native#31457 Test environment and result as below: +---------------------+--------------------+-------------------+-------------------------+ | Environment | dpdk_meson_compile | dpdk_msvc_compile | dpdk_llvm_clang_compile | +=====================+====================+===================+=========================+ | Ubuntu 20.04 | PASS | SKIPPED | SKIPPED | +---------------------+--------------------+-------------------+-------------------------+ | FreeBSD 14.2 | PASS | SKIPPED | SKIPPED | +---------------------+--------------------+-------------------+-------------------------+ | Windows Server 2022 | SKIPPED | PASS | FAIL | +---------------------+--------------------+-------------------+-------------------------+ ==== 20 line log output for Windows Server 2022 (dpdk_llvm_clang_compile): ==== Compiler for C supports arguments -mavx512f: YES (cached) Compiler for C supports arguments -mavx512bw: YES (cached) Compiler for C supports arguments -mavx512dq: YES (cached) Compiler for C supports arguments -march=skylake-avx512: YES Message: drivers/common/idpf: Defining dependency "common_idpf" Message: drivers/bus/auxiliary: Defining dependency "bus_auxiliary" Compiler for C supports arguments -Wno-cast-qual: YES (cached) Compiler for C supports arguments -Wno-pointer-arith: YES (cached) Message: drivers/bus/pci: Defining dependency "bus_pci" Message: drivers/bus/vdev: Defining dependency "bus_vdev" Compiler for C supports arguments -std=c11: YES Compiler for C supports arguments -Wno-strict-prototypes: YES Compiler for C supports arguments -D_BSD_SOURCE: YES Compiler for C supports arguments -D_DEFAULT_SOURCE: YES Compiler for C supports arguments -D_XOPEN_SOURCE=600: YES Has header "mlx5devx.h" : YES drivers\common\mlx5\windows\meson.build:10:13: ERROR: C shared or static library 'mlx5devx' not found A full log can be found at C:\Users\builder\jenkins\workspace\Windows-Compile-DPDK-Native\dpdk\build\meson-logs\meson-log.txt ==== End log output ==== Ubuntu 20.04 Kernel: 4.19 Compiler: gcc gcc (Ubuntu 9.4.0-1ubuntu1~20.04.2) 9.4.0 FreeBSD 14.2 Kernel: 14.2-RELEASE Compiler: clang 18.1.6 Windows Server 2022 Kernel: 10.0.20348.2031 Compiler: clang 15.0.7, gcc 14.1.0 (MinGW), and MSVC VS 19.39.33521 To view detailed results, visit: https://lab.dpdk.org/results/dashboard/tarballs/35125/ UNH-IOL DPDK Community Lab To manage your email subscriptions, visit: https://lab.dpdk.org/results/dashboard/preferences/subscriptions/