From mboxrd@z Thu Jan 1 00:00:00 1970 Return-Path: Received: from mails.dpdk.org (mails.dpdk.org [217.70.189.124]) by inbox.dpdk.org (Postfix) with ESMTP id 9B252488CC for ; Tue, 7 Oct 2025 06:35:59 +0200 (CEST) Received: from mails.dpdk.org (localhost [127.0.0.1]) by mails.dpdk.org (Postfix) with ESMTP id 92D724027F; Tue, 7 Oct 2025 06:35:59 +0200 (CEST) Received: from mail-pg1-f228.google.com (mail-pg1-f228.google.com [209.85.215.228]) by mails.dpdk.org (Postfix) with ESMTP id 292C24027F for ; Tue, 7 Oct 2025 06:35:58 +0200 (CEST) Received: by mail-pg1-f228.google.com with SMTP id 41be03b00d2f7-b55640a2e33so4298919a12.2 for ; Mon, 06 Oct 2025 21:35:58 -0700 (PDT) DKIM-Signature: v=1; a=rsa-sha256; c=relaxed/relaxed; d=iol.unh.edu; s=unh-iol; t=1759811757; x=1760416557; darn=dpdk.org; h=cc:to:from:subject:message-id:date:from:to:cc:subject:date :message-id:reply-to; bh=P+Y2/Pm817aOlkoAI1UAv1a0r2enpLnJ0HzgP0cNo68=; b=OJTKvkiqKHLTJuquPHTe58Z3KiZBMag777Dih1N8XCd7QaFGN45Bik3jpHt9oG+jZc +a0lzrJCh2iK7GR9FcnQ6lQBA4dpGO6hrALTkJQ8IKDWCKtT6zjK4m7U4BFVsmrWmduc hinw2ROukRn7dyDupd49PHDFUHkiA6ac7O+bc= X-Google-DKIM-Signature: v=1; a=rsa-sha256; c=relaxed/relaxed; d=1e100.net; s=20230601; t=1759811757; x=1760416557; h=cc:to:from:subject:message-id:date:x-gm-message-state:from:to:cc :subject:date:message-id:reply-to; bh=P+Y2/Pm817aOlkoAI1UAv1a0r2enpLnJ0HzgP0cNo68=; b=k6WEvLUNRSxnkUIJ0kODu9QzquBOMFbDMzn4T6rw1BxfgubgM0fSl2zR/3bz1HHEz1 DVzYGDhthp7P+PhHAyOEeW+4nb4P7hBUOzNWAkdc758VSpa/ji9n9srSDG++tQ6B/UUi e/cvlMahFml8LqVC/xDZMf2IhYV2sJkYnMqGzbhvHLGVP6Kz2eLaHpdliy6qMH0azruq lNI74AN1xFJDjjQMuOhmR5TY4OwRaDkBouX8vDIFobdRDnoA8FNpFndLZ46Al8KzWB/W vYvyh7yYSv38s1cbAE+wNbi9a2tbxQsavml5gsnf7a41zbEvKFy0g25dHC8s0ZRS1WEC Oyjw== X-Gm-Message-State: AOJu0Yyb3RZs5Nyqpwjdzp4DcMs60MB/hcfiswj8yzgKAKNAAfPznVnt 3zTfXk1o2P0i/4CjbztnAX37ioVtmW3sRpn7dUcEpGkTJkaBFQlLTezsiI3JJgnNo9LAbBy/CSO Wnzh21ZRRLrAn2O/UFCyrm/qOcjYvaMWe6QUJ328oSqRTUZDKy6op X-Gm-Gg: ASbGncsohm6hdY2V1dXdh8xKDdE+ke4MfXR1GYwnWfha+Iog8MWc1vqJrUOCZbX2GAt G8fyN+iFpt2P4c4WY1lhg60wjeYEyJ0nvTxsLUnaD0TuqognjKjjdwezIJIg8bYWaA1YxVw0DQP fLH7CWUK6LlS4RRABVgn8IZBogd+r8n8NBOTe0f0IvomI28kLJikBzU5ChZE0lQQeOaMZ0r/7zl qzwY11GjaxYrl6/F6zui7N7/zbxtu2lalqpbYpY3zuSLi9uwSNfXq/VF5CmAfroqeffkHpwXVNj uQBn+8qWqeVXmFpn/MG9sUeqZkC8FalIYcL7Nf2C1yzAp3CaPowZwLU= X-Google-Smtp-Source: AGHT+IFqbRbyCdnT1lTznhltNC8LbYy6bkxYgIV3203ufXsJzuJTp1p4EEc9tgO6FbrL/M+ulngeOL/WuvnF X-Received: by 2002:a17:903:11ce:b0:246:a543:199 with SMTP id d9443c01a7336-28e9a6803d4mr193597135ad.54.1759811757249; Mon, 06 Oct 2025 21:35:57 -0700 (PDT) Received: from postal.iol.unh.edu (postal.iol.unh.edu. [2606:4100:3880:1234::84]) by smtp-relay.gmail.com with ESMTPS id d9443c01a7336-28e8d1814b9sm10773445ad.36.2025.10.06.21.35.57 (version=TLS1_2 cipher=ECDHE-ECDSA-AES128-GCM-SHA256 bits=128/128); Mon, 06 Oct 2025 21:35:57 -0700 (PDT) X-Relaying-Domain: iol.unh.edu Date: Mon, 06 Oct 2025 21:35:57 -0700 (PDT) Message-ID: <68e498ad.170a0220.11e85f.02d8SMTPIN_ADDED_MISSING@mx.google.com> Received: from [172.21.0.2] (unknown [172.18.0.240]) by postal.iol.unh.edu (Postfix) with ESMTP id 849826051830; Tue, 7 Oct 2025 00:35:56 -0400 (EDT) Subject: |FAILURE| [GIT MASTER] 62f583c49bf67dd4d6733ece14e55fe6839e66d1 From: dpdklab@iol.unh.edu To: Test Report Cc: dpdk-test-reports@iol.unh.edu, Xueming Li , Christian Ehrhardt , Kevin Traynor , Luca Boccassi Content-Type: text/plain X-BeenThere: test-report@dpdk.org X-Mailman-Version: 2.1.29 Precedence: list List-Id: automatic DPDK test reports List-Unsubscribe: , List-Archive: List-Post: List-Help: List-Subscribe: , Errors-To: test-report-bounces@dpdk.org _Testing issues_ Branch: tags/v23.11 62f583c49bf67dd4d6733ece14e55fe6839e66d1 --> testing issues Upstream job id: Windows-Compile-DPDK-Native#31458 Test environment and result as below: +---------------------+--------------------+-------------------+-------------------------+----------------------+ | Environment | dpdk_meson_compile | dpdk_msvc_compile | dpdk_llvm_clang_compile | dpdk_mingw64_compile | +=====================+====================+===================+=========================+======================+ | Ubuntu 20.04 | PASS | SKIPPED | SKIPPED | SKIPPED | +---------------------+--------------------+-------------------+-------------------------+----------------------+ | FreeBSD 14.2 | PASS | SKIPPED | SKIPPED | SKIPPED | +---------------------+--------------------+-------------------+-------------------------+----------------------+ | Windows Server 2022 | SKIPPED | PASS | FAIL | PASS | +---------------------+--------------------+-------------------+-------------------------+----------------------+ ==== 20 line log output for Windows Server 2022 (dpdk_llvm_clang_compile): ==== Compiler for C supports arguments -mavx512f: YES (cached) Compiler for C supports arguments -mavx512bw: YES (cached) Compiler for C supports arguments -mavx512dq: YES (cached) Compiler for C supports arguments -march=skylake-avx512: YES Message: drivers/common/idpf: Defining dependency "common_idpf" Message: drivers/bus/auxiliary: Defining dependency "bus_auxiliary" Compiler for C supports arguments -Wno-cast-qual: YES (cached) Compiler for C supports arguments -Wno-pointer-arith: YES (cached) Message: drivers/bus/pci: Defining dependency "bus_pci" Message: drivers/bus/vdev: Defining dependency "bus_vdev" Compiler for C supports arguments -std=c11: YES Compiler for C supports arguments -Wno-strict-prototypes: YES Compiler for C supports arguments -D_BSD_SOURCE: YES Compiler for C supports arguments -D_DEFAULT_SOURCE: YES Compiler for C supports arguments -D_XOPEN_SOURCE=600: YES Has header "mlx5devx.h" : YES drivers\common\mlx5\windows\meson.build:10:13: ERROR: C shared or static library 'mlx5devx' not found A full log can be found at C:\Users\builder\jenkins\workspace\Windows-Compile-DPDK-Native\dpdk\build\meson-logs\meson-log.txt ==== End log output ==== Ubuntu 20.04 Kernel: 4.19 Compiler: gcc gcc (Ubuntu 9.4.0-1ubuntu1~20.04.2) 9.4.0 FreeBSD 14.2 Kernel: 14.2-RELEASE Compiler: clang 18.1.6 Windows Server 2022 Kernel: 10.0.20348.2031 Compiler: clang 15.0.7, gcc 14.1.0 (MinGW), and MSVC VS 19.39.33521 To view detailed results, visit: https://lab.dpdk.org/results/dashboard/tarballs/35125/ UNH-IOL DPDK Community Lab To manage your email subscriptions, visit: https://lab.dpdk.org/results/dashboard/preferences/subscriptions/