From mboxrd@z Thu Jan 1 00:00:00 1970 Return-Path: Received: from mails.dpdk.org (mails.dpdk.org [217.70.189.124]) by inbox.dpdk.org (Postfix) with ESMTP id 28301488CC for ; Tue, 7 Oct 2025 06:57:15 +0200 (CEST) Received: from mails.dpdk.org (localhost [127.0.0.1]) by mails.dpdk.org (Postfix) with ESMTP id 1F2ED4027F; Tue, 7 Oct 2025 06:57:15 +0200 (CEST) Received: from mail-pj1-f100.google.com (mail-pj1-f100.google.com [209.85.216.100]) by mails.dpdk.org (Postfix) with ESMTP id EDD444027F for ; Tue, 7 Oct 2025 06:57:13 +0200 (CEST) Received: by mail-pj1-f100.google.com with SMTP id 98e67ed59e1d1-330b4739538so5860916a91.3 for ; Mon, 06 Oct 2025 21:57:13 -0700 (PDT) DKIM-Signature: v=1; a=rsa-sha256; c=relaxed/relaxed; d=iol.unh.edu; s=unh-iol; t=1759813033; x=1760417833; darn=dpdk.org; h=cc:to:from:subject:message-id:date:from:to:cc:subject:date :message-id:reply-to; bh=1DX/Fl0/4JeuJhKlsf7ncrDPO/oTQGnHWUVw9Blx1iY=; b=K0PSyCzGgtqoDx6ttXaS109VoVtBQ4zWFHXce4SgSQgA+5FK56uHLl7YUpg/ujQDau 6GcRAxzsEKgK84kVtnN3uxRX2/fuetqqW3c0E/A8zMRiVPsZ7uJxLWrAEtXkxts9qTR1 BOnSlx/n3UBnjt/JFpT26d3OjyixucgUue9Vs= X-Google-DKIM-Signature: v=1; a=rsa-sha256; c=relaxed/relaxed; d=1e100.net; s=20230601; t=1759813033; x=1760417833; h=cc:to:from:subject:message-id:date:x-gm-message-state:from:to:cc :subject:date:message-id:reply-to; bh=1DX/Fl0/4JeuJhKlsf7ncrDPO/oTQGnHWUVw9Blx1iY=; b=UoK6uyYae0qAvZtTaXaG3kOeC+FRyb8waq0MXnXDIuu900o2+oRoa/alUo7KrYLeKt 9VTDvMouLDDxkmllBn9iXGvH0Jsb2iPRaHi9qErB75ZDb8ROHRBCxG4nxMMh4epPdTUY ebM7sizoJb8ddAzkbwormmaoMCNyqIYJFO0Z74flVHCMsXxBPKN5D5FjJT/Gln5JFNMI bTqm5Cw6smpwKWD1sSZZjLfV4zQ6CJf9+35PRglthrQ1Qn19vKgQQOIWTxm+urYjBQGV YArwltQ6sjhj9Gn1qoxg8KZxpKiEbBfZmpjGygt4vea3GzNIi2dSWZ+viju9033o85l9 3GXA== X-Gm-Message-State: AOJu0YzL2udBXH9vtbZNuG8wDYqLyJVVavvqw1YlD6y6LHvGH1bypemS cNQy5nOab8Nl0cMP+f49Jx0fa+m1zPzZfgsS0I//MCJEWprlUT3WQ1oyGiz1WmsDQ9cAAZjtfeL m7NLF7eJijM7V0C9+7yDolmAhLPC3rYySKkaRXZCreFVrSElB2u0I X-Gm-Gg: ASbGnctVaOROTGeLZKeKeoigPOgBj09Hj8X9E5TLvuBTevs4cNhK45sFdp2Wwbthsj2 n48llcbFyFboxzCvRAZlh7DNbYK58jfKTizIgL+qIzr36dhA5I+Uz2vJ0vffNOwHQdSXYXINYUP s3LqSpJKixeSJZLpgemvkbt+wqJKZQUliClb/mngvxCLswkkB5HO5AOAjTV7Z5k+Kti/Znm4tNX zWmhOGWCI5YbxjZdYx/etGxxVFQble2nGGlHDw6cpm3TcrNcoFJzISKHgEA1EVtpOBoJAQxCLpu LTGj9cYmnIELPtKbfLLWpxbiEqwicpJmzWtbL+FWQbOJnI1M1wZCYx8= X-Google-Smtp-Source: AGHT+IHUu7Gr10ofDuzdJrT9lkAiByQP1XM+ESUswWiVw3ud9eF0ueJaC9Nscr+hx9RapY5+ky6k1JstdLmI X-Received: by 2002:a17:90b:2707:b0:32e:64ca:e84a with SMTP id 98e67ed59e1d1-339c273dbd2mr21004062a91.12.1759813033017; Mon, 06 Oct 2025 21:57:13 -0700 (PDT) Received: from postal.iol.unh.edu (postal.iol.unh.edu. [2606:4100:3880:1234::84]) by smtp-relay.gmail.com with ESMTPS id 98e67ed59e1d1-339b4f08372sm1266917a91.3.2025.10.06.21.57.12 (version=TLS1_2 cipher=ECDHE-ECDSA-AES128-GCM-SHA256 bits=128/128); Mon, 06 Oct 2025 21:57:13 -0700 (PDT) X-Relaying-Domain: iol.unh.edu Date: Mon, 06 Oct 2025 21:57:13 -0700 (PDT) Message-ID: <68e49da9.170a0220.ee000.6113SMTPIN_ADDED_MISSING@mx.google.com> Received: from [172.21.0.2] (unknown [172.18.0.240]) by postal.iol.unh.edu (Postfix) with ESMTP id 43EFD6051830; Tue, 7 Oct 2025 00:57:12 -0400 (EDT) Subject: |FAILURE| [GIT MASTER] b287e404643aeab5bb5db084c142789df187844e From: dpdklab@iol.unh.edu To: Test Report Cc: dpdk-test-reports@iol.unh.edu, Xueming Li , Christian Ehrhardt , Kevin Traynor , Luca Boccassi Content-Type: text/plain X-BeenThere: test-report@dpdk.org X-Mailman-Version: 2.1.29 Precedence: list List-Id: automatic DPDK test reports List-Unsubscribe: , List-Archive: List-Post: List-Help: List-Subscribe: , Errors-To: test-report-bounces@dpdk.org _Testing issues_ Branch: tags/v24.11 b287e404643aeab5bb5db084c142789df187844e --> testing issues Upstream job id: Generic-Unit-Test-DPDK#379006 Test environment and result as below: +-------------------------------+----------------+ | Environment | dpdk_unit_test | +===============================+================+ | Debian GNU/Linux 12 | PASS | +-------------------------------+----------------+ | Fedora Linux 42 | PASS | +-------------------------------+----------------+ | CentOS Stream 10 | PASS | +-------------------------------+----------------+ | CentOS Stream 9 | PASS | +-------------------------------+----------------+ | Red Hat Enterprise Linux 8.10 | PASS | +-------------------------------+----------------+ | Fedora Linux 41 | PASS | +-------------------------------+----------------+ | Fedora Linux 40 | FAIL | +-------------------------------+----------------+ | Ubuntu 20.04 | PASS | +-------------------------------+----------------+ | Red Hat Enterprise Linux 9.5 | PASS | +-------------------------------+----------------+ | Ubuntu 22.04 | PASS | +-------------------------------+----------------+ | Ubuntu 24.04 | PASS | +-------------------------------+----------------+ | Windows Server 2022 | PASS | +-------------------------------+----------------+ ==== Unit test summary for Fedora Linux 40 (dpdk_unit_test): ==== ninja: Entering directory `/root/workspace/Generic-Unit-Test-DPDK/dpdk/build' ninja: no work to do. 1/118 DPDK:fast-tests / acl_autotest OK 5.73s 2/118 DPDK:fast-tests / alarm_autotest OK 1.54s 3/118 DPDK:fast-tests / argparse_autotest OK 0.17s 4/118 DPDK:fast-tests / atomic_autotest OK 0.61s 5/118 DPDK:fast-tests / bitcount_autotest OK 0.31s 6/118 DPDK:fast-tests / bitmap_autotest OK 0.17s 7/118 DPDK:fast-tests / bitops_autotest OK 2.83s 8/118 DPDK:fast-tests / bitratestats_autotest OK 0.17s 9/118 DPDK:fast-tests / bitset_autotest OK 2.88s 10/118 DPDK:fast-tests / bpf_autotest OK 0.39s 11/118 DPDK:fast-tests / bpf_convert_autotest OK 0.25s 12/118 DPDK:fast-tests / byteorder_autotest OK 0.17s 13/118 DPDK:fast-tests / cfgfile_autotest OK 0.37s 14/118 DPDK:fast-tests / cksum_autotest OK 0.28s 15/118 DPDK:fast-tests / cmdline_autotest OK 0.17s 16/118 DPDK:fast-tests / common_autotest OK 1.26s 17/118 DPDK:fast-tests / compressdev_autotest SKIP 0.29s exit status 77 18/118 DPDK:fast-tests / cpuflags_autotest OK 0.42s 19/118 DPDK:fast-tests / crc_autotest OK 0.36s 20/118 DPDK:fast-tests / user_delay_us OK 0.17s 21/118 DPDK:fast-tests / debug_autotest OK 1.02s 22/118 DPDK:fast-tests / devargs_autotest OK 0.17s 23/118 DPDK:fast-tests / dispatcher_autotest SKIP 0.36s exit status 77 24/118 DPDK:fast-tests / distributor_autotest OK 1.65s 25/118 DPDK:fast-tests / eal_flags_c_opt_autotest OK 1.56s 26/118 DPDK:fast-tests / eal_flags_main_opt_autotest OK 0.44s 27/118 DPDK:fast-tests / eal_flags_n_opt_autotest OK 1.00s 28/118 DPDK:fast-tests / eal_flags_hpet_autotest OK 0.42s 29/118 DPDK:fast-tests / eal_flags_no_huge_autotest OK 0.80s 30/118 DPDK:fast-tests / eal_flags_a_opt_autotest OK 0.73s 31/118 DPDK:fast-tests / eal_flags_b_opt_autotest OK 0.66s 32/118 DPDK:fast-tests / eal_flags_vdev_opt_autotest OK 0.82s 33/118 DPDK:fast-tests / eal_flags_r_opt_autotest OK 0.49s 34/118 DPDK:fast-tests / eal_flags_mem_autotest OK 1.49s 35/118 DPDK:fast-tests / eal_flags_file_prefix_autotest OK 3.88s 36/118 DPDK:fast-tests / eal_flags_misc_autotest OK 3.13s 37/118 DPDK:fast-tests / eal_fs_autotest OK 0.42s 38/118 DPDK:fast-tests / errno_autotest OK 0.30s 39/118 DPDK:fast-tests / ethdev_link_status OK 0.17s 40/118 DPDK:fast-tests / event_eth_tx_adapter_autotest OK 1.10s 41/118 DPDK:fast-tests / event_ring_autotest OK 0.37s 42/118 DPDK:fast-tests / eventdev_common_autotest OK 0.17s 43/118 DPDK:fast-tests / eventdev_selftest_sw OK 0.62s 44/118 DPDK:fast-tests / fbarray_autotest OK 0.17s 45/118 DPDK:fast-tests / fib_autotest OK 1.78s 46/118 DPDK:fast-tests / fib6_autotest OK 1.76s 47/118 DPDK:fast-tests / func_reentrancy_autotest OK 1.02s 48/118 DPDK:fast-tests / graph_autotest OK 0.41s 49/118 DPDK:fast-tests / node_list_dump OK 0.31s 50/118 DPDK:fast-tests / hash_autotest OK 0.39s 51/118 DPDK:fast-tests / hash_readwrite_func_autotest SKIP 0.28s exit status 77 52/118 DPDK:fast-tests / interrupt_autotest OK 2.53s 53/118 DPDK:fast-tests / ipfrag_autotest OK 0.15s 54/118 DPDK:fast-tests / ipsec_autotest SKIP 0.31s exit status 77 55/118 DPDK:fast-tests / kvargs_autotest OK 0.44s 56/118 DPDK:fast-tests / latencystats_autotest OK 0.18s 57/118 DPDK:fast-tests / lcore_var_autotest OK 0.71s 58/118 DPDK:fast-tests / lcores_autotest OK 2.58s 59/118 DPDK:fast-tests / logs_autotest OK 0.47s 60/118 DPDK:fast-tests / lpm_autotest OK 1.56s 61/118 DPDK:fast-tests / lpm6_autotest OK 5.85s 62/118 DPDK:fast-tests / malloc_autotest OK 1.00s 63/118 DPDK:fast-tests / mbuf_autotest OK 0.51s 64/118 DPDK:fast-tests / mcslock_autotest OK 1.41s 65/118 DPDK:fast-tests / member_autotest OK 3.94s 66/118 DPDK:fast-tests / memcpy_autotest OK 7.53s 67/118 DPDK:fast-tests / memory_autotest OK 0.46s 68/118 DPDK:fast-tests / mempool_autotest OK 0.58s 69/118 DPDK:fast-tests / memzone_autotest OK 0.26s 70/118 DPDK:fast-tests / meter_autotest OK 0.49s 71/118 DPDK:fast-tests / metrics_autotest OK 0.32s 72/118 DPDK:fast-tests / multiprocess_autotest OK 0.82s 73/118 DPDK:fast-tests / net_ether_autotest OK 1.38s 74/118 DPDK:fast-tests / net_ipv6_autotest OK 0.28s 75/118 DPDK:fast-tests / pcapng_autotest OK 14.38s 76/118 DPDK:fast-tests / pdcp_autotest SKIP 0.14s exit status 77 77/118 DPDK:fast-tests / pdump_autotest OK 0.32s 78/118 DPDK:fast-tests / per_lcore_autotest OK 0.82s 79/118 DPDK:fast-tests / pflock_autotest OK 0.52s 80/118 DPDK:fast-tests / pie_autotest OK 0.17s 81/118 DPDK:fast-tests / ring_pmd_autotest OK 0.43s 82/118 DPDK:fast-tests / power_autotest OK 0.19s 83/118 DPDK:fast-tests / power_cpufreq_autotest SKIP 0.33s exit status 77 84/118 DPDK:fast-tests / power_intel_uncore_autotest SKIP 0.26s exit status 77 85/118 DPDK:fast-tests / power_kvm_vm_autotest SKIP 0.34s exit status 77 86/118 DPDK:fast-tests / prefetch_autotest OK 0.21s 87/118 DPDK:fast-tests / ptr_compress_autotest OK 0.32s 88/118 DPDK:fast-tests / rawdev_autotest OK 0.32s 89/118 DPDK:fast-tests / rcu_qsbr_autotest OK 0.56s 90/118 DPDK:fast-tests / reorder_autotest OK 0.64s 91/118 DPDK:fast-tests / rib_autotest OK 11.61s 92/118 DPDK:fast-tests / rib6_autotest OK 11.80s 93/118 DPDK:fast-tests / ring_autotest OK 0.52s 94/118 DPDK:fast-tests / rwlock_test1_autotest OK 0.51s 95/118 DPDK:fast-tests / rwlock_rda_autotest OK 5.55s 96/118 DPDK:fast-tests / rwlock_rds_wrm_autotest OK 5.52s 97/118 DPDK:fast-tests / rwlock_rde_wro_autotest OK 5.79s 98/118 DPDK:fast-tests / sched_autotest OK 0.51s 99/118 DPDK:fast-tests / security_autotest OK 0.41s 100/118 DPDK:fast-tests / seqlock_autotest SKIP 0.53s exit status 77 101/118 DPDK:fast-tests / service_autotest FAIL 0.59s (exit status 255 or signal 127 SIGinvalid) >>> MALLOC_PERTURB_=70 DPDK_TEST=service_autotest /root/workspace/Generic-Unit-Test-DPDK/dpdk/build/app/dpdk-test --no-huge -m 2048 102/118 DPDK:fast-tests / spinlock_autotest OK 0.50s 103/118 DPDK:fast-tests / stack_autotest OK 0.51s 104/118 DPDK:fast-tests / stack_lf_autotest OK 0.52s 105/118 DPDK:fast-tests / string_autotest OK 0.47s 106/118 DPDK:fast-tests / table_autotest OK 11.19s 107/118 DPDK:fast-tests / tailq_autotest OK 0.51s 108/118 DPDK:fast-tests / telemetry_data_autotest OK 0.50s 109/118 DPDK:fast-tests / telemetry_json_autotest OK 0.41s 110/118 DPDK:fast-tests / thash_autotest OK 0.53s 111/118 DPDK:fast-tests / threads_autotest OK 1.07s 112/118 DPDK:fast-tests / ticketlock_autotest OK 0.45s 113/118 DPDK:fast-tests / timer_autotest OK 3.08s 114/118 DPDK:fast-tests / trace_autotest OK 0.93s 115/118 DPDK:fast-tests / trace_autotest_with_traces OK 0.50s 116/118 DPDK:fast-tests / vdev_autotest OK 0.49s 117/118 DPDK:fast-tests / version_autotest OK 0.18s 118/118 DPDK:fast-tests / telemetry_all SKIP 0.31s exit status 77 Ok: 107 Expected Fail: 0 Fail: 1 Unexpected Pass: 0 Skipped: 10 Timeout: 0 Full log written to /root/workspace/Generic-Unit-Test-DPDK/dpdk/build/meson-logs/testlog.txt Test log output from the failed test service_autotest: Sorry, we were not able to find the logs for this test. Download the log output from the CI site for this test run. ==== End log output ==== Debian GNU/Linux 12 Kernel: 5.15 Compiler: gcc gcc (Debian 12.2.0-14+deb12u1) 12.2.0 Fedora Linux 42 Kernel: 5.15 Compiler: gcc gcc (GCC) 15.2.1 20250808 (Red Hat 15.2.1-1) CentOS Stream 10 Kernel: 5.15 Compiler: gcc gcc (GCC) 14.2.1 20250110 (Red Hat 14.2.1-8) CentOS Stream 9 Kernel: 5.15 Compiler: gcc gcc (GCC) 11.5.0 20240719 (Red Hat 11.5.0-11) Red Hat Enterprise Linux 8.10 Kernel: 5.15 Compiler: gcc gcc (GCC) 8.5.0 20210514 (Red Hat 8.5.0-22) Fedora Linux 41 Kernel: 5.15 Compiler: gcc gcc (GCC) 14.3.1 20250523 (Red Hat 14.3.1-1) Fedora Linux 40 Kernel: 5.15 Compiler: clang gcc (GCC) 14.2.1 20240912 (Red Hat 14.2.1-3) Ubuntu 20.04 Kernel: 5.15 Compiler: gcc gcc (Ubuntu 9.4.0-1ubuntu1~20.04.2) 9.4.0 Red Hat Enterprise Linux 9.5 Kernel: 5.15 Compiler: gcc gcc (GCC) 11.5.0 20240719 (Red Hat 11.5.0-2) Ubuntu 22.04 Kernel: 5.15 Compiler: gcc gcc (Ubuntu 11.4.0-1ubuntu1~22.04) 11.4.0 Ubuntu 24.04 Kernel: 5.15 Compiler: gcc gcc (Ubuntu 13.3.0-6ubuntu2~24.04) 13.3.0 Windows Server 2022 Kernel: 10.0.20348.2031 Compiler: clang 15.0.7, gcc 14.1.0 (MinGW), and MSVC VS 19.39.33521 To view detailed results, visit: https://lab.dpdk.org/results/dashboard/tarballs/35126/ UNH-IOL DPDK Community Lab To manage your email subscriptions, visit: https://lab.dpdk.org/results/dashboard/preferences/subscriptions/