From mboxrd@z Thu Jan 1 00:00:00 1970 Return-Path: Received: from mails.dpdk.org (mails.dpdk.org [217.70.189.124]) by inbox.dpdk.org (Postfix) with ESMTP id 46D10488CF for ; Tue, 7 Oct 2025 08:19:54 +0200 (CEST) Received: from mails.dpdk.org (localhost [127.0.0.1]) by mails.dpdk.org (Postfix) with ESMTP id 424974027F; Tue, 7 Oct 2025 08:19:54 +0200 (CEST) Received: from mail-pg1-f228.google.com (mail-pg1-f228.google.com [209.85.215.228]) by mails.dpdk.org (Postfix) with ESMTP id 7735F4027F for ; Tue, 7 Oct 2025 08:19:52 +0200 (CEST) Received: by mail-pg1-f228.google.com with SMTP id 41be03b00d2f7-b6271ea39f4so3489686a12.3 for ; Mon, 06 Oct 2025 23:19:52 -0700 (PDT) DKIM-Signature: v=1; a=rsa-sha256; c=relaxed/relaxed; d=iol.unh.edu; s=unh-iol; t=1759817991; x=1760422791; darn=dpdk.org; h=cc:to:from:subject:message-id:date:from:to:cc:subject:date :message-id:reply-to; bh=X7e4EUWjGMVD/uaii2Hge3H9/Q3C/x6jhklATcTZ1vk=; b=LNHetZK9ZJYaTsVELB/9B/TEO7Ux9FOScS6GZjYlO++C1ku5T0Ro94ktdU9i7QQbVu NGH+1HPe0+CRzjVylIZU1tBQ8m/IqmilBKWcs3s9XJrz1wLw+k4u1QKT507HBXJwbe1o tZiKGzOZ7Epi+PqOZHMfV9gvyZeQlllNEUY0k= X-Google-DKIM-Signature: v=1; a=rsa-sha256; c=relaxed/relaxed; d=1e100.net; s=20230601; t=1759817991; x=1760422791; h=cc:to:from:subject:message-id:date:x-gm-message-state:from:to:cc :subject:date:message-id:reply-to; bh=X7e4EUWjGMVD/uaii2Hge3H9/Q3C/x6jhklATcTZ1vk=; b=HsqHE9dqumb1wEPMmqEEYYgXqcGOKrNqFwhk//XAr6z28GVfk7QasI2VBNtmjsUzz9 3GU3WunpAeypIgSNl6c6CpvIwH+/6hCnwbxKzW7ABa+BuHY4/yWKjiSpIzIrqMLgGssD B0TrSRHa5YqvsbrDjQ++R3tD0MegxxOw2l7/RcrREPNTwR+r9fDEmR5yikEwHxJk/LqW n1NebPJujY00V8nZiH1cBFhI6ukPbBc+VU8Vtwkk8ZEWorZ1jOCV12tc9Is7uJ1W2fFF 7KEGS2vjAEn7GmfeI7NGDe/RtB8ukHkV6bd/xBXOT1T7RkVJYfckWOuqHfopCB0fNXMx a/HQ== X-Gm-Message-State: AOJu0YwpCmL+msCf6HhhWlwMOWrX2TmccNM4dgK7WVm8RYMI+/+MvWmg vLYQicI0rwrKj/w2sCYEOOVqypfYh+Z52aI0XADu+SDM29m6qR+zxEUw/EmSixRahSQxsE4ahoW vXXJ+tlXvJ/BJILj7ikxDMeHLPV/uZU18tSKY X-Gm-Gg: ASbGncvfv93U6qV6uBhjQk71FeeP2SaV1T8NxbiaW5YnjLr/L/+GRUwduqrZnfnPPXZ Hk6oisYCCKqIckbic+jFcjE6Ml//sRl0ss/AqwLvpw1SAmLjJtjibT0XdokeF9irz2B0omnPJR6 ckyEhIvsizkN4kW8fRbo7WGnlf+tbKV3Ku3o/u1s2tS/hXrcJfIp+9BinV7JqhnZKHK2LsU+bDO hpO/8RUX26z0zH3I/4Zxq9VBQfEt1k5Ic8N+K9UygpdlpNBDWpH78RLbomdu4h6o0VdU/9h5922 Ohji9e0Tw06CKCjpTPqo3anwE0ciK3rOaKOIK+WGQ4sC7VdJU//SDOaenYaRLFWGxkgBDf48qXe VRA== X-Google-Smtp-Source: AGHT+IFcu6GDmpkj7MraVQ+W759H2E1xo4pIx2XG2VOey7XjFOShWYG75GDMnCUt++Nh7Aq79GLUXQzCBVgp X-Received: by 2002:a17:903:38d0:b0:250:1c22:e78 with SMTP id d9443c01a7336-28e9a54ef58mr192763485ad.1.1759817991433; Mon, 06 Oct 2025 23:19:51 -0700 (PDT) Received: from postal.iol.unh.edu (postal.iol.unh.edu. [132.177.123.84]) by smtp-relay.gmail.com with ESMTPS id d9443c01a7336-28e8d19bba0sm11462945ad.61.2025.10.06.23.19.51 (version=TLS1_2 cipher=ECDHE-ECDSA-AES128-GCM-SHA256 bits=128/128); Mon, 06 Oct 2025 23:19:51 -0700 (PDT) X-Relaying-Domain: iol.unh.edu Date: Mon, 06 Oct 2025 23:19:51 -0700 (PDT) Message-ID: <68e4b107.170a0220.3a44b9.e96fSMTPIN_ADDED_MISSING@mx.google.com> Received: from [172.21.0.3] (unknown [172.18.0.240]) by postal.iol.unh.edu (Postfix) with ESMTP id A99E66051830; Tue, 7 Oct 2025 02:19:50 -0400 (EDT) Subject: |FAILURE| [GIT MASTER] 62f583c49bf67dd4d6733ece14e55fe6839e66d1 From: dpdklab@iol.unh.edu To: Test Report Cc: dpdk-test-reports@iol.unh.edu, Xueming Li , Christian Ehrhardt , Kevin Traynor , Luca Boccassi Content-Type: text/plain X-BeenThere: test-report@dpdk.org X-Mailman-Version: 2.1.29 Precedence: list List-Id: automatic DPDK test reports List-Unsubscribe: , List-Archive: List-Post: List-Help: List-Subscribe: , Errors-To: test-report-bounces@dpdk.org _Testing issues_ Branch: tags/v23.11 62f583c49bf67dd4d6733ece14e55fe6839e66d1 --> testing issues Upstream job id: Generic-Unit-Test-DPDK#379046 Test environment and result as below: +-------------------------------+----------------+ | Environment | dpdk_unit_test | +===============================+================+ | CentOS Stream 9 | PASS | +-------------------------------+----------------+ | Debian GNU/Linux 12 | PASS | +-------------------------------+----------------+ | CentOS Stream 10 | PASS | +-------------------------------+----------------+ | Fedora Linux 40 | PASS | +-------------------------------+----------------+ | Fedora Linux 41 | PASS | +-------------------------------+----------------+ | Fedora Linux 42 | PASS | +-------------------------------+----------------+ | Red Hat Enterprise Linux 8.10 | PASS | +-------------------------------+----------------+ | Ubuntu 24.04 | PASS | +-------------------------------+----------------+ | Ubuntu 22.04 | PASS | +-------------------------------+----------------+ | Red Hat Enterprise Linux 9.5 | PASS | +-------------------------------+----------------+ | Ubuntu 20.04 | PASS | +-------------------------------+----------------+ | Windows Server 2022 | FAIL | +-------------------------------+----------------+ ==== Unit test summary for Windows Server 2022 (dpdk_unit_test): ==== Failed to get the unit test results. Displaying the unit test results is not supported for some environments, such as our aarch32 testing, where meson is not used to run the tests. Download the logs available on our CI site. ==== End log output ==== CentOS Stream 9 Kernel: 5.15 Compiler: gcc gcc (GCC) 11.5.0 20240719 (Red Hat 11.5.0-11) Debian GNU/Linux 12 Kernel: 5.15 Compiler: gcc gcc (Debian 12.2.0-14+deb12u1) 12.2.0 CentOS Stream 10 Kernel: 5.15 Compiler: gcc gcc (GCC) 14.2.1 20250110 (Red Hat 14.2.1-8) Fedora Linux 40 Kernel: 5.15 Compiler: clang gcc (GCC) 14.2.1 20240912 (Red Hat 14.2.1-3) Fedora Linux 41 Kernel: 5.15 Compiler: gcc gcc (GCC) 14.3.1 20250523 (Red Hat 14.3.1-1) Fedora Linux 42 Kernel: 5.15 Compiler: gcc gcc (GCC) 15.2.1 20250808 (Red Hat 15.2.1-1) Red Hat Enterprise Linux 8.10 Kernel: 5.15 Compiler: gcc gcc (GCC) 8.5.0 20210514 (Red Hat 8.5.0-22) Ubuntu 24.04 Kernel: 5.15 Compiler: gcc gcc (Ubuntu 13.3.0-6ubuntu2~24.04) 13.3.0 Ubuntu 22.04 Kernel: 5.15 Compiler: gcc gcc (Ubuntu 11.4.0-1ubuntu1~22.04) 11.4.0 Red Hat Enterprise Linux 9.5 Kernel: 5.15 Compiler: gcc gcc (GCC) 11.5.0 20240719 (Red Hat 11.5.0-2) Ubuntu 20.04 Kernel: 5.15 Compiler: gcc gcc (Ubuntu 9.4.0-1ubuntu1~20.04.2) 9.4.0 Windows Server 2022 Kernel: 10.0.20348.2031 Compiler: clang 15.0.7, gcc 14.1.0 (MinGW), and MSVC VS 19.39.33521 To view detailed results, visit: https://lab.dpdk.org/results/dashboard/tarballs/35125/ UNH-IOL DPDK Community Lab To manage your email subscriptions, visit: https://lab.dpdk.org/results/dashboard/preferences/subscriptions/