From mboxrd@z Thu Jan 1 00:00:00 1970 Return-Path: Received: from mails.dpdk.org (mails.dpdk.org [217.70.189.124]) by inbox.dpdk.org (Postfix) with ESMTP id 61484488D5 for ; Tue, 7 Oct 2025 14:44:03 +0200 (CEST) Received: from mails.dpdk.org (localhost [127.0.0.1]) by mails.dpdk.org (Postfix) with ESMTP id 5C9F04013F; Tue, 7 Oct 2025 14:44:03 +0200 (CEST) Received: from mail-oa1-f100.google.com (mail-oa1-f100.google.com [209.85.160.100]) by mails.dpdk.org (Postfix) with ESMTP id E4B984013F for ; Tue, 7 Oct 2025 14:44:01 +0200 (CEST) Received: by mail-oa1-f100.google.com with SMTP id 586e51a60fabf-30cceb3be82so3918033fac.2 for ; Tue, 07 Oct 2025 05:44:01 -0700 (PDT) DKIM-Signature: v=1; a=rsa-sha256; c=relaxed/relaxed; d=iol.unh.edu; s=unh-iol; t=1759841041; x=1760445841; darn=dpdk.org; h=cc:to:from:subject:message-id:date:from:to:cc:subject:date :message-id:reply-to; bh=arHEQ59HAJCXAHMLhFKwrjnj6RRZmpLniHePEnNYf7I=; b=BIN42FjhPIuquNODUiLvdxjix9vV0QzkZWlWwv72tcNGJOMuCLUMJTGzT2KNiHMGP0 edqe4TocZThHmG6FIOyO1XgVLSqg1qfg6oXEkLSPH1WPHBD9g3NLgX/gCmEpXTUoEdMZ VutlkYXXFjfHdUfYiRHbfN1O30v1teo3CCITs= X-Google-DKIM-Signature: v=1; a=rsa-sha256; c=relaxed/relaxed; d=1e100.net; s=20230601; t=1759841041; x=1760445841; h=cc:to:from:subject:message-id:date:x-gm-message-state:from:to:cc :subject:date:message-id:reply-to; bh=arHEQ59HAJCXAHMLhFKwrjnj6RRZmpLniHePEnNYf7I=; b=n3hE80bSrSK3Zmegq1gHqr5OStBrw4XxgrCZwx90YrM3AzOFZliFrme1CQjmulbRbT qj5N3aimGNkEL37KguRnNIbmLUS1XgFNXAz6Wc6WMTFVMCLHe0/UXYPPdPIJrmWcpn0H t6SHHoRWnC6je2CsxzfWOnNxKl1BXjvgjP11SmnjZHrU+M0qHps/gjQBnpWCXoQ0EDOd hs3XM1ojctf1VLnaU8mILCxQCyV+CLsjqTwrnKoZdwwFS+IxdVGRU3DItLQnx+dooEtz JG5LiDYivy331s18XCd7rk4mKdCOzIEUIa5nTgOOx/iK2wE/803ilH8l9dXJ5TrSdyzi OKlw== X-Gm-Message-State: AOJu0Yyu2/fgYFe6UHQcWgUHTYIqmDUfUAC/Kdi3dZOzDguUXULVvGSn AgJHMaceAgPyWn7zCbORXXTXe0lAix9D5LJ71iT+DLCxz121Ywermpx7eQ7iw03/2GRBHlIy8ES P1dxHc5dssH/sb+jAz/UPiOchRNMSQ3c33V70 X-Gm-Gg: ASbGncuwtaiIPep+EW2GEM87xdVcatRdSIK9Bld9QFuANePDO/LAkIG91nolGBFm4/Y XwcDx6N4aUmKOQzMvNPBvm5iebUR1m7G8SkEN/qAjF69Il41zN66u6Y9OW0YdeMJGj52DDWeIbE L5QAtxclrmR1keBx+BfN1bDu8X9gCHKYXSyXVF/D83ht3trFmM7n1744Um3srR88Og9Ar0HnULT A1G+/PTzrUJfDm5XPyR4jo4R+vK/h/3JbyazyQtPsDGbc2LuILY3mW14fX8hpSD2ZO/6NoRZ3Fu RjkuBsQXzY7nIEEESkn0DwdGWWPGWmZGNDo6MUIYAD8eR+hO1v4yJvTA8FAIzhLtaiH7h0Yrvf8 hvg== X-Google-Smtp-Source: AGHT+IEdSsQKRKjs0KXYoeiXlL6ZWWa4AS6AtfNBCyPHuhpJ904JTnnmG+UhpU0zMsAhket2UuddR/QGe64D X-Received: by 2002:a05:6870:a0ac:b0:36c:abe0:83d3 with SMTP id 586e51a60fabf-3b0fa71d579mr8712055fac.39.1759841041024; Tue, 07 Oct 2025 05:44:01 -0700 (PDT) Received: from postal.iol.unh.edu (postal.iol.unh.edu. [132.177.123.84]) by smtp-relay.gmail.com with ESMTPS id 586e51a60fabf-3ab7a045cfdsm1334863fac.2.2025.10.07.05.44.00 (version=TLS1_2 cipher=ECDHE-ECDSA-AES128-GCM-SHA256 bits=128/128); Tue, 07 Oct 2025 05:44:01 -0700 (PDT) X-Relaying-Domain: iol.unh.edu Date: Tue, 07 Oct 2025 05:44:01 -0700 (PDT) Message-ID: <68e50b11.050a0220.56916.b87fSMTPIN_ADDED_MISSING@mx.google.com> Received: from [172.21.0.2] (unknown [172.18.0.240]) by postal.iol.unh.edu (Postfix) with ESMTP id 804C0604D420; Tue, 7 Oct 2025 08:44:00 -0400 (EDT) Subject: |FAILURE| [GIT MASTER] 62f583c49bf67dd4d6733ece14e55fe6839e66d1 From: dpdklab@iol.unh.edu To: Test Report Cc: dpdk-test-reports@iol.unh.edu, Xueming Li , Christian Ehrhardt , Kevin Traynor , Luca Boccassi Content-Type: text/plain X-BeenThere: test-report@dpdk.org X-Mailman-Version: 2.1.29 Precedence: list List-Id: automatic DPDK test reports List-Unsubscribe: , List-Archive: List-Post: List-Help: List-Subscribe: , Errors-To: test-report-bounces@dpdk.org _Testing issues_ Branch: tags/v23.11 62f583c49bf67dd4d6733ece14e55fe6839e66d1 --> testing issues Upstream job id: Generic-DPDK-Compile-Meson#431618 Test environment and result as below: +------------------------------+--------------------+ | Environment | dpdk_meson_compile | +==============================+====================+ | Red Hat Enterprise Linux 9.5 | PASS | +------------------------------+--------------------+ | Ubuntu 20.04 | PASS | +------------------------------+--------------------+ | Debian GNU/Linux 12 | PASS | +------------------------------+--------------------+ | Fedora Linux 42 | PASS | +------------------------------+--------------------+ | Ubuntu 22.04 | PASS | +------------------------------+--------------------+ | Ubuntu 24.04 | PASS | +------------------------------+--------------------+ | CentOS Stream 9 | PASS | +------------------------------+--------------------+ | CentOS Stream 10 | PASS | +------------------------------+--------------------+ Red Hat Enterprise Linux 9.5 Kernel: 5.4 Compiler: gcc gcc (GCC) 11.5.0 20240719 (Red Hat 11.5.0-2) Ubuntu 20.04 Kernel: 5.15 Compiler: aarch64-linux-gnu-gcc gcc (Ubuntu 9.4.0-1ubuntu1~20.04.2) 9.4.0 Debian GNU/Linux 12 Kernel: 5.4 Compiler: gcc gcc (Debian 12.2.0-14+deb12u1) 12.2.0 Fedora Linux 42 Kernel: 5.4 Compiler: gcc gcc (GCC) 15.2.1 20250808 (Red Hat 15.2.1-1) Ubuntu 22.04 Kernel: 5.4 Compiler: gcc gcc (Ubuntu 11.4.0-1ubuntu1~22.04) 11.4.0 Ubuntu 24.04 Kernel: 5.4 Compiler: gcc gcc (Ubuntu 13.3.0-6ubuntu2~24.04) 13.3.0 CentOS Stream 9 Kernel: 5.4 Compiler: gcc gcc (GCC) 11.5.0 20240719 (Red Hat 11.5.0-11) CentOS Stream 10 Kernel: 5.4 Compiler: gcc gcc (GCC) 14.2.1 20250110 (Red Hat 14.2.1-8) To view detailed results, visit: https://lab.dpdk.org/results/dashboard/tarballs/35106/ UNH-IOL DPDK Community Lab To manage your email subscriptions, visit: https://lab.dpdk.org/results/dashboard/preferences/subscriptions/