From mboxrd@z Thu Jan 1 00:00:00 1970 Return-Path: Received: from mails.dpdk.org (mails.dpdk.org [217.70.189.124]) by inbox.dpdk.org (Postfix) with ESMTP id 04448488D7 for ; Tue, 7 Oct 2025 18:47:01 +0200 (CEST) Received: from mails.dpdk.org (localhost [127.0.0.1]) by mails.dpdk.org (Postfix) with ESMTP id E5D35402D1; Tue, 7 Oct 2025 18:47:01 +0200 (CEST) Received: from mail-pj1-f98.google.com (mail-pj1-f98.google.com [209.85.216.98]) by mails.dpdk.org (Postfix) with ESMTP id 2176A402D1 for ; Tue, 7 Oct 2025 18:47:01 +0200 (CEST) Received: by mail-pj1-f98.google.com with SMTP id 98e67ed59e1d1-33274fcf5c1so6998740a91.1 for ; Tue, 07 Oct 2025 09:47:01 -0700 (PDT) DKIM-Signature: v=1; a=rsa-sha256; c=relaxed/relaxed; d=iol.unh.edu; s=unh-iol; t=1759855620; x=1760460420; darn=dpdk.org; h=references:in-reply-to:cc:to:from:subject:message-id:date:from:to :cc:subject:date:message-id:reply-to; bh=lFtMHTvLPTseBLXSkT4KbXivge3riumJjb29bVcmkEI=; b=hKvx45yqfOZf+BkESuvIoTsbd6y5TEe4QGTBhaKb9GVMUtEWFGRyq2XT1ajiGqaWb6 isjRjEYRSA5hoJ9MsNbI/GDQM1Lz+bccQTQoeMoLULHB3n5U4NCUtfq1df0TKCT/Kq53 KIx34yvWnqLBNiF6GM8X4ziti6gxYjcEzGwcc= X-Google-DKIM-Signature: v=1; a=rsa-sha256; c=relaxed/relaxed; d=1e100.net; s=20230601; t=1759855620; x=1760460420; h=references:in-reply-to:cc:to:from:subject:message-id:date :x-gm-message-state:from:to:cc:subject:date:message-id:reply-to; bh=lFtMHTvLPTseBLXSkT4KbXivge3riumJjb29bVcmkEI=; b=WJygrFqDinpr5UjAXGRIUGlGGldqtbYeuAFYjJjrAz9mkGWT+d9MkzQBJF5gnVhe+D cdguCf8ncDDdkcVm4Ej3NgcK/IKYvf77KRjMc2UNntmG0lEAH3OT78y+cm1kjArh6//O g+++JQ3Q+cVA85oRxkRWvES8s2wk5js/Fyv3siQjABP/543TRPyH0Z5hPQd9m13dwRke TQH9dSKnfknSzI2qsIJJ8Y0wocgPUc/mkANE7ts6BuNmtYmMQg+xsA+83NPmzApunyA2 HH0JzWd3HyfRUwt7sZhxLVrzYy3QjFOyj8vXuhG8//VNFCnKn+D6ePUmDHmjmSOhaVZq MLlw== X-Gm-Message-State: AOJu0Yw+xuvzhOJ0sqCXOHLivu/mA7sOfBG48clagmHBBXlwH90kxxd8 5EMJaVvP18hkdNMy6aqYVLhut4Gr12vsfTJ02G/jcqj4M+2b4SsHYRCNzzGDgLHfJVTv2QuqluE W94t2DuETwqyUmpuG9nys9ugBGpQQ791Qbxlr+LofDh4RoyrhP/f/XNPc2Lfp X-Gm-Gg: ASbGncsXKwCdiu89Z7E4ojgwLyLM/Sy/i9N0wv2Be/3jSRXQcz2USbxyhfDa5Gxe7p+ Q2XZ3LwDOiV6vS8dCuWH0suW1oITPlV4/PIeOgLXygVXWpPIf9FSFQHeAnYQEwRIv8ma6a5qMur 484RjR284A6HaELj/fDBqJxnW/ecMzSQLRYjcE+Y3oaaq/ErNUA4Dm2Pk5laxNDmzdIrOR9VNLo yKLehP4k6rYgcmsGUnvm8C/m5pawIG87cvxe6iwa6YYWq2SiZJ/sC2fLhPY7YCAbBVFLJbqwQy8 czXyDDTlNqOnMP4DsZ5/nclepG7lxyLPVxQdEq3FV9CKL/Sz6O1i/y4= X-Google-Smtp-Source: AGHT+IH0Cb5i/Okc8Ngnva85vi/URVYrUUb/LMdtHvqjSgQBRpXUpNb27qUKyX3w3x2122wCpy8bx1+cwjYF X-Received: by 2002:a17:90b:180d:b0:32e:3686:830e with SMTP id 98e67ed59e1d1-33b5137586emr200736a91.23.1759855620252; Tue, 07 Oct 2025 09:47:00 -0700 (PDT) Received: from postal.iol.unh.edu (postal.iol.unh.edu. [2606:4100:3880:1234::84]) by smtp-relay.gmail.com with ESMTPS id 98e67ed59e1d1-33b510f7065sm12584a91.4.2025.10.07.09.47.00 (version=TLS1_2 cipher=ECDHE-ECDSA-AES128-GCM-SHA256 bits=128/128); Tue, 07 Oct 2025 09:47:00 -0700 (PDT) X-Relaying-Domain: iol.unh.edu Date: Tue, 07 Oct 2025 09:47:00 -0700 (PDT) Message-ID: <68e54404.170a0220.1ed757.0a70SMTPIN_ADDED_MISSING@mx.google.com> Received: from [172.21.0.3] (unknown [172.18.0.240]) by postal.iol.unh.edu (Postfix) with ESMTP id 80081604D420; Tue, 7 Oct 2025 12:46:59 -0400 (EDT) Subject: |FAILURE| pw157261-157263 [PATCH] [v5,3/3] net/ice: add PFC statisti From: dpdklab@iol.unh.edu To: Test Report Cc: dpdk-test-reports@iol.unh.edu, Bruce Richardson , "Medvedkin, Vladimir" In-Reply-To: <20251003124037.342760-4-vladimir.medvedkin@intel.com> References: <20251003124037.342760-4-vladimir.medvedkin@intel.com> Content-Type: text/plain X-BeenThere: test-report@dpdk.org X-Mailman-Version: 2.1.29 Precedence: list List-Id: automatic DPDK test reports List-Unsubscribe: , List-Archive: List-Post: List-Help: List-Subscribe: , Errors-To: test-report-bounces@dpdk.org Test-Label: iol-unit-amd64-testing Test-Status: FAILURE http://dpdk.org/patch/157263 _Testing issues RETEST #1_ Submitter: Medvedkin, Vladimir Date: Friday, October 03 2025 12:40:37 DPDK git baseline: Repo:dpdk-next-net-intel Branch: master CommitID:e7d8cc7ef4df3552575525697079d3c957cfcdaf 157261-157263 --> testing issues Upstream job id: Generic-Unit-Test-DPDK#379228 Test environment and result as below: +-------------------------------+----------------+ | Environment | dpdk_unit_test | +===============================+================+ | CentOS Stream 10 | PASS | +-------------------------------+----------------+ | CentOS Stream 9 | PASS | +-------------------------------+----------------+ | Debian GNU/Linux 12 | PASS | +-------------------------------+----------------+ | Fedora Linux 40 | PASS | +-------------------------------+----------------+ | Fedora Linux 41 | PASS | +-------------------------------+----------------+ | Red Hat Enterprise Linux 9.5 | PASS | +-------------------------------+----------------+ | Fedora Linux 42 | PEND | +-------------------------------+----------------+ | Red Hat Enterprise Linux 8.10 | PASS | +-------------------------------+----------------+ | Ubuntu 22.04 | PEND | +-------------------------------+----------------+ | Ubuntu 24.04 | PEND | +-------------------------------+----------------+ | Ubuntu 20.04 | PASS | +-------------------------------+----------------+ | Windows Server 2022 | PASS | +-------------------------------+----------------+ CentOS Stream 10 Kernel: 5.15 Compiler: gcc gcc (GCC) 14.2.1 20250110 (Red Hat 14.2.1-8) CentOS Stream 9 Kernel: 5.15 Compiler: gcc gcc (GCC) 11.5.0 20240719 (Red Hat 11.5.0-11) Debian GNU/Linux 12 Kernel: 5.15 Compiler: gcc gcc (Debian 12.2.0-14+deb12u1) 12.2.0 Fedora Linux 40 Kernel: 5.15 Compiler: gcc gcc (GCC) 14.2.1 20240912 (Red Hat 14.2.1-3) Fedora Linux 41 Kernel: 5.15 Compiler: clang gcc (GCC) 14.3.1 20250523 (Red Hat 14.3.1-1) Red Hat Enterprise Linux 9.5 Kernel: 5.15 Compiler: gcc gcc (GCC) 11.5.0 20240719 (Red Hat 11.5.0-2) Fedora Linux 42 Kernel: 5.15 Compiler: clang gcc (GCC) 15.2.1 20250808 (Red Hat 15.2.1-1) Red Hat Enterprise Linux 8.10 Kernel: 5.15 Compiler: gcc gcc (GCC) 8.5.0 20210514 (Red Hat 8.5.0-22) Ubuntu 22.04 Kernel: 5.15 Compiler: gcc gcc (Ubuntu 11.4.0-1ubuntu1~22.04) 11.4.0 Ubuntu 24.04 Kernel: 5.15 Compiler: gcc gcc (Ubuntu 13.3.0-6ubuntu2~24.04) 13.3.0 Ubuntu 20.04 Kernel: 5.15 Compiler: gcc gcc (Ubuntu 9.4.0-1ubuntu1~20.04.2) 9.4.0 Windows Server 2022 Kernel: 10.0.20348.2031 Compiler: clang 15.0.7, gcc 14.1.0 (MinGW), and MSVC VS 19.39.33521 To view detailed results, visit: https://lab.dpdk.org/results/dashboard/patchsets/34210/ UNH-IOL DPDK Community Lab To manage your email subscriptions, visit: https://lab.dpdk.org/results/dashboard/preferences/subscriptions/