From mboxrd@z Thu Jan 1 00:00:00 1970 Return-Path: Received: from mails.dpdk.org (mails.dpdk.org [217.70.189.124]) by inbox.dpdk.org (Postfix) with ESMTP id E3AB4488D7 for ; Tue, 7 Oct 2025 18:56:23 +0200 (CEST) Received: from mails.dpdk.org (localhost [127.0.0.1]) by mails.dpdk.org (Postfix) with ESMTP id C98B340268; Tue, 7 Oct 2025 18:56:23 +0200 (CEST) Received: from mail-vk1-f227.google.com (mail-vk1-f227.google.com [209.85.221.227]) by mails.dpdk.org (Postfix) with ESMTP id 97B72402DD for ; Tue, 7 Oct 2025 18:56:22 +0200 (CEST) Received: by mail-vk1-f227.google.com with SMTP id 71dfb90a1353d-54bbe260539so2566244e0c.0 for ; Tue, 07 Oct 2025 09:56:22 -0700 (PDT) DKIM-Signature: v=1; a=rsa-sha256; c=relaxed/relaxed; d=iol.unh.edu; s=unh-iol; t=1759856182; x=1760460982; darn=dpdk.org; h=references:in-reply-to:cc:to:from:subject:message-id:date:from:to :cc:subject:date:message-id:reply-to; bh=yjDsDOWRWlpLmnRSUEzenuEq0Gs59+gTwIF0Q1tb9hk=; b=b+qjFwmfPdyyEox2rWwIlNtbUH9/LJDdZEgOCFL/979Z8y2UgvY0i4apu4lm608HO/ Wu8dcGWOMBh4jAiKI4NCGmqYbIBkPXOOzfzSyyMIzidg+zZ2YOXRMNd4a763n8dgrG0g cUvMbwM4agw+cVdGRkdg4yhIKp/ANfhBMFYaY= X-Google-DKIM-Signature: v=1; a=rsa-sha256; c=relaxed/relaxed; d=1e100.net; s=20230601; t=1759856182; x=1760460982; h=references:in-reply-to:cc:to:from:subject:message-id:date :x-gm-message-state:from:to:cc:subject:date:message-id:reply-to; bh=yjDsDOWRWlpLmnRSUEzenuEq0Gs59+gTwIF0Q1tb9hk=; b=FEe4D3on0fT3lm8g9q8awXqTC5MNeCsl2N5ejCfv8YhlZQWTEIxaCKBHdsz57LrwTD GY4vsOneG31eG4IIn4C/sDio6RHieeB0uu9wPzzajDz2d/qBhYmfpSHrwXyP8alIjs/8 RQ4hO4DN202CZJUfmVfIKzrNEmdtgYmSTZ7cdY9LJzDePNQjVFEXvW0cV7yODPhBvlN2 RWAef0t4I390hnyf89zJVqEXfmzVA6wYIQ8TpgMqimR2OT/GkQGdTOKCN+a+3iD6Z/gY 94hk/FU5viyHI7UybK5c2hvMUPeVk+7Z/HFYfED2uB9B6IYmmsyaogslRyyOI76p74NY gjeQ== X-Gm-Message-State: AOJu0YwTA3VTP+FLFEUG0RvxxHKpDT2PbO8LnkeiqRVJMyZ3M3jKizq2 i3EBvyJ5cP4TZwyf3LcRSOwFewKmS8wOSLvar01KWMXBxBrhePgtt9g8gJ0DsmeiaK9bJ1ux4BZ 0F6zfvV9Y7ua8tloqGWWMGDg7G53WV1YZHiv9EQlV+C7L X-Gm-Gg: ASbGnctW3uf0zKdvH+M/Cmqdv3PhNiFiLiPlivoYalkKIZpJgaxx0ButGwbGIp54kgo 8HrNGsvNMFbuddjqpCYVZmabUodRyxoe/8OR1/XDBqhGb9BRztxG4x00IScq3XI3NbCnCbxG8at Pd+q6V1anenjix7jiGCzFXWVYu+JEnanHyhGQXzXIqsCB0ASXyJ1YFaZJWHVlaX5L8Np1sUJGxk fCorJLiNj+jdYuYRaP+iNfs8BtbcDZWapWCASXU34XildEz94MuKOdM5BaMJ5RoKrZkofm/7C3y BhGLfJlnVks+9b39yCYRPcquHHrGoLrVYBEO9Rysi+Nhw7h8F13dTqvyVMOqf35PE+2h7T3y0Xm gOA== X-Google-Smtp-Source: AGHT+IHugC7doVnvHu/PGFeJaBwtu89Lu82sAhHBed30iKSo/CJ8tMC9WXiBz+SMJW/bjxzds/eD6CX2BznC X-Received: by 2002:a05:6122:2004:b0:544:4cd3:4bfb with SMTP id 71dfb90a1353d-554b8c30246mr103216e0c.15.1759856181892; Tue, 07 Oct 2025 09:56:21 -0700 (PDT) Received: from postal.iol.unh.edu (postal.iol.unh.edu. [132.177.123.84]) by smtp-relay.gmail.com with ESMTPS id 71dfb90a1353d-5523d031ba1sm1505402e0c.6.2025.10.07.09.56.21 (version=TLS1_2 cipher=ECDHE-ECDSA-AES128-GCM-SHA256 bits=128/128); Tue, 07 Oct 2025 09:56:21 -0700 (PDT) X-Relaying-Domain: iol.unh.edu Date: Tue, 07 Oct 2025 09:56:21 -0700 (PDT) Message-ID: <68e54635.050a0220.344e01.18a8SMTPIN_ADDED_MISSING@mx.google.com> Received: from [172.21.0.2] (unknown [172.18.0.240]) by postal.iol.unh.edu (Postfix) with ESMTP id 541B16051830; Tue, 7 Oct 2025 12:56:21 -0400 (EDT) Subject: |FAILURE| pw157261-157263 [PATCH] [v5,3/3] net/ice: add PFC statisti From: dpdklab@iol.unh.edu To: Test Report Cc: dpdk-test-reports@iol.unh.edu, Bruce Richardson , "Medvedkin, Vladimir" In-Reply-To: <20251003124037.342760-4-vladimir.medvedkin@intel.com> References: <20251003124037.342760-4-vladimir.medvedkin@intel.com> Content-Type: text/plain X-BeenThere: test-report@dpdk.org X-Mailman-Version: 2.1.29 Precedence: list List-Id: automatic DPDK test reports List-Unsubscribe: , List-Archive: List-Post: List-Help: List-Subscribe: , Errors-To: test-report-bounces@dpdk.org Test-Label: iol-unit-amd64-testing Test-Status: FAILURE http://dpdk.org/patch/157263 _Testing issues RETEST #1_ Submitter: Medvedkin, Vladimir Date: Friday, October 03 2025 12:40:37 DPDK git baseline: Repo:dpdk-next-net-intel Branch: master CommitID:e7d8cc7ef4df3552575525697079d3c957cfcdaf 157261-157263 --> testing issues Upstream job id: Generic-Unit-Test-DPDK#379231 Test environment and result as below: +-------------------------------+----------------+ | Environment | dpdk_unit_test | +===============================+================+ | CentOS Stream 10 | PASS | +-------------------------------+----------------+ | CentOS Stream 9 | PASS | +-------------------------------+----------------+ | Debian GNU/Linux 12 | PASS | +-------------------------------+----------------+ | Fedora Linux 40 | PASS | +-------------------------------+----------------+ | Fedora Linux 41 | PASS | +-------------------------------+----------------+ | Red Hat Enterprise Linux 9.5 | PASS | +-------------------------------+----------------+ | Fedora Linux 42 | PASS | +-------------------------------+----------------+ | Red Hat Enterprise Linux 8.10 | PASS | +-------------------------------+----------------+ | Ubuntu 22.04 | PASS | +-------------------------------+----------------+ | Ubuntu 24.04 | PASS | +-------------------------------+----------------+ | Ubuntu 20.04 | PASS | +-------------------------------+----------------+ | Windows Server 2022 | PASS | +-------------------------------+----------------+ CentOS Stream 10 Kernel: 5.15 Compiler: gcc gcc (GCC) 14.2.1 20250110 (Red Hat 14.2.1-8) CentOS Stream 9 Kernel: 5.15 Compiler: gcc gcc (GCC) 11.5.0 20240719 (Red Hat 11.5.0-11) Debian GNU/Linux 12 Kernel: 5.15 Compiler: gcc gcc (Debian 12.2.0-14+deb12u1) 12.2.0 Fedora Linux 40 Kernel: 5.15 Compiler: gcc gcc (GCC) 14.2.1 20240912 (Red Hat 14.2.1-3) Fedora Linux 41 Kernel: 5.15 Compiler: clang gcc (GCC) 14.3.1 20250523 (Red Hat 14.3.1-1) Red Hat Enterprise Linux 9.5 Kernel: 5.15 Compiler: gcc gcc (GCC) 11.5.0 20240719 (Red Hat 11.5.0-2) Fedora Linux 42 Kernel: 5.15 Compiler: clang gcc (GCC) 15.2.1 20250808 (Red Hat 15.2.1-1) Red Hat Enterprise Linux 8.10 Kernel: 5.15 Compiler: gcc gcc (GCC) 8.5.0 20210514 (Red Hat 8.5.0-22) Ubuntu 22.04 Kernel: 5.15 Compiler: gcc gcc (Ubuntu 11.4.0-1ubuntu1~22.04) 11.4.0 Ubuntu 24.04 Kernel: 5.15 Compiler: gcc gcc (Ubuntu 13.3.0-6ubuntu2~24.04) 13.3.0 Ubuntu 20.04 Kernel: 5.15 Compiler: gcc gcc (Ubuntu 9.4.0-1ubuntu1~20.04.2) 9.4.0 Windows Server 2022 Kernel: 10.0.20348.2031 Compiler: clang 15.0.7, gcc 14.1.0 (MinGW), and MSVC VS 19.39.33521 To view detailed results, visit: https://lab.dpdk.org/results/dashboard/patchsets/34210/ UNH-IOL DPDK Community Lab To manage your email subscriptions, visit: https://lab.dpdk.org/results/dashboard/preferences/subscriptions/