From mboxrd@z Thu Jan 1 00:00:00 1970 Return-Path: Received: from mails.dpdk.org (mails.dpdk.org [217.70.189.124]) by inbox.dpdk.org (Postfix) with ESMTP id EE256488D7 for ; Tue, 7 Oct 2025 19:47:55 +0200 (CEST) Received: from mails.dpdk.org (localhost [127.0.0.1]) by mails.dpdk.org (Postfix) with ESMTP id C9F7F40268; Tue, 7 Oct 2025 19:47:55 +0200 (CEST) Received: from mail-qv1-f100.google.com (mail-qv1-f100.google.com [209.85.219.100]) by mails.dpdk.org (Postfix) with ESMTP id 192F140268 for ; Tue, 7 Oct 2025 19:47:54 +0200 (CEST) Received: by mail-qv1-f100.google.com with SMTP id 6a1803df08f44-87a092251eeso1515536d6.0 for ; Tue, 07 Oct 2025 10:47:54 -0700 (PDT) DKIM-Signature: v=1; a=rsa-sha256; c=relaxed/relaxed; d=iol.unh.edu; s=unh-iol; t=1759859273; x=1760464073; darn=dpdk.org; h=cc:to:from:subject:message-id:date:from:to:cc:subject:date :message-id:reply-to; bh=gwQnRoinIDOGRkY/I/PjOO+NCLrkuIlJL/6QmNTTgY0=; b=YnLWZWaHZQ9FHfHd96szFXP63w0RuEbpAl9aOwIVNHz4OvJMdQ9Nm6iYX12w3/WzVY 0GiCIAYhq3Dyo+1B7lXfv70FmYIJ2UqKRqR6LeJhtUkeCvPF46/o+PGw8usFrOv5AFk8 mhczfq5eB/CrmumIIRpMOS0R0+s7cBL9h8M5g= X-Google-DKIM-Signature: v=1; a=rsa-sha256; c=relaxed/relaxed; d=1e100.net; s=20230601; t=1759859273; x=1760464073; h=cc:to:from:subject:message-id:date:x-gm-message-state:from:to:cc :subject:date:message-id:reply-to; bh=gwQnRoinIDOGRkY/I/PjOO+NCLrkuIlJL/6QmNTTgY0=; b=mznOlK8+6RiH7xYhO75+IGjVCFkIX/+vNLVx1P21OSWnait7yIsYxBJGWdi8f5EWxo 5RjvTYjfIZvT9KfEQC3wYBMXGVsC4uFN4QNCvxmNXK04QkEBI5WnUsT52wVD3GmyAKYp vjA8rYrLWXcAbs+Vus1572N7nmArEmwBuAYgX0GrBiEtKu+nkSMdGBXAHFcGAqsCI+rU 5XS1+uW0s0xKU+YAzUhWYljqaZz0xDlCoM5ACLntDr9c/+x1KqIn0eFbbnaFlpJEPj0r EjtASSBP2IauVapfXw33yu4EBPOgF6sPpawVv+tDqJLo/1YmLzRJC2BfQ1+H04PEIRC5 aDkg== X-Gm-Message-State: AOJu0YxmHuD8/i6mjSFtlMYi/g46HiM7lar4pPagrxkSE/VzJ1ZiNlLw q1iyYGe2sJZpYR3G4aAqE/Vt5wugT6kXI3tMntjJgJ2U//BwkihxI9vmB2PPl/yI7Ty9BYQ1cUz CnQWVbKjOGNM+MHSvinn+5aWkt3dSWIjd994pS3TGS2H9piYkMQ/G X-Gm-Gg: ASbGnctO2VKMA4VaLLLFkUSJ7X8h5d0gYa47pJ6zRqtvRtayP9+3yXVdDMwDA8MZOTH WTNBWgTd71b366YAXmbncJ/GEBKCTdJxqrlqzRVauaEJQJrwFGi5Uiw5AEBKD1qi2HZe449ysgk jkFQoLQQZR2TfOSxU4aq1UR0PIOMcrWwKw0Dwiw07EFNkB5SftpzZwxHNJpl1hTUyxRY1NdRhsa 9L95ZI+thQq1BmnbdprNSnS5hsl3KWeUVHp09VBwaLNRWXV3helfqH/I4BoGnbWdToWKUKwDBKF hTygujcQ4ZxDsWsQkRuMN7XVDlKM33zWWkkTAUji7d6lcp7XlrLoUH8= X-Google-Smtp-Source: AGHT+IHkelr4vDAurKR/iL056nXsrLtCAce+5DWj1SqplldTUTDbvSVmh9r++Vs/k45IW0ZSlqURD8qyw3dW X-Received: by 2002:a05:6214:cac:b0:78e:8752:826e with SMTP id 6a1803df08f44-87b3a781376mr3442486d6.7.1759859273175; Tue, 07 Oct 2025 10:47:53 -0700 (PDT) Received: from postal.iol.unh.edu (postal.iol.unh.edu. [2606:4100:3880:1234::84]) by smtp-relay.gmail.com with ESMTPS id 6a1803df08f44-878bb43e04asm13974886d6.11.2025.10.07.10.47.53 (version=TLS1_2 cipher=ECDHE-ECDSA-AES128-GCM-SHA256 bits=128/128); Tue, 07 Oct 2025 10:47:53 -0700 (PDT) X-Relaying-Domain: iol.unh.edu Date: Tue, 07 Oct 2025 10:47:53 -0700 (PDT) Message-ID: <68e55249.050a0220.3afa59.a864SMTPIN_ADDED_MISSING@mx.google.com> Received: from [172.21.0.3] (unknown [172.18.0.240]) by postal.iol.unh.edu (Postfix) with ESMTP id E0098604D421; Tue, 7 Oct 2025 13:47:52 -0400 (EDT) Subject: |FAILURE| [GIT MASTER] 62f583c49bf67dd4d6733ece14e55fe6839e66d1 From: dpdklab@iol.unh.edu To: Test Report Cc: dpdk-test-reports@iol.unh.edu, Xueming Li , Christian Ehrhardt , Kevin Traynor , Luca Boccassi Content-Type: text/plain X-BeenThere: test-report@dpdk.org X-Mailman-Version: 2.1.29 Precedence: list List-Id: automatic DPDK test reports List-Unsubscribe: , List-Archive: List-Post: List-Help: List-Subscribe: , Errors-To: test-report-bounces@dpdk.org _Testing issues_ Branch: tags/v23.11 62f583c49bf67dd4d6733ece14e55fe6839e66d1 --> testing issues Upstream job id: Generic-DPDK-Compile-Meson#431681 Test environment and result as below: +------------------------------+--------------------+ | Environment | dpdk_meson_compile | +==============================+====================+ | Red Hat Enterprise Linux 9.5 | PASS | +------------------------------+--------------------+ | Ubuntu 20.04 | PASS | +------------------------------+--------------------+ | Debian GNU/Linux 12 | PASS | +------------------------------+--------------------+ | Fedora Linux 42 | PASS | +------------------------------+--------------------+ | Ubuntu 22.04 | PASS | +------------------------------+--------------------+ | Ubuntu 24.04 | PASS | +------------------------------+--------------------+ | CentOS Stream 9 | PASS | +------------------------------+--------------------+ | CentOS Stream 10 | PASS | +------------------------------+--------------------+ Red Hat Enterprise Linux 9.5 Kernel: 5.4 Compiler: gcc gcc (GCC) 11.5.0 20240719 (Red Hat 11.5.0-2) Ubuntu 20.04 Kernel: 5.15 Compiler: aarch64-linux-gnu-gcc gcc (Ubuntu 9.4.0-1ubuntu1~20.04.2) 9.4.0 Debian GNU/Linux 12 Kernel: 5.4 Compiler: gcc gcc (Debian 12.2.0-14+deb12u1) 12.2.0 Fedora Linux 42 Kernel: 5.4 Compiler: gcc gcc (GCC) 15.2.1 20250808 (Red Hat 15.2.1-1) Ubuntu 22.04 Kernel: 5.4 Compiler: gcc gcc (Ubuntu 11.4.0-1ubuntu1~22.04) 11.4.0 Ubuntu 24.04 Kernel: 5.4 Compiler: gcc gcc (Ubuntu 13.3.0-6ubuntu2~24.04) 13.3.0 CentOS Stream 9 Kernel: 5.4 Compiler: gcc gcc (GCC) 11.5.0 20240719 (Red Hat 11.5.0-11) CentOS Stream 10 Kernel: 5.4 Compiler: gcc gcc (GCC) 14.2.1 20250110 (Red Hat 14.2.1-8) To view detailed results, visit: https://lab.dpdk.org/results/dashboard/tarballs/35109/ UNH-IOL DPDK Community Lab To manage your email subscriptions, visit: https://lab.dpdk.org/results/dashboard/preferences/subscriptions/