From mboxrd@z Thu Jan 1 00:00:00 1970 Return-Path: Received: from mails.dpdk.org (mails.dpdk.org [217.70.189.124]) by inbox.dpdk.org (Postfix) with ESMTP id 978CE488D7 for ; Tue, 7 Oct 2025 19:56:12 +0200 (CEST) Received: from mails.dpdk.org (localhost [127.0.0.1]) by mails.dpdk.org (Postfix) with ESMTP id 91B6640268; Tue, 7 Oct 2025 19:56:12 +0200 (CEST) Received: from mail-pl1-f228.google.com (mail-pl1-f228.google.com [209.85.214.228]) by mails.dpdk.org (Postfix) with ESMTP id B774640268 for ; Tue, 7 Oct 2025 19:56:10 +0200 (CEST) Received: by mail-pl1-f228.google.com with SMTP id d9443c01a7336-26a0a694ea8so52973105ad.3 for ; Tue, 07 Oct 2025 10:56:10 -0700 (PDT) DKIM-Signature: v=1; a=rsa-sha256; c=relaxed/relaxed; d=iol.unh.edu; s=unh-iol; t=1759859770; x=1760464570; darn=dpdk.org; h=cc:to:from:subject:message-id:date:from:to:cc:subject:date :message-id:reply-to; bh=Whwq2wz2JryDH71fdRroBRTfV1LFQOBPDy8QyCHiD60=; b=Pa6KMePC08qVjR/zhWjMuLkgjfTwiwkeK7RK1MbgazXLKdhVrQKKP0aka491CKyXQx kgr+yiCXS+49i34phvA4BpSkC1F1re1lHeoNw+XMXdN5wUFXCePMzTrnKVVfTEG/DCSs /GFbjgwZPQ9yqcuCmCqFU6y48jD4SPXq3tePY= X-Google-DKIM-Signature: v=1; a=rsa-sha256; c=relaxed/relaxed; d=1e100.net; s=20230601; t=1759859770; x=1760464570; h=cc:to:from:subject:message-id:date:x-gm-message-state:from:to:cc :subject:date:message-id:reply-to; bh=Whwq2wz2JryDH71fdRroBRTfV1LFQOBPDy8QyCHiD60=; b=qQ33zQuR5kxYyB4UpAVCXWpjfoVoGDisDYBOOQgpTgJrcYvCyQZCeSWtI+KnXDgOUu 1FieV2vhj1QMQIIbvqsPHp7TDPP2e9Xeos+Wbxc7m/JZIoJCpcmswCfXYN/MiDyndQPK 0DyDZzTlw10hzYmTPlPTrWHzAAC8uFgTCMqtWHWeJHdD/Flpg2Cqdp1Ta9uuJ8coTtSi v9RwMFc5kDyBiQh7W+yGpHFf/FqS8kPlrDDXrZlOCp2yDf2GI7ThKtXpdbxR2MCPwlp8 3SZb7i6ByrRThEU8RInpKmDRBukbFQEWMkLDpYnWn/GHZK0mlFyShQUc1QUy8X4XXMCW cs1g== X-Gm-Message-State: AOJu0YwuHWvfcNczUM7ySgQgEM9BzmiQR2+tyY+i4cn9V/+rTpsxwQV2 5WbWISTPtRvVElgdc5PqU80r0tH/zN9MxkQDQkJQKcLm5lTE0Dt5GOaUkkf1X7JacdhoT/AMsXP Le1SUv6ARAjk1iCc0Byuts/qWR8E+zC2t2Oi1Ev9UXYKaAyUz2K5e X-Gm-Gg: ASbGncug7a6Ga4uZ7LmNwYmIbq66PelGgwnPqBthUG8NXJo8ppXfZXJaiSqHJtOdD/e 3EX1KoYaUQCgNvhZfaZcPoTtot5Bs7pDZtAk8MehP7H1TteiwAyKDVvW5XluwI+/toPFjFbEFlH 65j9u0lYp8y1rQrz8hVEHacF5UtG2Snf6U2eLStsKnXqK/QBgRC0T8tjfbGnNEIKIq3PtJEN4Mg 7z0Ma8vI/rcRzdmn4r+RYWdtNigNI5B3Gly+D3jAxY5LmaPhFqnxLJXrmNEaWw7PZ9GsKvu0B92 0KqzqvIwnJOphcBXNVV9b6NNBrQiWOBPjZqsfOq3RNpe1h+iuNBiQEY= X-Google-Smtp-Source: AGHT+IENQq2tlfyclUdb7xCfL3yL4OC0UL8zqm6nZ5CQUQdvC9MDg3l88uB1RkZxwy1dMeEWYQda9SQgdPJH X-Received: by 2002:a17:903:ac6:b0:28e:c9f6:867b with SMTP id d9443c01a7336-290272c516dmr7711955ad.23.1759859769842; Tue, 07 Oct 2025 10:56:09 -0700 (PDT) Received: from postal.iol.unh.edu (postal.iol.unh.edu. [2606:4100:3880:1234::84]) by smtp-relay.gmail.com with ESMTPS id d9443c01a7336-28e8d19bf31sm13511855ad.55.2025.10.07.10.56.09 (version=TLS1_2 cipher=ECDHE-ECDSA-AES128-GCM-SHA256 bits=128/128); Tue, 07 Oct 2025 10:56:09 -0700 (PDT) X-Relaying-Domain: iol.unh.edu Date: Tue, 07 Oct 2025 10:56:09 -0700 (PDT) Message-ID: <68e55439.170a0220.6b073.b196SMTPIN_ADDED_MISSING@mx.google.com> Received: from [172.21.0.2] (unknown [172.18.0.240]) by postal.iol.unh.edu (Postfix) with ESMTP id 20872604D420; Tue, 7 Oct 2025 13:56:09 -0400 (EDT) Subject: |FAILURE| [GIT MASTER] 62f583c49bf67dd4d6733ece14e55fe6839e66d1 From: dpdklab@iol.unh.edu To: Test Report Cc: dpdk-test-reports@iol.unh.edu, Xueming Li , Christian Ehrhardt , Kevin Traynor , Luca Boccassi Content-Type: text/plain X-BeenThere: test-report@dpdk.org X-Mailman-Version: 2.1.29 Precedence: list List-Id: automatic DPDK test reports List-Unsubscribe: , List-Archive: List-Post: List-Help: List-Subscribe: , Errors-To: test-report-bounces@dpdk.org _Testing issues_ Branch: tags/v23.11 62f583c49bf67dd4d6733ece14e55fe6839e66d1 --> testing issues Upstream job id: Generic-DPDK-Compile-Meson#431810 Test environment and result as below: +---------------------+--------------------+-------------------+-------------------------+----------------------+-------------------+ | Environment | dpdk_meson_compile | dpdk_msvc_compile | dpdk_llvm_clang_compile | dpdk_mingw64_compile | dpdk_compile_spdk | +=====================+====================+===================+=========================+======================+===================+ | Ubuntu 20.04 | PASS | SKIPPED | SKIPPED | SKIPPED | SKIPPED | +---------------------+--------------------+-------------------+-------------------------+----------------------+-------------------+ | FreeBSD 14.2 | PASS | SKIPPED | SKIPPED | SKIPPED | SKIPPED | +---------------------+--------------------+-------------------+-------------------------+----------------------+-------------------+ | CentOS Stream 9 | PASS | SKIPPED | SKIPPED | SKIPPED | PASS | +---------------------+--------------------+-------------------+-------------------------+----------------------+-------------------+ | CentOS Stream 10 | PASS | SKIPPED | SKIPPED | SKIPPED | SKIPPED | +---------------------+--------------------+-------------------+-------------------------+----------------------+-------------------+ | Windows Server 2022 | SKIPPED | PASS | FAIL | PASS | SKIPPED | +---------------------+--------------------+-------------------+-------------------------+----------------------+-------------------+ ==== 20 line log output for Windows Server 2022 (dpdk_llvm_clang_compile): ==== Compiler for C supports arguments -mavx512f: YES (cached) Compiler for C supports arguments -mavx512bw: YES (cached) Compiler for C supports arguments -mavx512dq: YES (cached) Compiler for C supports arguments -march=skylake-avx512: YES Message: drivers/common/idpf: Defining dependency "common_idpf" Message: drivers/bus/auxiliary: Defining dependency "bus_auxiliary" Compiler for C supports arguments -Wno-cast-qual: YES (cached) Compiler for C supports arguments -Wno-pointer-arith: YES (cached) Message: drivers/bus/pci: Defining dependency "bus_pci" Message: drivers/bus/vdev: Defining dependency "bus_vdev" Compiler for C supports arguments -std=c11: YES Compiler for C supports arguments -Wno-strict-prototypes: YES Compiler for C supports arguments -D_BSD_SOURCE: YES Compiler for C supports arguments -D_DEFAULT_SOURCE: YES Compiler for C supports arguments -D_XOPEN_SOURCE=600: YES Has header "mlx5devx.h" : YES drivers\common\mlx5\windows\meson.build:10:13: ERROR: C shared or static library 'mlx5devx' not found A full log can be found at C:\Users\builder\jenkins\workspace\Windows-Compile-DPDK-Native\dpdk\build\meson-logs\meson-log.txt ==== End log output ==== Ubuntu 20.04 Kernel: 4.19 Compiler: gcc gcc (Ubuntu 9.4.0-1ubuntu1~20.04.2) 9.4.0 FreeBSD 14.2 Kernel: 14.2-RELEASE Compiler: clang 18.1.6 CentOS Stream 9 Kernel: 5.15 Compiler: gcc gcc (GCC) 11.5.0 20240719 (Red Hat 11.5.0-11) CentOS Stream 10 Kernel: 5.15 Compiler: gcc gcc (GCC) 14.2.1 20250110 (Red Hat 14.2.1-8) Windows Server 2022 Kernel: 10.0.20348.2031 Compiler: clang 15.0.7, gcc 14.1.0 (MinGW), and MSVC VS 19.39.33521 To view detailed results, visit: https://lab.dpdk.org/results/dashboard/tarballs/35114/ UNH-IOL DPDK Community Lab To manage your email subscriptions, visit: https://lab.dpdk.org/results/dashboard/preferences/subscriptions/