From mboxrd@z Thu Jan 1 00:00:00 1970 Return-Path: Received: from mails.dpdk.org (mails.dpdk.org [217.70.189.124]) by inbox.dpdk.org (Postfix) with ESMTP id 4FCA1488D8 for ; Tue, 7 Oct 2025 20:03:04 +0200 (CEST) Received: from mails.dpdk.org (localhost [127.0.0.1]) by mails.dpdk.org (Postfix) with ESMTP id 2CCB040268; Tue, 7 Oct 2025 20:03:04 +0200 (CEST) Received: from mail-pl1-f226.google.com (mail-pl1-f226.google.com [209.85.214.226]) by mails.dpdk.org (Postfix) with ESMTP id DE12B40268 for ; Tue, 7 Oct 2025 20:03:02 +0200 (CEST) Received: by mail-pl1-f226.google.com with SMTP id d9443c01a7336-27ee41e074dso72055265ad.1 for ; Tue, 07 Oct 2025 11:03:02 -0700 (PDT) DKIM-Signature: v=1; a=rsa-sha256; c=relaxed/relaxed; d=iol.unh.edu; s=unh-iol; t=1759860182; x=1760464982; darn=dpdk.org; h=cc:to:from:subject:message-id:date:from:to:cc:subject:date :message-id:reply-to; bh=S5hY5/wGz4ZB6X4AWXwSKJCZRXZMxeMgQYbIFZbXI14=; b=hL2YU+0BNqNedA3pBk+KL1+UGUdFxZ6UUDOl1zPf4DY83f7fzWJQ0fpCKp73v3jrTb /Kt2VMqKnmVZeJOaXnWHSilOWGHlLT4U3CcWYEdpK/Ge24KNAyceCaBb38Z4/FEckHjA jTIfrrY1Uri39rmyWAhcTBQDXn3rL/LHLY9w4= X-Google-DKIM-Signature: v=1; a=rsa-sha256; c=relaxed/relaxed; d=1e100.net; s=20230601; t=1759860182; x=1760464982; h=cc:to:from:subject:message-id:date:x-gm-message-state:from:to:cc :subject:date:message-id:reply-to; bh=S5hY5/wGz4ZB6X4AWXwSKJCZRXZMxeMgQYbIFZbXI14=; b=CLPF8MC/YEqU4dew9ff0etP4y/TPQYeTCaIlawOQnMQ9wLvC27O1plLqPH94mzuA0g aJcvsLCjjM53S6BGqzYndsv/sFZxJt9nthgB6TGiujtN8DzJYGrmw6molm9F0IjgGOti Ll/ax5GDvJu5UejpsLarIIhVYKGq2anXjkF21tkNOJpAF4Txl/OpKPAs2Gsfak7zLNhn cvgdE3sN5oa1YjPvJA7ZPoVH/JZMwjJ/gnASV7NB9hBPkwpKmdNJj4JiLJXNgVNflCd7 G6A7dYiq0i1fEazJm0L1z+NcfMvEa1Uiy7bp9aFQP4Tsg1W8yX7nSlwu8ULB21yRnkOE mc0g== X-Gm-Message-State: AOJu0Yz8LuYFvYZ5ElqtDTt2CxBA1GAj2g3hfkG60EGlJ2UpqVPS36ab jIMQX7BeUE9F25kJV2iaQPz3guHNsC0uU4RCkPtaOpxLaOLe5A4ImfGbs8gf1MgduzBvdPqAwqg Ibz97v38klHaADArJxDUPLb0dbLdHTlvst3/VoCs/908ljD4fN/9p X-Gm-Gg: ASbGncuYqvDJv/5ORAKKULyd/gS/YmHowVQrRgMMFy3DnBQSswhLrK98n+5LtCuKmnh 42FA0wrlz+tq/YXiBsA+2AJdGh5nGh9V66Vd5pTr76IEcpDmjwQHIeOrxfQncXm8mHmM5zcpkWo Owg28e8l2SBNIEQMHBPleBWL9RiG+Q9c/nDrq5yjBS5wgSImn9F/PjgF0//8YOaFgq28Ut75I3O WTBRZp5CHRmz6Z/x2XwUghW0euVrBrkUnbyoxOWhapR6xgiVlR4aBrMzshI5BaKWOrG2bKWMMDT q8VApLPQX/DjgVjv71pI6/N1kzpGxka0Dyz/UoBlqPmGE36c6pxz38Q= X-Google-Smtp-Source: AGHT+IF/sMVYBhcdlygFarUoUq+iiB8Binc3Xv4IED3wlkHroSPrAWHkkYKwLk0C7UMJNYd3jAFveG7fozcX X-Received: by 2002:a17:902:ef11:b0:251:5900:9803 with SMTP id d9443c01a7336-2902723b876mr8244055ad.21.1759860181871; Tue, 07 Oct 2025 11:03:01 -0700 (PDT) Received: from postal.iol.unh.edu (postal.iol.unh.edu. [2606:4100:3880:1234::84]) by smtp-relay.gmail.com with ESMTPS id d9443c01a7336-28e8d10a785sm12276375ad.8.2025.10.07.11.03.01 (version=TLS1_2 cipher=ECDHE-ECDSA-AES128-GCM-SHA256 bits=128/128); Tue, 07 Oct 2025 11:03:01 -0700 (PDT) X-Relaying-Domain: iol.unh.edu Date: Tue, 07 Oct 2025 11:03:01 -0700 (PDT) Message-ID: <68e555d5.170a0220.813c2.31fdSMTPIN_ADDED_MISSING@mx.google.com> Received: from [172.21.0.2] (unknown [172.18.0.240]) by postal.iol.unh.edu (Postfix) with ESMTP id 56751604D420; Tue, 7 Oct 2025 14:03:01 -0400 (EDT) Subject: |FAILURE| [GIT MASTER] 62f583c49bf67dd4d6733ece14e55fe6839e66d1 From: dpdklab@iol.unh.edu To: Test Report Cc: dpdk-test-reports@iol.unh.edu, Xueming Li , Christian Ehrhardt , Kevin Traynor , Luca Boccassi Content-Type: text/plain X-BeenThere: test-report@dpdk.org X-Mailman-Version: 2.1.29 Precedence: list List-Id: automatic DPDK test reports List-Unsubscribe: , List-Archive: List-Post: List-Help: List-Subscribe: , Errors-To: test-report-bounces@dpdk.org _Testing issues_ Branch: tags/v23.11 62f583c49bf67dd4d6733ece14e55fe6839e66d1 --> testing issues Upstream job id: Generic-DPDK-Compile-Meson#431812 Test environment and result as below: +---------------------+--------------------+-------------------+-------------------------+----------------------+-------------------+ | Environment | dpdk_meson_compile | dpdk_msvc_compile | dpdk_llvm_clang_compile | dpdk_mingw64_compile | dpdk_compile_spdk | +=====================+====================+===================+=========================+======================+===================+ | Ubuntu 20.04 | PASS | SKIPPED | SKIPPED | SKIPPED | SKIPPED | +---------------------+--------------------+-------------------+-------------------------+----------------------+-------------------+ | FreeBSD 14.2 | PASS | SKIPPED | SKIPPED | SKIPPED | SKIPPED | +---------------------+--------------------+-------------------+-------------------------+----------------------+-------------------+ | CentOS Stream 9 | PASS | SKIPPED | SKIPPED | SKIPPED | PASS | +---------------------+--------------------+-------------------+-------------------------+----------------------+-------------------+ | CentOS Stream 10 | PASS | SKIPPED | SKIPPED | SKIPPED | SKIPPED | +---------------------+--------------------+-------------------+-------------------------+----------------------+-------------------+ | Debian GNU/Linux 12 | PASS | SKIPPED | SKIPPED | SKIPPED | PASS | +---------------------+--------------------+-------------------+-------------------------+----------------------+-------------------+ | Windows Server 2022 | SKIPPED | PASS | FAIL | PASS | SKIPPED | +---------------------+--------------------+-------------------+-------------------------+----------------------+-------------------+ ==== 20 line log output for Windows Server 2022 (dpdk_llvm_clang_compile): ==== Compiler for C supports arguments -mavx512f: YES (cached) Compiler for C supports arguments -mavx512bw: YES (cached) Compiler for C supports arguments -mavx512dq: YES (cached) Compiler for C supports arguments -march=skylake-avx512: YES Message: drivers/common/idpf: Defining dependency "common_idpf" Message: drivers/bus/auxiliary: Defining dependency "bus_auxiliary" Compiler for C supports arguments -Wno-cast-qual: YES (cached) Compiler for C supports arguments -Wno-pointer-arith: YES (cached) Message: drivers/bus/pci: Defining dependency "bus_pci" Message: drivers/bus/vdev: Defining dependency "bus_vdev" Compiler for C supports arguments -std=c11: YES Compiler for C supports arguments -Wno-strict-prototypes: YES Compiler for C supports arguments -D_BSD_SOURCE: YES Compiler for C supports arguments -D_DEFAULT_SOURCE: YES Compiler for C supports arguments -D_XOPEN_SOURCE=600: YES Has header "mlx5devx.h" : YES drivers\common\mlx5\windows\meson.build:10:13: ERROR: C shared or static library 'mlx5devx' not found A full log can be found at C:\Users\builder\jenkins\workspace\Windows-Compile-DPDK-Native\dpdk\build\meson-logs\meson-log.txt ==== End log output ==== Ubuntu 20.04 Kernel: 4.19 Compiler: gcc gcc (Ubuntu 9.4.0-1ubuntu1~20.04.2) 9.4.0 FreeBSD 14.2 Kernel: 14.2-RELEASE Compiler: clang 18.1.6 CentOS Stream 9 Kernel: 5.15 Compiler: gcc gcc (GCC) 11.5.0 20240719 (Red Hat 11.5.0-11) CentOS Stream 10 Kernel: 5.15 Compiler: gcc gcc (GCC) 14.2.1 20250110 (Red Hat 14.2.1-8) Debian GNU/Linux 12 Kernel: 5.15 Compiler: gcc gcc (Debian 12.2.0-14+deb12u1) 12.2.0 Windows Server 2022 Kernel: 10.0.20348.2031 Compiler: clang 15.0.7, gcc 14.1.0 (MinGW), and MSVC VS 19.39.33521 To view detailed results, visit: https://lab.dpdk.org/results/dashboard/tarballs/35114/ UNH-IOL DPDK Community Lab To manage your email subscriptions, visit: https://lab.dpdk.org/results/dashboard/preferences/subscriptions/