From mboxrd@z Thu Jan 1 00:00:00 1970 Return-Path: Received: from mails.dpdk.org (mails.dpdk.org [217.70.189.124]) by inbox.dpdk.org (Postfix) with ESMTP id 064F8488DA for ; Wed, 8 Oct 2025 02:28:03 +0200 (CEST) Received: from mails.dpdk.org (localhost [127.0.0.1]) by mails.dpdk.org (Postfix) with ESMTP id D71B340268; Wed, 8 Oct 2025 02:28:02 +0200 (CEST) Received: from mail-pj1-f97.google.com (mail-pj1-f97.google.com [209.85.216.97]) by mails.dpdk.org (Postfix) with ESMTP id 2F0B240268 for ; Wed, 8 Oct 2025 02:28:01 +0200 (CEST) Received: by mail-pj1-f97.google.com with SMTP id 98e67ed59e1d1-330469eb750so8200286a91.2 for ; Tue, 07 Oct 2025 17:28:01 -0700 (PDT) DKIM-Signature: v=1; a=rsa-sha256; c=relaxed/relaxed; d=iol.unh.edu; s=unh-iol; t=1759883280; x=1760488080; darn=dpdk.org; h=references:in-reply-to:cc:to:from:subject:message-id:date:from:to :cc:subject:date:message-id:reply-to; bh=vdXfip3JTk/cAv4LaWBOE79JAB0f+XN/Ix1B5xLPkb0=; b=Ip3cfRoQlSlql8Ubigjg9cemkmdKAzKIReraF6pIWrnrXjP/l505gLS8xkjaK4kR8v 6DSa/C0nAPr6M8CAZtsMSDeHKS8c6KW38oB+qFa0tHvZIMyIywSwrbQCqrxA+EEdGG2i jLLQIb8vTZyOpBKrcGlW5PmH0vTk+YEVwirIg= X-Google-DKIM-Signature: v=1; a=rsa-sha256; c=relaxed/relaxed; d=1e100.net; s=20230601; t=1759883280; x=1760488080; h=references:in-reply-to:cc:to:from:subject:message-id:date :x-gm-message-state:from:to:cc:subject:date:message-id:reply-to; bh=vdXfip3JTk/cAv4LaWBOE79JAB0f+XN/Ix1B5xLPkb0=; b=iJK4BK+zPPqsldmQrBRamlPmwXFS0vUzAMxtZLDcv7you86gXvXf/V/ok1oqmuukUv aog8VIXN9clVO6HCRQN1SSTBM+MbkNxleZksw3LBLfGZEBkoklsaNiULDwbIwkSoO4QM kVWnHAjjBtFsidBi4C312eisv9Yc+Rpa2nAJ0VBOwl6B4Zz0Hpv0EV9zt880aaXTu10H Cc+RM0ScZYolUD8ojfAB2AWQELtadMV5Kshr9Fem18nyT78EfkQ9Ay/2BSVhuttrzOd7 Sxhb4ythOsO5ppmUoOJHM/6WYWomRjsPcXPPuTNWqePbs70LZeS65GFKzYIr5kB/erWA 3JpQ== X-Gm-Message-State: AOJu0YycZMbtjvGAMBf1vO/j+yyX/skzNQeXh9y5lP+UXMDiF4M/wrYf e0+bViC/FlgSbUVQhynpqweBYeUs5fTs+xvDgi/bw5HoHusuzfTG5Re8SvZQ3iQjjmsd3IAHErp cnTEN0Xn8/ri6/k0bA+zFVLl4Ix4crhaCF+DYt0trP1Lf X-Gm-Gg: ASbGncs/2uXlHVSLOw+tOl/L42U9o+4FYDyOQczY5+CHti9L4DTr89pFAElDCw9pXYx vxJeDMHRynjt5gtdrR4QMf8OdiiUfPYa4o43aI1dmf8jTC5p4XwA/SavEg6cHs0MAQUjINueVA4 KF28Msza1rlcIvLzwP8dctg9zcJ0KitOtfumAN5H682tiJHWG0Dm4HfGBzWv0P1tdSivsAOJTSM +m+8vvMS/f+BQrt/vOL28d2pz2pYPCoSGoySV50bn+4muWZUf1lMJxhLiBGPitWwCkPvl0QkLHt Bh37AuVTQR2RGKCYcM1V5FbJsnETMjohOdOqd4bZgZjioejJRrNb/b6pU9te02mSGVpECsXPYZN aJg== X-Google-Smtp-Source: AGHT+IFx9Zh9rK76OyHdyNEZk53APaSGiWojW4STJZM6abGfl6zGQnpTwPgO75SNZ1kDRpB5Oj16SHtFVbGK X-Received: by 2002:a17:90b:3911:b0:32e:7512:b680 with SMTP id 98e67ed59e1d1-33b51106b22mr1425265a91.1.1759883280172; Tue, 07 Oct 2025 17:28:00 -0700 (PDT) Received: from postal.iol.unh.edu (postal.iol.unh.edu. [132.177.123.84]) by smtp-relay.gmail.com with ESMTPS id 41be03b00d2f7-b6099b701a1sm969843a12.11.2025.10.07.17.28.00 (version=TLS1_2 cipher=ECDHE-ECDSA-AES128-GCM-SHA256 bits=128/128); Tue, 07 Oct 2025 17:28:00 -0700 (PDT) X-Relaying-Domain: iol.unh.edu Date: Tue, 07 Oct 2025 17:28:00 -0700 (PDT) Message-ID: <68e5b010.630a0220.17e35.5659SMTPIN_ADDED_MISSING@mx.google.com> Received: from [172.21.0.2] (unknown [172.18.0.240]) by postal.iol.unh.edu (Postfix) with ESMTP id 5DAED6051830; Tue, 7 Oct 2025 20:27:59 -0400 (EDT) Subject: |FAILURE| pw157261-157263 [PATCH] [v5,3/3] net/ice: add PFC statisti From: dpdklab@iol.unh.edu To: Test Report Cc: dpdk-test-reports@iol.unh.edu, Bruce Richardson , "Medvedkin, Vladimir" In-Reply-To: <20251003124037.342760-4-vladimir.medvedkin@intel.com> References: <20251003124037.342760-4-vladimir.medvedkin@intel.com> Content-Type: text/plain X-BeenThere: test-report@dpdk.org X-Mailman-Version: 2.1.29 Precedence: list List-Id: automatic DPDK test reports List-Unsubscribe: , List-Archive: List-Post: List-Help: List-Subscribe: , Errors-To: test-report-bounces@dpdk.org Test-Label: iol-unit-arm64-testing Test-Status: FAILURE http://dpdk.org/patch/157263 _Testing issues RETEST #1_ Submitter: Medvedkin, Vladimir Date: Friday, October 03 2025 12:40:37 DPDK git baseline: Repo:dpdk-next-net-intel Branch: master CommitID:e7d8cc7ef4df3552575525697079d3c957cfcdaf 157261-157263 --> testing issues Upstream job id: Generic-Unit-Test-DPDK#379208 Test environment and result as below: +------------------------------+----------------+---------------------------+--------------+------------------------------+ | Environment | dpdk_unit_test | cryptodev_sw_zuc_autotest | lpm_autotest | cryptodev_sw_snow3g_autotest | +==============================+================+===========================+==============+==============================+ | CentOS Stream 9 | WARN | SKIPPED | SKIPPED | SKIPPED | +------------------------------+----------------+---------------------------+--------------+------------------------------+ | CentOS Stream 10 | PEND | SKIPPED | SKIPPED | SKIPPED | +------------------------------+----------------+---------------------------+--------------+------------------------------+ | Debian GNU/Linux 12 | PEND | SKIPPED | SKIPPED | SKIPPED | +------------------------------+----------------+---------------------------+--------------+------------------------------+ | Fedora Linux 40 | PEND | SKIPPED | SKIPPED | SKIPPED | +------------------------------+----------------+---------------------------+--------------+------------------------------+ | Fedora Linux 42 | PEND | SKIPPED | SKIPPED | SKIPPED | +------------------------------+----------------+---------------------------+--------------+------------------------------+ | Fedora Linux 41 | PEND | SKIPPED | SKIPPED | SKIPPED | +------------------------------+----------------+---------------------------+--------------+------------------------------+ | Ubuntu 20.04 | PEND | SKIPPED | PASS | SKIPPED | +------------------------------+----------------+---------------------------+--------------+------------------------------+ | Red Hat Enterprise Linux 9.5 | PEND | SKIPPED | SKIPPED | SKIPPED | +------------------------------+----------------+---------------------------+--------------+------------------------------+ | Ubuntu 22.04 | PASS | SKIPPED | SKIPPED | SKIPPED | +------------------------------+----------------+---------------------------+--------------+------------------------------+ | Ubuntu 24.04 | PEND | SKIPPED | SKIPPED | SKIPPED | +------------------------------+----------------+---------------------------+--------------+------------------------------+ | Debian 12 (arm) | SKIPPED | PEND | SKIPPED | PEND | +------------------------------+----------------+---------------------------+--------------+------------------------------+ ==== 20 line log output for CentOS Stream 9 (dpdk_unit_test): ==== [1316/3749] Compiling C object drivers/libtmp_rte_net_mlx4.a.p/net_mlx4_mlx4_rxq.c.o [1317/3749] Compiling C object drivers/libtmp_rte_net_mlx4.a.p/net_mlx4_mlx4_rxtx.c.o [1318/3749] Compiling C object drivers/libtmp_rte_net_mlx4.a.p/net_mlx4_mlx4_txq.c.o [1319/3749] Compiling C object drivers/libtmp_rte_net_mlx4.a.p/net_mlx4_mlx4_utils.c.o [1320/3749] Compiling C object drivers/libtmp_rte_net_mlx4.a.p/net_mlx4_mlx4_glue.c.o [1321/3749] Compiling C object drivers/libtmp_rte_net_ice.a.p/net_intel_ice_ice_ethdev.c.o FAILED: [code=1] drivers/libtmp_rte_net_ice.a.p/net_intel_ice_ice_ethdev.c.o ccache cc -Idrivers/libtmp_rte_net_ice.a.p -Idrivers -I../drivers -Idrivers/net/intel/ice -I../drivers/net/intel/ice -Idrivers/net/intel/ice/base -I../drivers/net/intel/ice/base -Ilib/ethdev -I../lib/ethdev -Ilib/eal/common -I../lib/eal/common -I. -I.. -Iconfig -I../config -Ilib/eal/include -I../lib/eal/include -Ilib/eal/linux/include -I../lib/eal/linux/include -Ilib/eal/arm/include -I../lib/eal/arm/include -I../kernel/linux -Ilib/eal -I../lib/eal -Ilib/kvargs -I../lib/kvargs -Ilib/log -I../lib/log -Ilib/metrics -I../lib/metrics -Ilib/telemetry -I../lib/telemetry -Ilib/net -I../lib/net -Ilib/mbuf -I../lib/mbuf -Ilib/mempool -I../lib/mempool -Ilib/ring -I../lib/ring -Ilib/meter -I../lib/meter -Idrivers/bus/pci -I../drivers/bus/pci -I../drivers/bus/pci/linux -Ilib/pci -I../lib/pci -Idrivers/bus/vdev -I../drivers/bus/vdev -Ilib/hash -I../lib/hash -Ilib/rcu -I../lib/rcu -Idrivers/net/intel/iavf -I../drivers/net/intel/iavf -I../drivers/net/intel/iavf/base -Ilib/security -I../lib/security -Ilib/cryptodev -I../lib/cryptodev -fdiagnostics-color=always -pipe -D_FILE_OFFSET_BITS=64 -Wall -Winvalid-pch -Wextra -Werror -std=c11 -O3 -include rte_config.h -Wvla -Wcast-qual -Wdeprecated -Wformat -Wformat-nonliteral -Wformat-security -Wmissing-declarations -Wmissing-prototypes -Wnested-externs -Wold-style-definition -Wpointer-arith -Wsign-compare -Wstrict-prototypes -Wundef -Wwrite-strings -Wno-packed-not-aligned -Wno-missing-field-initializers -D_GNU_SOURCE -fPIC -march=armv8.1-a+crc+crypto -DALLOW_EXPERIMENTAL_API -DALLOW_INTERNAL_API -Wno-format-truncation -Wno-address-of-packed-member -DRTE_LOG_DEFAULT_LOGTYPE=pmd.net.ice -MD -MQ drivers/libtmp_rte_net_ice.a.p/net_intel_ice_ice_ethdev.c.o -MF drivers/libtmp_rte_net_ice.a.p/net_intel_ice_ice_ethdev.c.o.d -o drivers/libtmp_rte_net_ice.a.p/net_intel_ice_ice_ethdev.c.o -c ../drivers/net/intel/ice/ice_ethdev.c ../drivers/net/intel/ice/ice_ethdev.c: In function 'ice_get_dcb_info': ../drivers/net/intel/ice/ice_ethdev.c:3975:26: error: 'ctxt' may be used uninitialized [-Werror=maybe-uninitialized] 3975 | uint16_t tc_rx_q_map = rte_le_to_cpu_16(ctxt.info.tc_mapping[i]); | ^~~~~~~~~~~ ../drivers/net/intel/ice/ice_ethdev.c:3962:28: note: 'ctxt' declared here 3962 | struct ice_vsi_ctx ctxt = { 0 }; | ^~~~ cc1: all warnings being treated as errors [1322/3749] Compiling C object drivers/libtmp_rte_net_mlx5.a.p/net_mlx5_mlx5.c.o [1323/3749] Generating rte_common_cnxk.sym_chk with a custom command (wrapped by meson to capture output) [1324/3749] Compiling C object drivers/libtmp_rte_net_ice.a.p/net_intel_ice_ice_rxtx.c.o ninja: build stopped: subcommand failed. ==== End log output ==== CentOS Stream 9 Kernel: 5.4 Compiler: gcc gcc (GCC) 11.5.0 20240719 (Red Hat 11.5.0-11) CentOS Stream 10 Kernel: 5.4 Compiler: gcc gcc (GCC) 14.2.1 20250110 (Red Hat 14.2.1-8) Debian GNU/Linux 12 Kernel: 5.4 Compiler: gcc gcc (Debian 12.2.0-14+deb12u1) 12.2.0 Fedora Linux 40 Kernel: 5.4 Compiler: gcc gcc (GCC) 14.2.1 20240912 (Red Hat 14.2.1-3) Fedora Linux 42 Kernel: 5.4 Compiler: gcc gcc (GCC) 15.2.1 20250808 (Red Hat 15.2.1-1) Fedora Linux 41 Kernel: 5.4 Compiler: gcc gcc (GCC) 14.3.1 20250523 (Red Hat 14.3.1-1) Ubuntu 20.04 Kernel: 5.4 Compiler: gcc gcc (Ubuntu 9.4.0-1ubuntu1~20.04.2) 9.4.0 Red Hat Enterprise Linux 9.5 Kernel: 5.4 Compiler: gcc gcc (GCC) 11.5.0 20240719 (Red Hat 11.5.0-2) Ubuntu 22.04 Kernel: 5.4 Compiler: gcc gcc (Ubuntu 11.4.0-1ubuntu1~22.04) 11.4.0 Ubuntu 24.04 Kernel: 5.4 Compiler: gcc gcc (Ubuntu 13.3.0-6ubuntu2~24.04) 13.3.0 Debian 12 (arm) Kernel: Depends on container host Compiler: gcc (Debian 12.2.0-14) 12.2.0 To view detailed results, visit: https://lab.dpdk.org/results/dashboard/patchsets/34210/ UNH-IOL DPDK Community Lab To manage your email subscriptions, visit: https://lab.dpdk.org/results/dashboard/preferences/subscriptions/