From mboxrd@z Thu Jan 1 00:00:00 1970 Return-Path: Received: from mails.dpdk.org (mails.dpdk.org [217.70.189.124]) by inbox.dpdk.org (Postfix) with ESMTP id EB375488DA for ; Wed, 8 Oct 2025 02:47:37 +0200 (CEST) Received: from mails.dpdk.org (localhost [127.0.0.1]) by mails.dpdk.org (Postfix) with ESMTP id E3FDC40268; Wed, 8 Oct 2025 02:47:37 +0200 (CEST) Received: from mail-yw1-f227.google.com (mail-yw1-f227.google.com [209.85.128.227]) by mails.dpdk.org (Postfix) with ESMTP id 16EB840268 for ; Wed, 8 Oct 2025 02:47:36 +0200 (CEST) Received: by mail-yw1-f227.google.com with SMTP id 00721157ae682-72ce9790aceso69933037b3.3 for ; Tue, 07 Oct 2025 17:47:36 -0700 (PDT) DKIM-Signature: v=1; a=rsa-sha256; c=relaxed/relaxed; d=iol.unh.edu; s=unh-iol; t=1759884455; x=1760489255; darn=dpdk.org; h=cc:to:from:subject:message-id:date:from:to:cc:subject:date :message-id:reply-to; bh=sms0cV1JgQ9sKElR5TR6VCrwzzWfVYuRMIAX61zC1Ck=; b=gN9cgyK18Kih8hpLLxU4u/ovyw9MoU+/oeT3GJlgFKw+y97ckJXY30ZwJbY5nO9wyT Rx9n2yyzIVv43UkkDzj6JNKvNMpnd8CDJrVLQp/Q8+Euw6Jf+5yUG3FOD9x2PBJ6iVFP ZBcFMJqvV9c1rHV0RUH4v5+LT5LASaCGcLQec= X-Google-DKIM-Signature: v=1; a=rsa-sha256; c=relaxed/relaxed; d=1e100.net; s=20230601; t=1759884455; x=1760489255; h=cc:to:from:subject:message-id:date:x-gm-message-state:from:to:cc :subject:date:message-id:reply-to; bh=sms0cV1JgQ9sKElR5TR6VCrwzzWfVYuRMIAX61zC1Ck=; b=nvk+oBxFOE4ALLgCi459EW4AZQqXUbcWOWBeboZ/DyFedlqRIwq+YP9pnUJVRw65NA RuJf7F7ZgWBjY35t1sgWFoih398jBJzWwu/XXixULQ504s5TtL7ZeVo0z5UjW/Vu1Twb u/kluBzrX3TTeJuTw3eHOABOy8wyR2LhHNzVJLtr3Faxmn4xj+OuEYKZrIz+1kQNmdFe WX6ozO3rZEEl3CUP1lkBUrw02sZwqynMHEOsGFTkzyiAc5LPK6+HsZq2Ft7skeZjvj15 QHYDveGr3aY9oDKWHs8lJqT4eD6rPR4DSn2XTL2NAwga5YbIkSOQtJ+5jqgzaQXFB3Je +ibA== X-Gm-Message-State: AOJu0Yx1ZIbFFsMojSpgz5GPdwwcnh/XaCzPnhfYZLTaCIvfDG6LWuvL NXGoRu6dHZBb6QrevWzwZ/X8vlEGQXONEpqfgYnPc0S4yj6AKv1CLCRorhSpZJ6X83DYc5GxmTS dlx8/Ym50FY0TgSezevp5CULplV2qRRRzA/ThwBxaV7R+Mft00TjP X-Gm-Gg: ASbGncsUTXgBw4zArYiepmVxvW1Ld2VPfcczPDEDRWXXxozEeO+xrTeMtOLWTy8nv57 k4hXC7Hqn9aywZx295f2y83RNj1xultYWRjEOuESUWEQuO5IRxbr+MqCV2wpykwHsIT9FtWn/Ma 67aPHVu7OjzQSzb8ot+xEb5lelDO9ktl+BXgrR2Lyq9UNwVBEPJsIP433lnQit99USP9bf/5xMM 9xSw7S/9QaQ/dy8BXBAB+qzRM2oQikvtiEP26gbTy0HQmJhtJD/lEA2DGBGhKCWk+7uGdLPNDMo afYtB1kB+b56+UND4Y9Msw2wOfkOKsXjPcqL2ixehyMtOebDApesHPQ= X-Google-Smtp-Source: AGHT+IEvXVuqvh6o9FIk3Swpwk27+cO4RNHAekQs7nTa73KOHzTLhdYTAI9g0KOrCpBEkUG6tUNZd13kNr1O X-Received: by 2002:a05:690c:6209:b0:739:7377:fdcf with SMTP id 00721157ae682-780e168a022mr34500207b3.27.1759884455310; Tue, 07 Oct 2025 17:47:35 -0700 (PDT) Received: from postal.iol.unh.edu (postal.iol.unh.edu. [2606:4100:3880:1234::84]) by smtp-relay.gmail.com with ESMTPS id 00721157ae682-77f81d026c9sm10068007b3.21.2025.10.07.17.47.35 (version=TLS1_2 cipher=ECDHE-ECDSA-AES128-GCM-SHA256 bits=128/128); Tue, 07 Oct 2025 17:47:35 -0700 (PDT) X-Relaying-Domain: iol.unh.edu Date: Tue, 07 Oct 2025 17:47:35 -0700 (PDT) Message-ID: <68e5b4a7.050a0220.2d1281.7c2bSMTPIN_ADDED_MISSING@mx.google.com> Received: from [172.21.0.2] (unknown [172.18.0.240]) by postal.iol.unh.edu (Postfix) with ESMTP id EBE4C6051830; Tue, 7 Oct 2025 20:47:34 -0400 (EDT) Subject: |FAILURE| [GIT MASTER] 62f583c49bf67dd4d6733ece14e55fe6839e66d1 From: dpdklab@iol.unh.edu To: Test Report Cc: dpdk-test-reports@iol.unh.edu, Xueming Li , Christian Ehrhardt , Kevin Traynor , Luca Boccassi Content-Type: text/plain X-BeenThere: test-report@dpdk.org X-Mailman-Version: 2.1.29 Precedence: list List-Id: automatic DPDK test reports List-Unsubscribe: , List-Archive: List-Post: List-Help: List-Subscribe: , Errors-To: test-report-bounces@dpdk.org _Testing issues_ Branch: tags/v23.11 62f583c49bf67dd4d6733ece14e55fe6839e66d1 --> testing issues Upstream job id: Generic-DPDK-Compile-Meson#431833 Test environment and result as below: +------------------------------+--------------------+ | Environment | dpdk_meson_compile | +==============================+====================+ | Red Hat Enterprise Linux 9.5 | PASS | +------------------------------+--------------------+ | Ubuntu 20.04 | PASS | +------------------------------+--------------------+ | Debian GNU/Linux 12 | PASS | +------------------------------+--------------------+ | Fedora Linux 42 | PASS | +------------------------------+--------------------+ | Ubuntu 22.04 | PASS | +------------------------------+--------------------+ | Ubuntu 24.04 | PASS | +------------------------------+--------------------+ | CentOS Stream 9 | PASS | +------------------------------+--------------------+ | CentOS Stream 10 | PASS | +------------------------------+--------------------+ Red Hat Enterprise Linux 9.5 Kernel: 5.4 Compiler: gcc gcc (GCC) 11.5.0 20240719 (Red Hat 11.5.0-2) Ubuntu 20.04 Kernel: 5.15 Compiler: aarch64-linux-gnu-gcc gcc (Ubuntu 9.4.0-1ubuntu1~20.04.2) 9.4.0 Debian GNU/Linux 12 Kernel: 5.4 Compiler: gcc gcc (Debian 12.2.0-14+deb12u1) 12.2.0 Fedora Linux 42 Kernel: 5.4 Compiler: gcc gcc (GCC) 15.2.1 20250808 (Red Hat 15.2.1-1) Ubuntu 22.04 Kernel: 5.4 Compiler: gcc gcc (Ubuntu 11.4.0-1ubuntu1~22.04) 11.4.0 Ubuntu 24.04 Kernel: 5.4 Compiler: gcc gcc (Ubuntu 13.3.0-6ubuntu2~24.04) 13.3.0 CentOS Stream 9 Kernel: 5.4 Compiler: gcc gcc (GCC) 11.5.0 20240719 (Red Hat 11.5.0-11) CentOS Stream 10 Kernel: 5.4 Compiler: gcc gcc (GCC) 14.2.1 20250110 (Red Hat 14.2.1-8) To view detailed results, visit: https://lab.dpdk.org/results/dashboard/tarballs/35114/ UNH-IOL DPDK Community Lab To manage your email subscriptions, visit: https://lab.dpdk.org/results/dashboard/preferences/subscriptions/