From mboxrd@z Thu Jan 1 00:00:00 1970 Return-Path: Received: from mails.dpdk.org (mails.dpdk.org [217.70.189.124]) by inbox.dpdk.org (Postfix) with ESMTP id 61874488DB for ; Wed, 8 Oct 2025 04:06:39 +0200 (CEST) Received: from mails.dpdk.org (localhost [127.0.0.1]) by mails.dpdk.org (Postfix) with ESMTP id 3FC2F40268; Wed, 8 Oct 2025 04:06:39 +0200 (CEST) Received: from mail-il1-f227.google.com (mail-il1-f227.google.com [209.85.166.227]) by mails.dpdk.org (Postfix) with ESMTP id 0304340268 for ; Wed, 8 Oct 2025 04:06:37 +0200 (CEST) Received: by mail-il1-f227.google.com with SMTP id e9e14a558f8ab-42e5d1025dcso23945945ab.2 for ; Tue, 07 Oct 2025 19:06:37 -0700 (PDT) DKIM-Signature: v=1; a=rsa-sha256; c=relaxed/relaxed; d=iol.unh.edu; s=unh-iol; t=1759889197; x=1760493997; darn=dpdk.org; h=references:in-reply-to:cc:to:from:subject:message-id:date:from:to :cc:subject:date:message-id:reply-to; bh=rYd343tablVcYBBNRJ/eR76v80Cfsxyt5MYKoOcrQWY=; b=J7+uQ7zXkGorJ79pt09hHQugV8EZ7YXxM3WNkuJYash4mA2AEdCE0z2I+6YTqEs89D 7D4zoKy93iUnN9FfIZztxt5zlf7PS8hny3jFJXuyBRs/b4wwq6bhyGq2jftHkcEE5WiP 7F2EdNplWW+AWTt4TWQ2PQWBJR2QS/OD9bTUs= X-Google-DKIM-Signature: v=1; a=rsa-sha256; c=relaxed/relaxed; d=1e100.net; s=20230601; t=1759889197; x=1760493997; h=references:in-reply-to:cc:to:from:subject:message-id:date :x-gm-message-state:from:to:cc:subject:date:message-id:reply-to; bh=rYd343tablVcYBBNRJ/eR76v80Cfsxyt5MYKoOcrQWY=; b=kcKtujRogBmWx8aTeuWGL+RNMf4jU9EWBmWGno0E+VYIjaUTMY8BK//44ddEcMXx4S q2+F3SEv1MWjrgGsNEB4LpteKMrw0t38jID7RUQUM/nDDJm/s18V210vIH1sEGY3VUsK Dbz9yRnj9JnL99XYQmnUj6E9fFG8BK+AuCix0aQTI9Bg2OGlWyaJo3vFHYngsHEVFOLm CUqTuPl+pWmmFFGO+VnNnk6OURRB9B8UDknmeeiv9shmCjCiLwNFsybIskatgHzpmVxi ZFyj1Y4mWpSarHb9cvaG96lql/PQDUr90RbJfdGkSuWU3BOMAR01d2UWqoU9OV1OFF4k O5rw== X-Gm-Message-State: AOJu0YyoxY7JHWwjq4NloACrkpzUsTEVoLzWTndRuRaVblhKCxwPrtaq I7C1Wkxy9jcE9gbyQL1gn71a6+cZnfk2o5pkW76Z4JYPl/FqyzElXwz+X6Hnhk/uA3t9TDdT8iK GKJRh08xY1ilHJdeRL1P0r/lh4xOiduPgD3W4/fH73pWMv+38z+yLqwztHggQ X-Gm-Gg: ASbGncu5RhILEhhsDNvjAdCmtW//RkPEPM5B9RNtdh/w3Hyxfc1JK+PvoThLdcCKgNe DW+CQ+p4Ls8UdFT/II+RHg3D6Eths5X7vV2ttH4VgSrWuonMYuVN+97hWWce/dO6umyPmjn8IXl NS8AenIGBTz2IxoWnH+1/NGyPr8pPTkvajSPe4bPnIsfBumzazVs6L1qzMJBP6ZMyV6rALfIW/b EkllI9LSMh+9cKLv2fQHKpmnUiPX6ZXbHyJtU5bSR5qUK4Dze62Mww0kH+grFYgKbp0idVf3Trz a3eOiRSnIuLX2G0nD4SnGHGjgmdJK/jw8P+ITRwd1ekzgjCyjWfSBwo= X-Google-Smtp-Source: AGHT+IEJGWLzL5D6WLRjXdcxrixoGVCZ00XUovCtbFvac7/qqC1rUXPZ60rQKLChEjk9C4LJpasogJZwYoyk X-Received: by 2002:a05:6e02:12cb:b0:42e:7589:6290 with SMTP id e9e14a558f8ab-42f87377de2mr15231895ab.12.1759889196991; Tue, 07 Oct 2025 19:06:36 -0700 (PDT) Received: from postal.iol.unh.edu (postal.iol.unh.edu. [2606:4100:3880:1234::84]) by smtp-relay.gmail.com with ESMTPS id e9e14a558f8ab-42f8b245c1fsm105695ab.18.2025.10.07.19.06.36 (version=TLS1_2 cipher=ECDHE-ECDSA-AES128-GCM-SHA256 bits=128/128); Tue, 07 Oct 2025 19:06:36 -0700 (PDT) X-Relaying-Domain: iol.unh.edu Date: Tue, 07 Oct 2025 19:06:36 -0700 (PDT) Message-ID: <68e5c72c.050a0220.88643.0977SMTPIN_ADDED_MISSING@mx.google.com> Received: from [172.21.0.2] (unknown [172.18.0.240]) by postal.iol.unh.edu (Postfix) with ESMTP id 85D786051830; Tue, 7 Oct 2025 22:06:36 -0400 (EDT) Subject: |WARNING| pw157261-157263 [PATCH] [v5,3/3] net/ice: add PFC statisti From: dpdklab@iol.unh.edu To: Test Report Cc: dpdk-test-reports@iol.unh.edu, Bruce Richardson In-Reply-To: <20251003124037.342760-4-vladimir.medvedkin@intel.com> References: <20251003124037.342760-4-vladimir.medvedkin@intel.com> Content-Type: text/plain X-BeenThere: test-report@dpdk.org X-Mailman-Version: 2.1.29 Precedence: list List-Id: automatic DPDK test reports List-Unsubscribe: , List-Archive: List-Post: List-Help: List-Subscribe: , Errors-To: test-report-bounces@dpdk.org Test-Label: iol-unit-arm64-testing Test-Status: WARNING http://dpdk.org/patch/157263 _Testing issues RETEST #1_ Submitter: Medvedkin, Vladimir Date: Friday, October 03 2025 12:40:37 DPDK git baseline: Repo:dpdk-next-net-intel Branch: master CommitID:e7d8cc7ef4df3552575525697079d3c957cfcdaf 157261-157263 --> testing issues Upstream job id: Generic-Unit-Test-DPDK#379227 Test environment and result as below: +------------------------------+----------------+---------------------------+--------------+------------------------------+ | Environment | dpdk_unit_test | cryptodev_sw_zuc_autotest | lpm_autotest | cryptodev_sw_snow3g_autotest | +==============================+================+===========================+==============+==============================+ | CentOS Stream 9 | WARN | SKIPPED | SKIPPED | SKIPPED | +------------------------------+----------------+---------------------------+--------------+------------------------------+ | CentOS Stream 10 | PASS | SKIPPED | SKIPPED | SKIPPED | +------------------------------+----------------+---------------------------+--------------+------------------------------+ | Debian GNU/Linux 12 | WARN | SKIPPED | SKIPPED | SKIPPED | +------------------------------+----------------+---------------------------+--------------+------------------------------+ | Fedora Linux 40 | PASS | SKIPPED | SKIPPED | SKIPPED | +------------------------------+----------------+---------------------------+--------------+------------------------------+ | Fedora Linux 42 | PASS | SKIPPED | SKIPPED | SKIPPED | +------------------------------+----------------+---------------------------+--------------+------------------------------+ | Fedora Linux 41 | PASS | SKIPPED | SKIPPED | SKIPPED | +------------------------------+----------------+---------------------------+--------------+------------------------------+ | Ubuntu 20.04 | WARN | SKIPPED | PASS | SKIPPED | +------------------------------+----------------+---------------------------+--------------+------------------------------+ | Red Hat Enterprise Linux 9.5 | WARN | SKIPPED | SKIPPED | SKIPPED | +------------------------------+----------------+---------------------------+--------------+------------------------------+ | Ubuntu 22.04 | PASS | SKIPPED | SKIPPED | SKIPPED | +------------------------------+----------------+---------------------------+--------------+------------------------------+ | Ubuntu 24.04 | WARN | SKIPPED | SKIPPED | SKIPPED | +------------------------------+----------------+---------------------------+--------------+------------------------------+ | Debian 12 (arm) | SKIPPED | WARN | SKIPPED | WARN | +------------------------------+----------------+---------------------------+--------------+------------------------------+ ==== 20 line log output for Debian 12 (arm) (cryptodev_sw_snow3g_autotest): ==== [2209/3763] Compiling C object drivers/libtmp_rte_net_nfp.a.p/net_nfp_nfp_net_meta.c.o [2210/3763] Compiling C object drivers/libtmp_rte_net_nfp.a.p/net_nfp_nfp_rxtx.c.o [2211/3763] Compiling C object drivers/libtmp_rte_net_nfp.a.p/net_nfp_nfp_service.c.o [2212/3763] Compiling C object drivers/libtmp_rte_net_nfp.a.p/net_nfp_nfp_rxtx_vec_stub.c.o [2213/3763] Compiling C object drivers/libtmp_rte_net_nfp.a.p/net_nfp_nfdk_nfp_nfdk_vec_stub.c.o [2214/3763] Compiling C object drivers/libtmp_rte_net_ice.a.p/net_intel_ice_ice_ethdev.c.o FAILED: drivers/libtmp_rte_net_ice.a.p/net_intel_ice_ice_ethdev.c.o ccache cc -Idrivers/libtmp_rte_net_ice.a.p -Idrivers -I../drivers -Idrivers/net/intel/ice -I../drivers/net/intel/ice -Idrivers/net/intel/ice/base -I../drivers/net/intel/ice/base -Ilib/ethdev -I../lib/ethdev -Ilib/eal/common -I../lib/eal/common -I. -I.. -Iconfig -I../config -Ilib/eal/include -I../lib/eal/include -Ilib/eal/linux/include -I../lib/eal/linux/include -Ilib/eal/arm/include -I../lib/eal/arm/include -I../kernel/linux -Ilib/eal -I../lib/eal -Ilib/kvargs -I../lib/kvargs -Ilib/log -I../lib/log -Ilib/metrics -I../lib/metrics -Ilib/telemetry -I../lib/telemetry -Ilib/net -I../lib/net -Ilib/mbuf -I../lib/mbuf -Ilib/mempool -I../lib/mempool -Ilib/ring -I../lib/ring -Ilib/meter -I../lib/meter -Idrivers/bus/pci -I../drivers/bus/pci -I../drivers/bus/pci/linux -Ilib/pci -I../lib/pci -Idrivers/bus/vdev -I../drivers/bus/vdev -Ilib/hash -I../lib/hash -Ilib/rcu -I../lib/rcu -Idrivers/net/intel/iavf -I../drivers/net/intel/iavf -I../drivers/net/intel/iavf/base -Ilib/security -I../lib/security -Ilib/cryptodev -I../lib/cryptodev -fdiagnostics-color=always -pipe -D_FILE_OFFSET_BITS=64 -Wall -Winvalid-pch -Wextra -Werror -std=c11 -O3 -include rte_config.h -Wvla -Wcast-qual -Wdeprecated -Wformat -Wformat-nonliteral -Wformat-security -Wmissing-declarations -Wmissing-prototypes -Wnested-externs -Wold-style-definition -Wpointer-arith -Wsign-compare -Wstrict-prototypes -Wundef -Wwrite-strings -Wno-packed-not-aligned -Wno-missing-field-initializers -D_GNU_SOURCE -march=armv8-a+crc+crypto -fPIC -march=armv8-a+crc -moutline-atomics -DALLOW_EXPERIMENTAL_API -DALLOW_INTERNAL_API -Wno-format-truncation -Wno-address-of-packed-member -DRTE_LOG_DEFAULT_LOGTYPE=pmd.net.ice -MD -MQ drivers/libtmp_rte_net_ice.a.p/net_intel_ice_ice_ethdev.c.o -MF drivers/libtmp_rte_net_ice.a.p/net_intel_ice_ice_ethdev.c.o.d -o drivers/libtmp_rte_net_ice.a.p/net_intel_ice_ice_ethdev.c.o -c ../drivers/net/intel/ice/ice_ethdev.c ../drivers/net/intel/ice/ice_ethdev.c: In function 'ice_get_dcb_info': ../drivers/net/intel/ice/ice_ethdev.c:3975:26: error: 'ctxt' may be used uninitialized [-Werror=maybe-uninitialized] 3975 | uint16_t tc_rx_q_map = rte_le_to_cpu_16(ctxt.info.tc_mapping[i]); | ^~~~~~~~~~~ ../drivers/net/intel/ice/ice_ethdev.c:3962:28: note: 'ctxt' declared here 3962 | struct ice_vsi_ctx ctxt = { 0 }; | ^~~~ cc1: all warnings being treated as errors [2215/3763] Linking static target drivers/libtmp_rte_net_nfp.a [2216/3763] Generating rte_net_nfp_map with a custom command [2217/3763] Generating rte_net_mlx5.sym_chk with a custom command (wrapped by meson to capture output) ninja: build stopped: subcommand failed. ==== End log output ==== CentOS Stream 9 Kernel: 5.4 Compiler: gcc gcc (GCC) 11.5.0 20240719 (Red Hat 11.5.0-11) CentOS Stream 10 Kernel: 5.4 Compiler: gcc gcc (GCC) 14.2.1 20250110 (Red Hat 14.2.1-8) Debian GNU/Linux 12 Kernel: 5.4 Compiler: gcc gcc (Debian 12.2.0-14+deb12u1) 12.2.0 Fedora Linux 40 Kernel: 5.4 Compiler: gcc gcc (GCC) 14.2.1 20240912 (Red Hat 14.2.1-3) Fedora Linux 42 Kernel: 5.4 Compiler: gcc gcc (GCC) 15.2.1 20250808 (Red Hat 15.2.1-1) Fedora Linux 41 Kernel: 5.4 Compiler: gcc gcc (GCC) 14.3.1 20250523 (Red Hat 14.3.1-1) Ubuntu 20.04 Kernel: 5.4 Compiler: gcc gcc (Ubuntu 9.4.0-1ubuntu1~20.04.2) 9.4.0 Red Hat Enterprise Linux 9.5 Kernel: 5.4 Compiler: gcc gcc (GCC) 11.5.0 20240719 (Red Hat 11.5.0-2) Ubuntu 22.04 Kernel: 5.4 Compiler: gcc gcc (Ubuntu 11.4.0-1ubuntu1~22.04) 11.4.0 Ubuntu 24.04 Kernel: 5.4 Compiler: gcc gcc (Ubuntu 13.3.0-6ubuntu2~24.04) 13.3.0 Debian 12 (arm) Kernel: Depends on container host Compiler: gcc (Debian 12.2.0-14) 12.2.0 To view detailed results, visit: https://lab.dpdk.org/results/dashboard/patchsets/34210/ UNH-IOL DPDK Community Lab To manage your email subscriptions, visit: https://lab.dpdk.org/results/dashboard/preferences/subscriptions/