From mboxrd@z Thu Jan 1 00:00:00 1970 Return-Path: Received: from mails.dpdk.org (mails.dpdk.org [217.70.189.124]) by inbox.dpdk.org (Postfix) with ESMTP id B5D9E488DC for ; Wed, 8 Oct 2025 06:25:23 +0200 (CEST) Received: from mails.dpdk.org (localhost [127.0.0.1]) by mails.dpdk.org (Postfix) with ESMTP id 9C88B40297; Wed, 8 Oct 2025 06:25:23 +0200 (CEST) Received: from mail-pl1-f228.google.com (mail-pl1-f228.google.com [209.85.214.228]) by mails.dpdk.org (Postfix) with ESMTP id BD8AB40297 for ; Wed, 8 Oct 2025 06:25:22 +0200 (CEST) Received: by mail-pl1-f228.google.com with SMTP id d9443c01a7336-269af38418aso84027955ad.1 for ; Tue, 07 Oct 2025 21:25:22 -0700 (PDT) DKIM-Signature: v=1; a=rsa-sha256; c=relaxed/relaxed; d=iol.unh.edu; s=unh-iol; t=1759897522; x=1760502322; darn=dpdk.org; h=cc:to:from:subject:message-id:date:from:to:cc:subject:date :message-id:reply-to; bh=6xEzbTDXFCGjLRFkn8wTHy0Z4/0SaloXhHLlq+l5BTQ=; b=TyVDzK+LtFGiAFsZVMVmKBn3h6Y87/iOhsR72/whDZWgjnUJk0DB0NQckjmFR0hzfK exFFjbHPsY1wvmr1ibMz04wl1lFEAPHGDl9ww+BjEZdVT+AC0FGgw0VXkqN9d6skvNJe z83lgpnyRTAIz8U66M2AW7YQMr7OKixi5Aw7s= X-Google-DKIM-Signature: v=1; a=rsa-sha256; c=relaxed/relaxed; d=1e100.net; s=20230601; t=1759897522; x=1760502322; h=cc:to:from:subject:message-id:date:x-gm-message-state:from:to:cc :subject:date:message-id:reply-to; bh=6xEzbTDXFCGjLRFkn8wTHy0Z4/0SaloXhHLlq+l5BTQ=; b=N9odN0HcNZHk0RvRi0fEjCXQpOdQLDZfNmb9rcCXBlT0paZGLun5x9SHfr3yF9m9sS QXMDcNe3dpCCzeh1b8U0L+PgYheSnX+qK2hm5L4YQo/JgCdukUdhgbXpwBaE+MD+ck2x 2YdcRk0V4h5kOpiz4M213ZBfB2XwqOqLTD0paM4O4Rd3pbIRbLmOtu6KuJTeTmRFI0DI wvLRXBXpo3OFndwcJZrlC0rn0MHsZfOJWGyRYmoNsDKzsZzVVZuVfa42fL/scb6/vbEQ u74O8Y2aqU97Lr8uUegVlBemCx033CC0K5bx2BlTcryPl8hGIlO53xfcE9cKc/BdmoUm LNCw== X-Gm-Message-State: AOJu0YwY81gAl3dVs1sT0TWICcdx36B+P1zSAc5YpE9+BLqKPYG2M2xD IUGetU/SKwQefckBUiN7tFWOK6Dy9AZvTzh5Mg38K9jX5WV1DZ/IElWr1fnLnqs7OgMmyiZhVaX drvqJBQAdcnJiSyXmO69qZ9kmj16v8iw34ot2XI78+nQbw4vVyUe2 X-Gm-Gg: ASbGncv6iJiXzMWluMSfg16xSQrK7/NQVeVTdY/zPcDNyatBpkx6QCA66MylWQNOQJo Z/mDX++ipp+rHjusPGvlTklc5l6XiiCBcC7b6avpKeyb1DzuDir7dBS856pCfmLSYUH9M+9pHfy kJAkhPKdHfGMhjtGlZrZQnzJGulNjBp2l7L4iUV2ngcLYfWx+ak5kMEjz0gYALhlyR4A2twe7Gl qdrQI9u6xiBoN6uj+bD0BrtEFl44yYAT74lzYyUnzcjGvFnpgbChpSgTnNX+/y/8mv7PYc6GgIa 3Q9ZdcL4ixY7eVf/zuIVN1EaSzDlq12PjXAa+9+WAPkah/cxMzIb9pQ= X-Google-Smtp-Source: AGHT+IGhP1fOUju0/+XVHLyHz+yPT3xSPs19iZhT78S5ACYgIfFBJLk/ShBkvKwFJZOshzeKkJgCV6ethcIc X-Received: by 2002:a17:903:3c6e:b0:267:ed5e:c902 with SMTP id d9443c01a7336-29027374b4fmr28134445ad.20.1759897521877; Tue, 07 Oct 2025 21:25:21 -0700 (PDT) Received: from postal.iol.unh.edu (postal.iol.unh.edu. [2606:4100:3880:1234::84]) by smtp-relay.gmail.com with ESMTPS id d9443c01a7336-28e8d19c809sm13567605ad.63.2025.10.07.21.25.21 (version=TLS1_2 cipher=ECDHE-ECDSA-AES128-GCM-SHA256 bits=128/128); Tue, 07 Oct 2025 21:25:21 -0700 (PDT) X-Relaying-Domain: iol.unh.edu Date: Tue, 07 Oct 2025 21:25:21 -0700 (PDT) Message-ID: <68e5e7b1.170a0220.1aa1dd.d3aeSMTPIN_ADDED_MISSING@mx.google.com> Received: from [172.21.0.2] (unknown [172.18.0.240]) by postal.iol.unh.edu (Postfix) with ESMTP id 1F0086051830; Wed, 8 Oct 2025 00:25:21 -0400 (EDT) Subject: |FAILURE| [GIT MASTER] 62f583c49bf67dd4d6733ece14e55fe6839e66d1 From: dpdklab@iol.unh.edu To: Test Report Cc: dpdk-test-reports@iol.unh.edu, Xueming Li , Christian Ehrhardt , Kevin Traynor , Luca Boccassi Content-Type: text/plain X-BeenThere: test-report@dpdk.org X-Mailman-Version: 2.1.29 Precedence: list List-Id: automatic DPDK test reports List-Unsubscribe: , List-Archive: List-Post: List-Help: List-Subscribe: , Errors-To: test-report-bounces@dpdk.org _Testing issues_ Branch: tags/v23.11 62f583c49bf67dd4d6733ece14e55fe6839e66d1 --> testing issues Upstream job id: Generic-VM-DPDK-Compile-Meson#38845 Test environment and result as below: +---------------------+--------------------+-------------------------+-------------------+----------------------+ | Environment | dpdk_meson_compile | dpdk_llvm_clang_compile | dpdk_msvc_compile | dpdk_mingw64_compile | +=====================+====================+=========================+===================+======================+ | FreeBSD 14.2 | PASS | SKIPPED | SKIPPED | SKIPPED | +---------------------+--------------------+-------------------------+-------------------+----------------------+ | Ubuntu 20.04 | PASS | SKIPPED | SKIPPED | SKIPPED | +---------------------+--------------------+-------------------------+-------------------+----------------------+ | Windows Server 2022 | SKIPPED | FAIL | PASS | PASS | +---------------------+--------------------+-------------------------+-------------------+----------------------+ ==== 20 line log output for Windows Server 2022 (dpdk_llvm_clang_compile): ==== Compiler for C supports arguments -mavx512f: YES (cached) Compiler for C supports arguments -mavx512bw: YES (cached) Compiler for C supports arguments -mavx512dq: YES (cached) Compiler for C supports arguments -march=skylake-avx512: YES Message: drivers/common/idpf: Defining dependency "common_idpf" Message: drivers/bus/auxiliary: Defining dependency "bus_auxiliary" Compiler for C supports arguments -Wno-cast-qual: YES (cached) Compiler for C supports arguments -Wno-pointer-arith: YES (cached) Message: drivers/bus/pci: Defining dependency "bus_pci" Message: drivers/bus/vdev: Defining dependency "bus_vdev" Compiler for C supports arguments -std=c11: YES Compiler for C supports arguments -Wno-strict-prototypes: YES Compiler for C supports arguments -D_BSD_SOURCE: YES Compiler for C supports arguments -D_DEFAULT_SOURCE: YES Compiler for C supports arguments -D_XOPEN_SOURCE=600: YES Has header "mlx5devx.h" : YES drivers\common\mlx5\windows\meson.build:10:13: ERROR: C shared or static library 'mlx5devx' not found A full log can be found at C:\Users\builder\jenkins\workspace\Windows-Compile-DPDK-Native\dpdk\build\meson-logs\meson-log.txt ==== End log output ==== FreeBSD 14.2 Kernel: 14.2-RELEASE Compiler: clang 18.1.6 Ubuntu 20.04 Kernel: 4.19 Compiler: gcc gcc (Ubuntu 9.4.0-1ubuntu1~20.04.2) 9.4.0 Windows Server 2022 Kernel: 10.0.20348.2031 Compiler: clang 15.0.7, gcc 14.1.0 (MinGW), and MSVC VS 19.39.33521 To view detailed results, visit: https://lab.dpdk.org/results/dashboard/tarballs/35137/ UNH-IOL DPDK Community Lab To manage your email subscriptions, visit: https://lab.dpdk.org/results/dashboard/preferences/subscriptions/