From mboxrd@z Thu Jan 1 00:00:00 1970 Return-Path: Received: from mails.dpdk.org (mails.dpdk.org [217.70.189.124]) by inbox.dpdk.org (Postfix) with ESMTP id B3F5F488DF for ; Wed, 8 Oct 2025 08:59:57 +0200 (CEST) Received: from mails.dpdk.org (localhost [127.0.0.1]) by mails.dpdk.org (Postfix) with ESMTP id ABC9540297; Wed, 8 Oct 2025 08:59:57 +0200 (CEST) Received: from mail-pj1-f100.google.com (mail-pj1-f100.google.com [209.85.216.100]) by mails.dpdk.org (Postfix) with ESMTP id C98F4402E3 for ; Wed, 8 Oct 2025 08:59:55 +0200 (CEST) Received: by mail-pj1-f100.google.com with SMTP id 98e67ed59e1d1-3306b83ebdaso6880565a91.3 for ; Tue, 07 Oct 2025 23:59:55 -0700 (PDT) DKIM-Signature: v=1; a=rsa-sha256; c=relaxed/relaxed; d=iol.unh.edu; s=unh-iol; t=1759906795; x=1760511595; darn=dpdk.org; h=cc:to:from:subject:message-id:date:from:to:cc:subject:date :message-id:reply-to; bh=Ptwn7Yod1V8P5x7kgRMt6oSKaAY/F+EtjLYG1wlyP7M=; b=FOqHy6qJN5AcvDv1gtkyYIE94AlWcYBocNtQ5TNhW/pcLNyO4/6j4pQMxt41TAASxI 138Cye18XdzvZHu//2mD3fk/DfFPrpIKrTZGxJjj05ZKD4Sn3LC3JuDAJ3BeFLLBAuec ooKjnwZo621AWrr3vrQ/q/WFFW6uklFIBzioc= X-Google-DKIM-Signature: v=1; a=rsa-sha256; c=relaxed/relaxed; d=1e100.net; s=20230601; t=1759906795; x=1760511595; h=cc:to:from:subject:message-id:date:x-gm-message-state:from:to:cc :subject:date:message-id:reply-to; bh=Ptwn7Yod1V8P5x7kgRMt6oSKaAY/F+EtjLYG1wlyP7M=; b=bqPQwbSdVKvrgnzZeIdiqcCAK7t034X5qqkZ8gfOds5ASbKiNmUJAPbSyN6XoDhanw k+63g79cjyzCvWgi834IKthI+W0Kf8L4T7dHlMw5Lt5ksIgZ1v/HAj1J+vh8p+QrdNYm kn/U4fUi4PU1hHYcBZ4fvAeLDBexk8RvgZw/3gZyREOqq25DlZTaycHqR3fH4CZY/W3a wluRSbcxHTgkXUfVi6g3QDifIUq/JRCgJD+sOe24BK1YyhxcgPGZYHq7ODIjQgV73zMK Jcfc8WSx3eOZBNsMp8Ob+iZN+SMAQJNwPEztUMXUEY6ULhJ12T0MRoGXk8wyKKvFft98 tqhA== X-Gm-Message-State: AOJu0YwHng4F55dySUNPf2zuaGsKwfcRuCZV+F9VktTMTGHWEEoHF96Q ScPdkUXgZND3aEf+oXDSpsqN8VlEaHXAmXHyCAdqbR+mldlz7c1CHHOXJkZKwc3BMR71FxMRsg5 jUeLZzCxtqDoWlRppprT87mXTIHncdzqhcPkxfbwgndTiffa60x4B X-Gm-Gg: ASbGnctsUUuOgUpQu9HDNF9SuG25iAuIthKBLvOc3vvGjO93c/ztRGJZMLjChz/cVLO EQgB2IKHAm879Bp6p8uefG5Hv8NM/69ZwXqJR3+ZADnI21vt7GUGAjlgzn8B0fyULTUPVplds3S qu4kDOR5xbiMcCRopnHlEWBEtCPqdPDekKRqtc0Q/L00n4ftaIp7Z+dqcTXO4Ps6QvChdNm7g5q GzRFRjxacWi3HbjYGBkFoSrLugyt4CBDPJsS+P6Xy7w1vzkJlJAz/IqwvLooSUn4o8F4dEkKt0Y xd//xjVCsobzruvM4aZPgQ3Y1wEPUwSRo26SjKC8gWkd+91gLFWOuSU= X-Google-Smtp-Source: AGHT+IHHwC4H55pi99gz8k2IQF3HtKnqPlguwEl77dfgJjS3XkdepCYqv1HRoSgWM396kVvJmvkUExoodrcO X-Received: by 2002:a17:90b:1d10:b0:330:84c8:92d7 with SMTP id 98e67ed59e1d1-33b5112973dmr3167576a91.12.1759906794984; Tue, 07 Oct 2025 23:59:54 -0700 (PDT) Received: from postal.iol.unh.edu (postal.iol.unh.edu. [2606:4100:3880:1234::84]) by smtp-relay.gmail.com with ESMTPS id 98e67ed59e1d1-33b5127f4c0sm211620a91.7.2025.10.07.23.59.54 (version=TLS1_2 cipher=ECDHE-ECDSA-AES128-GCM-SHA256 bits=128/128); Tue, 07 Oct 2025 23:59:54 -0700 (PDT) X-Relaying-Domain: iol.unh.edu Date: Tue, 07 Oct 2025 23:59:54 -0700 (PDT) Message-ID: <68e60bea.170a0220.1d64db.ba90SMTPIN_ADDED_MISSING@mx.google.com> Received: from [172.21.0.6] (unknown [172.18.0.240]) by postal.iol.unh.edu (Postfix) with ESMTP id 351946051830; Wed, 8 Oct 2025 02:59:54 -0400 (EDT) Subject: |FAILURE| [GIT MASTER] 62f583c49bf67dd4d6733ece14e55fe6839e66d1 From: dpdklab@iol.unh.edu To: Test Report Cc: dpdk-test-reports@iol.unh.edu, Xueming Li , Christian Ehrhardt , Kevin Traynor , Luca Boccassi Content-Type: text/plain X-BeenThere: test-report@dpdk.org X-Mailman-Version: 2.1.29 Precedence: list List-Id: automatic DPDK test reports List-Unsubscribe: , List-Archive: List-Post: List-Help: List-Subscribe: , Errors-To: test-report-bounces@dpdk.org _Testing issues_ Branch: tags/v23.11 62f583c49bf67dd4d6733ece14e55fe6839e66d1 --> testing issues Upstream job id: Generic-Unit-Test-DPDK#379377 Test environment and result as below: +-------------------------------+----------------+ | Environment | dpdk_unit_test | +===============================+================+ | CentOS Stream 9 | PASS | +-------------------------------+----------------+ | Fedora Linux 40 | PASS | +-------------------------------+----------------+ | CentOS Stream 10 | PASS | +-------------------------------+----------------+ | Debian GNU/Linux 12 | PASS | +-------------------------------+----------------+ | Fedora Linux 41 | PASS | +-------------------------------+----------------+ | Red Hat Enterprise Linux 8.10 | PASS | +-------------------------------+----------------+ | Fedora Linux 42 | PASS | +-------------------------------+----------------+ | Ubuntu 20.04 | PASS | +-------------------------------+----------------+ | Ubuntu 24.04 | PASS | +-------------------------------+----------------+ | Red Hat Enterprise Linux 9.5 | PASS | +-------------------------------+----------------+ | Ubuntu 22.04 | PASS | +-------------------------------+----------------+ | Windows Server 2022 | FAIL | +-------------------------------+----------------+ ==== Unit test summary for Windows Server 2022 (dpdk_unit_test): ==== Failed to get the unit test results. Displaying the unit test results is not supported for some environments, such as our aarch32 testing, where meson is not used to run the tests. Download the logs available on our CI site. ==== End log output ==== CentOS Stream 9 Kernel: 5.15 Compiler: gcc gcc (GCC) 11.5.0 20240719 (Red Hat 11.5.0-11) Fedora Linux 40 Kernel: 5.15 Compiler: clang gcc (GCC) 14.2.1 20240912 (Red Hat 14.2.1-3) CentOS Stream 10 Kernel: 5.15 Compiler: gcc gcc (GCC) 14.2.1 20250110 (Red Hat 14.2.1-8) Debian GNU/Linux 12 Kernel: 5.15 Compiler: gcc gcc (Debian 12.2.0-14+deb12u1) 12.2.0 Fedora Linux 41 Kernel: 5.15 Compiler: clang gcc (GCC) 14.3.1 20250523 (Red Hat 14.3.1-1) Red Hat Enterprise Linux 8.10 Kernel: 5.15 Compiler: gcc gcc (GCC) 8.5.0 20210514 (Red Hat 8.5.0-22) Fedora Linux 42 Kernel: 5.15 Compiler: gcc gcc (GCC) 15.2.1 20250808 (Red Hat 15.2.1-1) Ubuntu 20.04 Kernel: 5.15 Compiler: gcc gcc (Ubuntu 9.4.0-1ubuntu1~20.04.2) 9.4.0 Ubuntu 24.04 Kernel: 5.15 Compiler: gcc gcc (Ubuntu 13.3.0-6ubuntu2~24.04) 13.3.0 Red Hat Enterprise Linux 9.5 Kernel: 5.15 Compiler: gcc gcc (GCC) 11.5.0 20240719 (Red Hat 11.5.0-2) Ubuntu 22.04 Kernel: 5.15 Compiler: gcc gcc (Ubuntu 11.4.0-1ubuntu1~22.04) 11.4.0 Windows Server 2022 Kernel: 10.0.20348.2031 Compiler: clang 15.0.7, gcc 14.1.0 (MinGW), and MSVC VS 19.39.33521 To view detailed results, visit: https://lab.dpdk.org/results/dashboard/tarballs/35137/ UNH-IOL DPDK Community Lab To manage your email subscriptions, visit: https://lab.dpdk.org/results/dashboard/preferences/subscriptions/