From: dpdklab@iol.unh.edu
To: Test Report <test-report@dpdk.org>
Cc: dpdk-test-reports@iol.unh.edu
Subject: |PENDING| pw157320 [PATCH] app/crypto-perf: add ECDSA P192/P224/P521
Date: Wed, 08 Oct 2025 00:02:45 -0700 (PDT) [thread overview]
Message-ID: <68e60c95.170a0220.1f00d7.13f3SMTPIN_ADDED_MISSING@mx.google.com> (raw)
In-Reply-To: <20251008054059.3934959-1-rchiluka@marvell.com>
Test-Label: iol-unit-amd64-testing
Test-Status: PENDING
http://dpdk.org/patch/157320
_Testing pending_
Submitter: Rupesh Chiluka <rchiluka@marvell.com>
Date: Wednesday, October 08 2025 05:40:59
DPDK git baseline: Repo:dpdk-next-crypto
Branch: master
CommitID:2aa7141a4e2c78e3cce03dbd613532a2166123c1
157320 --> testing pending
Upstream job id: Generic-VM-Unit-Test-DPDK#31656
Test environment and result as below:
+-------------------------------+----------------+
| Environment | dpdk_unit_test |
+===============================+================+
| CentOS Stream 9 | PEND |
+-------------------------------+----------------+
| Debian GNU/Linux 12 | PEND |
+-------------------------------+----------------+
| CentOS Stream 10 | PEND |
+-------------------------------+----------------+
| Fedora Linux 40 | PEND |
+-------------------------------+----------------+
| Fedora Linux 41 | PEND |
+-------------------------------+----------------+
| Fedora Linux 42 | PEND |
+-------------------------------+----------------+
| Ubuntu 24.04 | PEND |
+-------------------------------+----------------+
| Red Hat Enterprise Linux 8.10 | PEND |
+-------------------------------+----------------+
| Ubuntu 20.04 | PEND |
+-------------------------------+----------------+
| Red Hat Enterprise Linux 9.5 | PEND |
+-------------------------------+----------------+
| Windows Server 2022 | PASS |
+-------------------------------+----------------+
| Ubuntu 22.04 | PEND |
+-------------------------------+----------------+
CentOS Stream 9
Kernel: 5.15
Compiler: gcc gcc (GCC) 11.5.0 20240719 (Red Hat 11.5.0-11)
Debian GNU/Linux 12
Kernel: 5.15
Compiler: gcc gcc (Debian 12.2.0-14+deb12u1) 12.2.0
CentOS Stream 10
Kernel: 5.15
Compiler: gcc gcc (GCC) 14.2.1 20250110 (Red Hat 14.2.1-8)
Fedora Linux 40
Kernel: 5.15
Compiler: gcc gcc (GCC) 14.2.1 20240912 (Red Hat 14.2.1-3)
Fedora Linux 41
Kernel: 5.15
Compiler: gcc gcc (GCC) 14.3.1 20250523 (Red Hat 14.3.1-1)
Fedora Linux 42
Kernel: 5.15
Compiler: gcc gcc (GCC) 15.2.1 20250808 (Red Hat 15.2.1-1)
Ubuntu 24.04
Kernel: 5.15
Compiler: gcc gcc (Ubuntu 13.3.0-6ubuntu2~24.04) 13.3.0
Red Hat Enterprise Linux 8.10
Kernel: 5.15
Compiler: gcc gcc (GCC) 8.5.0 20210514 (Red Hat 8.5.0-22)
Ubuntu 20.04
Kernel: 5.15
Compiler: gcc gcc (Ubuntu 9.4.0-1ubuntu1~20.04.2) 9.4.0
Red Hat Enterprise Linux 9.5
Kernel: 5.15
Compiler: gcc gcc (GCC) 11.5.0 20240719 (Red Hat 11.5.0-2)
Windows Server 2022
Kernel: 10.0.20348.2031
Compiler: clang 15.0.7, gcc 14.1.0 (MinGW), and MSVC VS 19.39.33521
Ubuntu 22.04
Kernel: 5.15
Compiler: gcc gcc (Ubuntu 11.4.0-1ubuntu1~22.04) 11.4.0
To view detailed results, visit:
https://lab.dpdk.org/results/dashboard/patchsets/34233/
UNH-IOL DPDK Community Lab
To manage your email subscriptions, visit:
https://lab.dpdk.org/results/dashboard/preferences/subscriptions/
next prev parent reply other threads:[~2025-10-08 7:02 UTC|newest]
Thread overview: 16+ messages / expand[flat|nested] mbox.gz Atom feed top
[not found] <20251008054059.3934959-1-rchiluka@marvell.com>
2025-10-08 5:07 ` |SUCCESS| pw157320 [PATCH] app/crypto-perf: add ECDSA P192/P224/P521 support qemudev
2025-10-08 5:12 ` qemudev
2025-10-08 5:42 ` checkpatch
2025-10-08 6:13 ` |PENDING| pw157320 [PATCH] app/crypto-perf: add ECDSA P192/P224/P521 dpdklab
2025-10-08 6:17 ` |SUCCESS| " dpdklab
2025-10-08 6:20 ` dpdklab
2025-10-08 6:25 ` dpdklab
2025-10-08 6:26 ` |FAILURE| " dpdklab
2025-10-08 6:38 ` dpdklab
2025-10-08 6:43 ` |PENDING| " dpdklab
2025-10-08 6:57 ` |SUCCESS| " dpdklab
2025-10-08 7:02 ` dpdklab [this message]
2025-10-08 7:04 ` dpdklab
2025-10-08 7:42 ` dpdklab
2025-10-08 8:10 ` dpdklab
2025-10-08 8:46 ` |FAILURE| " dpdklab
Reply instructions:
You may reply publicly to this message via plain-text email
using any one of the following methods:
* Save the following mbox file, import it into your mail client,
and reply-to-all from there: mbox
Avoid top-posting and favor interleaved quoting:
https://en.wikipedia.org/wiki/Posting_style#Interleaved_style
* Reply using the --to, --cc, and --in-reply-to
switches of git-send-email(1):
git send-email \
--in-reply-to=68e60c95.170a0220.1f00d7.13f3SMTPIN_ADDED_MISSING@mx.google.com \
--to=dpdklab@iol.unh.edu \
--cc=dpdk-test-reports@iol.unh.edu \
--cc=test-report@dpdk.org \
/path/to/YOUR_REPLY
https://kernel.org/pub/software/scm/git/docs/git-send-email.html
* If your mail client supports setting the In-Reply-To header
via mailto: links, try the mailto: link
Be sure your reply has a Subject: header at the top and a blank line
before the message body.
This is a public inbox, see mirroring instructions
for how to clone and mirror all data and code used for this inbox;
as well as URLs for NNTP newsgroup(s).