From mboxrd@z Thu Jan 1 00:00:00 1970 Return-Path: Received: from mails.dpdk.org (mails.dpdk.org [217.70.189.124]) by inbox.dpdk.org (Postfix) with ESMTP id 2C094488E1 for ; Wed, 8 Oct 2025 10:45:35 +0200 (CEST) Received: from mails.dpdk.org (localhost [127.0.0.1]) by mails.dpdk.org (Postfix) with ESMTP id 279DE40297; Wed, 8 Oct 2025 10:45:35 +0200 (CEST) Received: from mail-yw1-f228.google.com (mail-yw1-f228.google.com [209.85.128.228]) by mails.dpdk.org (Postfix) with ESMTP id 834DF40297 for ; Wed, 8 Oct 2025 10:45:33 +0200 (CEST) Received: by mail-yw1-f228.google.com with SMTP id 00721157ae682-73f20120601so85643657b3.2 for ; Wed, 08 Oct 2025 01:45:33 -0700 (PDT) DKIM-Signature: v=1; a=rsa-sha256; c=relaxed/relaxed; d=iol.unh.edu; s=unh-iol; t=1759913133; x=1760517933; darn=dpdk.org; h=references:in-reply-to:cc:to:from:subject:message-id:date:from:to :cc:subject:date:message-id:reply-to; bh=jawUMzRUxDsD4vnbwgPYpBQMfJFtC4PSLI0fJh6UNq4=; b=cj0bmZ3qoWq3bfXZCCCT6bCnpHJxQv51AygPMBf6lpSZo6UrqFYqRv84QfUcVEu0F0 QjjIxq01PQcYDPw7vHeg+SAF0eNQCoFKs9XAE3PF+pdUTlL8IZxthHRL+piZWx1QDdHN Dwdk6XJnGdkJIKPgS6KQeo9zEMW3j5ejzZ/9o= X-Google-DKIM-Signature: v=1; a=rsa-sha256; c=relaxed/relaxed; d=1e100.net; s=20230601; t=1759913133; x=1760517933; h=references:in-reply-to:cc:to:from:subject:message-id:date :x-gm-message-state:from:to:cc:subject:date:message-id:reply-to; bh=jawUMzRUxDsD4vnbwgPYpBQMfJFtC4PSLI0fJh6UNq4=; b=UcA4lxBK4Fa2Slg5/VMr+8gm+D3d3Zpna+aP9ccvJGUmtnFLo0I58W+q+FvR5H7gvR ZXcylqmPSXSR5XU/OsdJetvSHXMpol13QC0Z6TqZDlFeTDyJulsYxuXqF3qOzpM1n7j8 SBc29kvtBLlmtmMetDznNyh8hMQDUeGDWz0WQepF5EcSoW018p3+7bexCZhwBKmZOgP6 ylUQy+Rd2TrSz05PGE5BJZFBIML4CAAMD/cduQq6D0A3Nk4inidRGlyMLoRiS+K12vic +hW9m2PTtuAt/QanFmXIbFWlBH1Oi1nfwkaPke/oAyEHxVFqGfzukoAEFP7/3RSB/qIa 1WWQ== X-Gm-Message-State: AOJu0Yy7YhtFLXpcDNCTipdNvjdV/XTwa+ydF/GF5sjFRIAu+ngj4mui NinGM6itLivekOBwADGGYzMLlQ84IM6dgXj6swY5lAbC/5jruCNy3f+XQ9OjUGD7llKKWyHK0Cc NIM/uAaEu2xYkgKGxucyPGnVWxxRR4nRo81le88iwmMiY X-Gm-Gg: ASbGncvaRK7LggvrQocfQrYDT9lTwdDu4Z/Q3Y1KNIJV1+H4UrLgqJV72V+L1xv2pzf w8C1+JfJE1+P5ERJ+ogTVYN8cUae2kOJ41Xhgps6S5xyzrW5NNoNfDYSqKl81S7kVlMg3jHk/1x tq3aH2OmbyRq4MdS6ncBOm8/xJTUlaUb1rpa9BycbRSaQOTEpRA016tvac0CdikpJehr1LkPXb7 2MjrfkW6glR+uFy5EHBn4bEvBuhu2rA1qqT8dHxatoFm7xfmYJR4jx7qanfILkFEcpMf8uhbZ+I glNHK1bAH+ztO4yoVU9t8B39ZDK3qmXdSg1qERM4rh7k8LzXjwSeBDOvFEaYNUcCdrylSTIkJnu PPA== X-Google-Smtp-Source: AGHT+IErsSKvLEHGeZMSdAcK03bfGHKvt7WDgnWjW38GavQc0efPzwKyi+4QhsHeJAJsotDaBuBLsXzm+npK X-Received: by 2002:a05:690c:9a13:b0:765:d606:307c with SMTP id 00721157ae682-780e167f4d8mr36597247b3.22.1759913132839; Wed, 08 Oct 2025 01:45:32 -0700 (PDT) Received: from postal.iol.unh.edu (postal.iol.unh.edu. [132.177.123.84]) by smtp-relay.gmail.com with ESMTPS id 00721157ae682-77f81c07d0fsm10322147b3.5.2025.10.08.01.45.32 (version=TLS1_2 cipher=ECDHE-ECDSA-AES128-GCM-SHA256 bits=128/128); Wed, 08 Oct 2025 01:45:32 -0700 (PDT) X-Relaying-Domain: iol.unh.edu Date: Wed, 08 Oct 2025 01:45:32 -0700 (PDT) Message-ID: <68e624ac.050a0220.1566fa.7856SMTPIN_ADDED_MISSING@mx.google.com> Received: from [172.21.0.2] (unknown [172.18.0.240]) by postal.iol.unh.edu (Postfix) with ESMTP id 6758E6051830; Wed, 8 Oct 2025 04:45:32 -0400 (EDT) Subject: |FAILURE| pw157304-157308 [PATCH] [5/5] net/dpaa: Fix coverity issue From: dpdklab@iol.unh.edu To: Test Report Cc: dpdk-test-reports@iol.unh.edu, Stephen Hemminger , Gagandeep Singh In-Reply-To: <20251007050012.2432449-6-g.singh@nxp.com> References: <20251007050012.2432449-6-g.singh@nxp.com> Content-Type: text/plain X-BeenThere: test-report@dpdk.org X-Mailman-Version: 2.1.29 Precedence: list List-Id: automatic DPDK test reports List-Unsubscribe: , List-Archive: List-Post: List-Help: List-Subscribe: , Errors-To: test-report-bounces@dpdk.org Test-Label: iol-compile-amd64-testing Test-Status: FAILURE http://dpdk.org/patch/157308 _Testing issues_ Submitter: Gagandeep Singh Date: Tuesday, October 07 2025 05:00:12 DPDK git baseline: Repo:dpdk-next-net Branch: master CommitID:c04bbd131b2c14b3049bf86d3ef367b34e6fdf1e 157304-157308 --> testing issues Upstream job id: Generic-DPDK-Compile-Meson#432169 Test environment and result as below: +-------------------------------+--------------------+-------------------------+-------------------+----------------------+-------------------+------------------+ | Environment | dpdk_meson_compile | dpdk_llvm_clang_compile | dpdk_msvc_compile | dpdk_mingw64_compile | dpdk_compile_spdk | dpdk_compile_ovs | +===============================+====================+=========================+===================+======================+===================+==================+ | Ubuntu 20.04 | PASS | SKIPPED | SKIPPED | SKIPPED | SKIPPED | SKIPPED | +-------------------------------+--------------------+-------------------------+-------------------+----------------------+-------------------+------------------+ | FreeBSD 14.2 | PASS | SKIPPED | SKIPPED | SKIPPED | SKIPPED | SKIPPED | +-------------------------------+--------------------+-------------------------+-------------------+----------------------+-------------------+------------------+ | CentOS Stream 9 | PASS | SKIPPED | SKIPPED | SKIPPED | PASS | SKIPPED | +-------------------------------+--------------------+-------------------------+-------------------+----------------------+-------------------+------------------+ | CentOS Stream 10 | PASS | SKIPPED | SKIPPED | SKIPPED | SKIPPED | SKIPPED | +-------------------------------+--------------------+-------------------------+-------------------+----------------------+-------------------+------------------+ | Debian GNU/Linux 12 | PASS | SKIPPED | SKIPPED | SKIPPED | PASS | SKIPPED | +-------------------------------+--------------------+-------------------------+-------------------+----------------------+-------------------+------------------+ | Fedora Linux 42 | PASS | SKIPPED | SKIPPED | SKIPPED | PASS | PASS | +-------------------------------+--------------------+-------------------------+-------------------+----------------------+-------------------+------------------+ | openSUSE Leap 15.6 | PASS | SKIPPED | SKIPPED | SKIPPED | SKIPPED | SKIPPED | +-------------------------------+--------------------+-------------------------+-------------------+----------------------+-------------------+------------------+ | Red Hat Enterprise Linux 8.10 | PASS | SKIPPED | SKIPPED | SKIPPED | SKIPPED | SKIPPED | +-------------------------------+--------------------+-------------------------+-------------------+----------------------+-------------------+------------------+ | Red Hat Enterprise Linux 9.5 | PASS | SKIPPED | SKIPPED | SKIPPED | SKIPPED | SKIPPED | +-------------------------------+--------------------+-------------------------+-------------------+----------------------+-------------------+------------------+ | Ubuntu 22.04 | PASS | SKIPPED | SKIPPED | SKIPPED | PASS | SKIPPED | +-------------------------------+--------------------+-------------------------+-------------------+----------------------+-------------------+------------------+ | Ubuntu 24.04 | FAIL | SKIPPED | SKIPPED | SKIPPED | PASS | PASS | +-------------------------------+--------------------+-------------------------+-------------------+----------------------+-------------------+------------------+ | Alpine Linux 3.22.0 | PASS | SKIPPED | SKIPPED | SKIPPED | SKIPPED | SKIPPED | +-------------------------------+--------------------+-------------------------+-------------------+----------------------+-------------------+------------------+ | Windows Server 2022 | SKIPPED | PASS | PASS | PASS | SKIPPED | SKIPPED | +-------------------------------+--------------------+-------------------------+-------------------+----------------------+-------------------+------------------+ ==== 20 line log output for Ubuntu 24.04 (dpdk_meson_compile): ==== [652/2717] Compiling C object drivers/libtmp_rte_bus_dpaa.a.p/bus_dpaa_base_fman_fman_hw.c.o [653/2717] Compiling C object drivers/libtmp_rte_bus_dpaa.a.p/bus_dpaa_base_fman_netcfg_layer.c.o [654/2717] Compiling C object drivers/libtmp_rte_bus_dpaa.a.p/bus_dpaa_base_qbman_bman.c.o [655/2717] Compiling C object drivers/libtmp_rte_bus_dpaa.a.p/bus_dpaa_base_qbman_bman_driver.c.o [656/2717] Compiling C object drivers/libtmp_rte_bus_dpaa.a.p/bus_dpaa_base_qbman_dpaa_alloc.c.o [657/2717] Compiling C object drivers/libtmp_rte_bus_dpaa.a.p/bus_dpaa_base_qbman_dpaa_sys.c.o [658/2717] Compiling C object drivers/libtmp_rte_bus_dpaa.a.p/bus_dpaa_base_qbman_process.c.o [659/2717] Compiling C object drivers/libtmp_rte_bus_dpaa.a.p/bus_dpaa_base_qbman_qman.c.o [660/2717] Compiling C object drivers/libtmp_rte_bus_dpaa.a.p/bus_dpaa_base_qbman_qman_driver.c.o FAILED: drivers/libtmp_rte_bus_dpaa.a.p/bus_dpaa_base_qbman_qman_driver.c.o cc -Idrivers/libtmp_rte_bus_dpaa.a.p -Idrivers -I../drivers -Idrivers/bus/dpaa -I../drivers/bus/dpaa -I../drivers/bus/dpaa/base -I../drivers/bus/dpaa/include -I../drivers/bus/dpaa/base/qbman -Ilib/eal/common -I../lib/eal/common -I. -I.. -Iconfig -I../config -Ilib/eal/include -I../lib/eal/include -Ilib/eal/linux/include -I../lib/eal/linux/include -Ilib/eal/x86/include -I../lib/eal/x86/include -I../kernel/linux -Ilib/eal -I../lib/eal -Ilib/kvargs -I../lib/kvargs -Ilib/log -I../lib/log -Ilib/metrics -I../lib/metrics -Ilib/telemetry -I../lib/telemetry -Idrivers/common/dpaax -I../drivers/common/dpaax -I../drivers/common/dpaax/caamflib -Ilib/eventdev -I../lib/eventdev -Ilib/ring -I../lib/ring -Ilib/ethdev -I../lib/ethdev -Ilib/net -I../lib/net -Ilib/mbuf -I../lib/mbuf -Ilib/mempool -I../lib/mempool -Ilib/meter -I../lib/meter -Ilib/hash -I../lib/hash -Ilib/rcu -I../lib/rcu -Ilib/timer -I../lib/timer -Ilib/cryptodev -I../lib/cryptodev -Ilib/dmadev -I../lib/dmadev -fdiagnostics-color=always - pipe -D_FILE_OFFSET_BITS=64 -Wall -Winvalid-pch -Wextra -Werror -std=c11 -O3 -include rte_config.h -Wvla -Wcast-qual -Wdeprecated -Wformat -Wformat-nonliteral -Wformat-security -Wmissing-declarations -Wmissing-prototypes -Wnested-externs -Wold-style-definition -Wpointer-arith -Wsign-compare -Wstrict-prototypes -Wundef -Wwrite-strings -Wno-packed-not-aligned -Wno-missing-field-initializers -Wno-pointer-to-int-cast -D_GNU_SOURCE -m32 -fPIC -march=native -mrtm -DALLOW_EXPERIMENTAL_API -DALLOW_INTERNAL_API -Wno-format-truncation -Wno-address-of-packed-member -Wno-cast-qual -Wno-pointer-arith -DRTE_LOG_DEFAULT_LOGTYPE=bus.dpaa -MD -MQ drivers/libtmp_rte_bus_dpaa.a.p/bus_dpaa_base_qbman_qman_driver.c.o -MF drivers/libtmp_rte_bus_dpaa.a.p/bus_dpaa_base_qbman_qman_driver.c.o.d -o drivers/libtmp_rte_bus_dpaa.a.p/bus_dpaa_base_qbman_qman_driver.c.o -c ../drivers/bus/dpaa/base/qbman/qman_driver.c ../drivers/bus/dpaa/base/qbman/qman_driver.c: In function 'dpaa_qm_iesr_irq_control': ../drivers/bus/dpaa/base/qbman/qman_driver.c:48:23: error: cast to pointer from integer of different size [-Werror=int-to-pointer-cast] 48 | val = in_be32((void *)((u64)qman_ccsr_map + REG_ERR_IER)); | ^ ../drivers/bus/dpaa/base/qbman/qman_driver.c:55:18: error: cast to pointer from integer of different size [-Werror=int-to-pointer-cast] 55 | out_be32((void *)((u64)qman_ccsr_map + REG_ERR_IER), val); | ^ cc1: all warnings being treated as errors ninja: build stopped: subcommand failed. ==== End log output ==== Ubuntu 20.04 Kernel: 4.19 Compiler: gcc gcc (Ubuntu 9.4.0-1ubuntu1~20.04.2) 9.4.0 FreeBSD 14.2 Kernel: 14.2-RELEASE Compiler: clang 18.1.6 CentOS Stream 9 Kernel: 5.15 Compiler: gcc gcc (GCC) 11.5.0 20240719 (Red Hat 11.5.0-11) CentOS Stream 10 Kernel: 5.15 Compiler: gcc gcc (GCC) 14.2.1 20250110 (Red Hat 14.2.1-8) Debian GNU/Linux 12 Kernel: 5.15 Compiler: gcc gcc (Debian 12.2.0-14+deb12u1) 12.2.0 Fedora Linux 42 Kernel: 5.15 Compiler: clang gcc (GCC) 15.2.1 20250808 (Red Hat 15.2.1-1) openSUSE Leap 15.6 Kernel: 5.15 Compiler: gcc gcc (SUSE Linux) 7.5.0 Red Hat Enterprise Linux 8.10 Kernel: 5.15 Compiler: gcc gcc (GCC) 8.5.0 20210514 (Red Hat 8.5.0-22) Red Hat Enterprise Linux 9.5 Kernel: 5.15 Compiler: gcc gcc (GCC) 11.5.0 20240719 (Red Hat 11.5.0-2) Ubuntu 22.04 Kernel: 5.15 Compiler: gcc gcc (Ubuntu 11.4.0-1ubuntu1~22.04) 11.4.0 Ubuntu 24.04 Kernel: 5.15 Compiler: gcc gcc (Ubuntu 13.3.0-6ubuntu2~24.04) 13.3.0 Alpine Linux 3.22.0 Kernel: 5.15 Compiler: gcc gcc (Alpine 14.2.0) 14.2.0 Windows Server 2022 Kernel: 10.0.20348.2031 Compiler: clang 15.0.7, gcc 14.1.0 (MinGW), and MSVC VS 19.39.33521 To view detailed results, visit: https://lab.dpdk.org/results/dashboard/patchsets/34226/ UNH-IOL DPDK Community Lab To manage your email subscriptions, visit: https://lab.dpdk.org/results/dashboard/preferences/subscriptions/