From: dpdklab@iol.unh.edu
To: Test Report <test-report@dpdk.org>
Cc: dpdk-test-reports@iol.unh.edu,
Stephen Hemminger <stephen@networkplumber.org>,
Gagandeep Singh <g.singh@nxp.com>
Subject: |FAILURE| pw157304-157308 [PATCH] [5/5] net/dpaa: Fix coverity issue
Date: Wed, 08 Oct 2025 01:45:45 -0700 (PDT) [thread overview]
Message-ID: <68e624b9.050a0220.3d6405.f281SMTPIN_ADDED_MISSING@mx.google.com> (raw)
In-Reply-To: <20251007050012.2432449-6-g.singh@nxp.com>
Test-Label: iol-compile-amd64-testing
Test-Status: FAILURE
http://dpdk.org/patch/157308
_Testing issues_
Submitter: Gagandeep Singh <g.singh@nxp.com>
Date: Tuesday, October 07 2025 05:00:12
DPDK git baseline: Repo:dpdk-next-net
Branch: master
CommitID:c04bbd131b2c14b3049bf86d3ef367b34e6fdf1e
157304-157308 --> testing issues
Upstream job id: Generic-DPDK-Compile-Meson#432172
Test environment and result as below:
+-------------------------------+--------------------+-------------------------+-------------------+----------------------+-------------------+------------------+
| Environment | dpdk_meson_compile | dpdk_llvm_clang_compile | dpdk_msvc_compile | dpdk_mingw64_compile | dpdk_compile_spdk | dpdk_compile_ovs |
+===============================+====================+=========================+===================+======================+===================+==================+
| Ubuntu 20.04 | PASS | SKIPPED | SKIPPED | SKIPPED | SKIPPED | SKIPPED |
+-------------------------------+--------------------+-------------------------+-------------------+----------------------+-------------------+------------------+
| FreeBSD 14.2 | PASS | SKIPPED | SKIPPED | SKIPPED | SKIPPED | SKIPPED |
+-------------------------------+--------------------+-------------------------+-------------------+----------------------+-------------------+------------------+
| CentOS Stream 9 | PASS | SKIPPED | SKIPPED | SKIPPED | PASS | SKIPPED |
+-------------------------------+--------------------+-------------------------+-------------------+----------------------+-------------------+------------------+
| CentOS Stream 10 | PASS | SKIPPED | SKIPPED | SKIPPED | SKIPPED | SKIPPED |
+-------------------------------+--------------------+-------------------------+-------------------+----------------------+-------------------+------------------+
| Debian GNU/Linux 12 | PASS | SKIPPED | SKIPPED | SKIPPED | PASS | SKIPPED |
+-------------------------------+--------------------+-------------------------+-------------------+----------------------+-------------------+------------------+
| Fedora Linux 42 | PASS | SKIPPED | SKIPPED | SKIPPED | PASS | PASS |
+-------------------------------+--------------------+-------------------------+-------------------+----------------------+-------------------+------------------+
| openSUSE Leap 15.6 | PASS | SKIPPED | SKIPPED | SKIPPED | SKIPPED | SKIPPED |
+-------------------------------+--------------------+-------------------------+-------------------+----------------------+-------------------+------------------+
| Red Hat Enterprise Linux 8.10 | PASS | SKIPPED | SKIPPED | SKIPPED | SKIPPED | SKIPPED |
+-------------------------------+--------------------+-------------------------+-------------------+----------------------+-------------------+------------------+
| Red Hat Enterprise Linux 9.5 | PASS | SKIPPED | SKIPPED | SKIPPED | SKIPPED | SKIPPED |
+-------------------------------+--------------------+-------------------------+-------------------+----------------------+-------------------+------------------+
| Ubuntu 22.04 | PASS | SKIPPED | SKIPPED | SKIPPED | PASS | SKIPPED |
+-------------------------------+--------------------+-------------------------+-------------------+----------------------+-------------------+------------------+
| Ubuntu 24.04 | FAIL | SKIPPED | SKIPPED | SKIPPED | PASS | PASS |
+-------------------------------+--------------------+-------------------------+-------------------+----------------------+-------------------+------------------+
| Alpine Linux 3.22.0 | PASS | SKIPPED | SKIPPED | SKIPPED | SKIPPED | SKIPPED |
+-------------------------------+--------------------+-------------------------+-------------------+----------------------+-------------------+------------------+
| Windows Server 2022 | SKIPPED | PASS | PASS | PASS | SKIPPED | SKIPPED |
+-------------------------------+--------------------+-------------------------+-------------------+----------------------+-------------------+------------------+
==== 20 line log output for Ubuntu 24.04 (dpdk_meson_compile): ====
[652/2717] Compiling C object drivers/libtmp_rte_bus_dpaa.a.p/bus_dpaa_base_fman_fman_hw.c.o
[653/2717] Compiling C object drivers/libtmp_rte_bus_dpaa.a.p/bus_dpaa_base_fman_netcfg_layer.c.o
[654/2717] Compiling C object drivers/libtmp_rte_bus_dpaa.a.p/bus_dpaa_base_qbman_bman.c.o
[655/2717] Compiling C object drivers/libtmp_rte_bus_dpaa.a.p/bus_dpaa_base_qbman_bman_driver.c.o
[656/2717] Compiling C object drivers/libtmp_rte_bus_dpaa.a.p/bus_dpaa_base_qbman_dpaa_alloc.c.o
[657/2717] Compiling C object drivers/libtmp_rte_bus_dpaa.a.p/bus_dpaa_base_qbman_dpaa_sys.c.o
[658/2717] Compiling C object drivers/libtmp_rte_bus_dpaa.a.p/bus_dpaa_base_qbman_process.c.o
[659/2717] Compiling C object drivers/libtmp_rte_bus_dpaa.a.p/bus_dpaa_base_qbman_qman.c.o
[660/2717] Compiling C object drivers/libtmp_rte_bus_dpaa.a.p/bus_dpaa_base_qbman_qman_driver.c.o
FAILED: drivers/libtmp_rte_bus_dpaa.a.p/bus_dpaa_base_qbman_qman_driver.c.o
cc -Idrivers/libtmp_rte_bus_dpaa.a.p -Idrivers -I../drivers -Idrivers/bus/dpaa -I../drivers/bus/dpaa -I../drivers/bus/dpaa/base -I../drivers/bus/dpaa/include -I../drivers/bus/dpaa/base/qbman -Ilib/eal/common -I../lib/eal/common -I. -I.. -Iconfig -I../config -Ilib/eal/include -I../lib/eal/include -Ilib/eal/linux/include -I../lib/eal/linux/include -Ilib/eal/x86/include -I../lib/eal/x86/include -I../kernel/linux -Ilib/eal -I../lib/eal -Ilib/kvargs -I../lib/kvargs -Ilib/log -I../lib/log -Ilib/metrics -I../lib/metrics -Ilib/telemetry -I../lib/telemetry -Idrivers/common/dpaax -I../drivers/common/dpaax -I../drivers/common/dpaax/caamflib -Ilib/eventdev -I../lib/eventdev -Ilib/ring -I../lib/ring -Ilib/ethdev -I../lib/ethdev -Ilib/net -I../lib/net -Ilib/mbuf -I../lib/mbuf -Ilib/mempool -I../lib/mempool -Ilib/meter -I../lib/meter -Ilib/hash -I../lib/hash -Ilib/rcu -I../lib/rcu -Ilib/timer -I../lib/timer -Ilib/cryptodev -I../lib/cryptodev -Ilib/dmadev -I../lib/dmadev -fdiagnostics-color=always -
pipe -D_FILE_OFFSET_BITS=64 -Wall -Winvalid-pch -Wextra -Werror -std=c11 -O3 -include rte_config.h -Wvla -Wcast-qual -Wdeprecated -Wformat -Wformat-nonliteral -Wformat-security -Wmissing-declarations -Wmissing-prototypes -Wnested-externs -Wold-style-definition -Wpointer-arith -Wsign-compare -Wstrict-prototypes -Wundef -Wwrite-strings -Wno-packed-not-aligned -Wno-missing-field-initializers -Wno-pointer-to-int-cast -D_GNU_SOURCE -m32 -fPIC -march=native -mrtm -DALLOW_EXPERIMENTAL_API -DALLOW_INTERNAL_API -Wno-format-truncation -Wno-address-of-packed-member -Wno-cast-qual -Wno-pointer-arith -DRTE_LOG_DEFAULT_LOGTYPE=bus.dpaa -MD -MQ drivers/libtmp_rte_bus_dpaa.a.p/bus_dpaa_base_qbman_qman_driver.c.o -MF drivers/libtmp_rte_bus_dpaa.a.p/bus_dpaa_base_qbman_qman_driver.c.o.d -o drivers/libtmp_rte_bus_dpaa.a.p/bus_dpaa_base_qbman_qman_driver.c.o -c ../drivers/bus/dpaa/base/qbman/qman_driver.c
../drivers/bus/dpaa/base/qbman/qman_driver.c: In function 'dpaa_qm_iesr_irq_control':
../drivers/bus/dpaa/base/qbman/qman_driver.c:48:23: error: cast to pointer from integer of different size [-Werror=int-to-pointer-cast]
48 | val = in_be32((void *)((u64)qman_ccsr_map + REG_ERR_IER));
| ^
../drivers/bus/dpaa/base/qbman/qman_driver.c:55:18: error: cast to pointer from integer of different size [-Werror=int-to-pointer-cast]
55 | out_be32((void *)((u64)qman_ccsr_map + REG_ERR_IER), val);
| ^
cc1: all warnings being treated as errors
ninja: build stopped: subcommand failed.
==== End log output ====
Ubuntu 20.04
Kernel: 4.19
Compiler: gcc gcc (Ubuntu 9.4.0-1ubuntu1~20.04.2) 9.4.0
FreeBSD 14.2
Kernel: 14.2-RELEASE
Compiler: clang 18.1.6
CentOS Stream 9
Kernel: 5.15
Compiler: gcc gcc (GCC) 11.5.0 20240719 (Red Hat 11.5.0-11)
CentOS Stream 10
Kernel: 5.15
Compiler: gcc gcc (GCC) 14.2.1 20250110 (Red Hat 14.2.1-8)
Debian GNU/Linux 12
Kernel: 5.15
Compiler: gcc gcc (Debian 12.2.0-14+deb12u1) 12.2.0
Fedora Linux 42
Kernel: 5.15
Compiler: clang gcc (GCC) 15.2.1 20250808 (Red Hat 15.2.1-1)
openSUSE Leap 15.6
Kernel: 5.15
Compiler: gcc gcc (SUSE Linux) 7.5.0
Red Hat Enterprise Linux 8.10
Kernel: 5.15
Compiler: gcc gcc (GCC) 8.5.0 20210514 (Red Hat 8.5.0-22)
Red Hat Enterprise Linux 9.5
Kernel: 5.15
Compiler: gcc gcc (GCC) 11.5.0 20240719 (Red Hat 11.5.0-2)
Ubuntu 22.04
Kernel: 5.15
Compiler: gcc gcc (Ubuntu 11.4.0-1ubuntu1~22.04) 11.4.0
Ubuntu 24.04
Kernel: 5.15
Compiler: gcc gcc (Ubuntu 13.3.0-6ubuntu2~24.04) 13.3.0
Alpine Linux 3.22.0
Kernel: 5.15
Compiler: gcc gcc (Alpine 14.2.0) 14.2.0
Windows Server 2022
Kernel: 10.0.20348.2031
Compiler: clang 15.0.7, gcc 14.1.0 (MinGW), and MSVC VS 19.39.33521
To view detailed results, visit:
https://lab.dpdk.org/results/dashboard/patchsets/34226/
UNH-IOL DPDK Community Lab
To manage your email subscriptions, visit:
https://lab.dpdk.org/results/dashboard/preferences/subscriptions/
next prev parent reply other threads:[~2025-10-08 8:45 UTC|newest]
Thread overview: 25+ messages / expand[flat|nested] mbox.gz Atom feed top
[not found] <20251007050012.2432449-6-g.singh@nxp.com>
2025-10-07 4:27 ` |SUCCESS| pw157304-157308 [PATCH 5/5] " qemudev
2025-10-07 4:32 ` qemudev
2025-10-07 5:02 ` |SUCCESS| pw157308 " checkpatch
2025-10-07 5:30 ` |PENDING| pw157304-157308 [PATCH] [5/5] " dpdklab
2025-10-07 5:34 ` |SUCCESS| " dpdklab
2025-10-07 5:40 ` dpdklab
2025-10-07 5:43 ` dpdklab
2025-10-07 5:52 ` dpdklab
2025-10-07 6:08 ` dpdklab
2025-10-07 6:15 ` |PENDING| " dpdklab
2025-10-07 6:15 ` dpdklab
2025-10-07 6:19 ` |FAILURE| pw157308 [PATCH 5/5] " 0-day Robot
2025-10-07 6:20 ` |SUCCESS| pw157304-157308 [PATCH] [5/5] " dpdklab
2025-10-07 6:29 ` dpdklab
2025-10-07 7:36 ` dpdklab
2025-10-07 7:41 ` dpdklab
2025-10-07 7:48 ` dpdklab
2025-10-07 8:11 ` dpdklab
2025-10-07 9:48 ` dpdklab
2025-10-07 18:03 ` dpdklab
2025-10-08 1:11 ` dpdklab
2025-10-08 8:41 ` |FAILURE| " dpdklab
2025-10-08 8:45 ` dpdklab
2025-10-08 8:45 ` dpdklab [this message]
2025-10-08 8:46 ` dpdklab
Reply instructions:
You may reply publicly to this message via plain-text email
using any one of the following methods:
* Save the following mbox file, import it into your mail client,
and reply-to-all from there: mbox
Avoid top-posting and favor interleaved quoting:
https://en.wikipedia.org/wiki/Posting_style#Interleaved_style
* Reply using the --to, --cc, and --in-reply-to
switches of git-send-email(1):
git send-email \
--in-reply-to=68e624b9.050a0220.3d6405.f281SMTPIN_ADDED_MISSING@mx.google.com \
--to=dpdklab@iol.unh.edu \
--cc=dpdk-test-reports@iol.unh.edu \
--cc=g.singh@nxp.com \
--cc=stephen@networkplumber.org \
--cc=test-report@dpdk.org \
/path/to/YOUR_REPLY
https://kernel.org/pub/software/scm/git/docs/git-send-email.html
* If your mail client supports setting the In-Reply-To header
via mailto: links, try the mailto: link
Be sure your reply has a Subject: header at the top and a blank line
before the message body.
This is a public inbox, see mirroring instructions
for how to clone and mirror all data and code used for this inbox;
as well as URLs for NNTP newsgroup(s).