From mboxrd@z Thu Jan 1 00:00:00 1970 Return-Path: Received: from mails.dpdk.org (mails.dpdk.org [217.70.189.124]) by inbox.dpdk.org (Postfix) with ESMTP id 3BBF1488E1 for ; Wed, 8 Oct 2025 10:45:48 +0200 (CEST) Received: from mails.dpdk.org (localhost [127.0.0.1]) by mails.dpdk.org (Postfix) with ESMTP id 36D5D40297; Wed, 8 Oct 2025 10:45:48 +0200 (CEST) Received: from mail-io1-f100.google.com (mail-io1-f100.google.com [209.85.166.100]) by mails.dpdk.org (Postfix) with ESMTP id 45C4540297 for ; Wed, 8 Oct 2025 10:45:46 +0200 (CEST) Received: by mail-io1-f100.google.com with SMTP id ca18e2360f4ac-8ca2e53c37bso615867339f.3 for ; Wed, 08 Oct 2025 01:45:46 -0700 (PDT) DKIM-Signature: v=1; a=rsa-sha256; c=relaxed/relaxed; d=iol.unh.edu; s=unh-iol; t=1759913145; x=1760517945; darn=dpdk.org; h=references:in-reply-to:cc:to:from:subject:message-id:date:from:to :cc:subject:date:message-id:reply-to; bh=v+igHgiop3Ddni9L9FP/5brrWuYRQ+CenX/K7+0qeLc=; b=Eh9/e92pSGfiGizzeqfoD/M5AYCFL+KmhB8yBz+GKbWQQmdbB3sVNmIACPFrJIOGql E7ffVBeS+bM4fh9wNSyJW9yEvFK/CVQbAs+L7IX5KLgmDQSZMZY4k1PSkQ4+MBk2Ogb3 55kUarWADTuXmU/J8XVWTjm/uY+C0cDriof4k= X-Google-DKIM-Signature: v=1; a=rsa-sha256; c=relaxed/relaxed; d=1e100.net; s=20230601; t=1759913145; x=1760517945; h=references:in-reply-to:cc:to:from:subject:message-id:date :x-gm-message-state:from:to:cc:subject:date:message-id:reply-to; bh=v+igHgiop3Ddni9L9FP/5brrWuYRQ+CenX/K7+0qeLc=; b=DUbZevmJo1rWt47S8afVXv20GTF/oJ+JAgzjUA22rxbQTJ1LurzWzzuhhedQ02qTlT aa74ZuMP2UNxGNmDDbk+eIzWVG9MfDlxEMqi3Z05fO+I3+clX/F9BoG7v7sOqLWuJcXm D5sqN530iwQifFbOO43GCIsJLCVygTNdhy6uew+gN6ogInBPLLDVvsJpfz2ujuFD2Beh icLqmLYf1Y+BYEGTzntwC15at0v3hByWchWpZ206s2R0t3toPS5eR4kd3WJDBi/NJrPt o6quFMFuV2zt+zPs+R86E1fdgEMuuaMceVw+W5TYhyMhOlP99dLKjjk+YDaTcQI9LOrG 3Uxw== X-Gm-Message-State: AOJu0Yx38OnPaX12HDDajUWkf8Zj04v0ddGeiSisLNCWVNayExgXOL+a HEFoanOg1bvnr0sELg/hjccWG7LfIRYUyKlHxezLM0C2OjWxVDiuQ+blhKqboPIadntLvIqIhhk mMvv7r+3utYrEAc3T97JosdCXNrEoZ+S/LSWsV8xTx8Ad X-Gm-Gg: ASbGncuhV5Q4qtNq4qe6i6+WbWQltwGcv+bgSxBQTLegjOuA+PB7havC3/+eCQjtQfE XhK0FCrtBpGsKqmuxt0sjcdJtNhhbf7OwZeu/MOVMhhCOVdPtAApBdnifFAQ48Sk3fqovQ4ZZ3s AfLr7t8RdzbuZIkz5MrFmiJmc1cihy+5zD9xn+In5MjbyBqe4ihD3BjpiUpJBACwwksjFex+0JH U/fyy4FLEBbDrgYjo2msT3p61/1KLrBkE3DJhbyl6aywB5+YqFSdgEZr396UJ6hAnxbxmj93mJN K20vseGHPYVV3TI0UbPtYQ7xhxwxuFThUP1m+SUx86Z9BOcxZuFu2lqvn1yc7zROhUFo49Yeo4y lQQ== X-Google-Smtp-Source: AGHT+IHt9bTpR9rniTcPjwWUJFVkdmyStGBI+SInL53uslD+c8/OmJ1cRX/Sr38LuhDsHFpPFikLbybcka7S X-Received: by 2002:a05:6602:6402:b0:938:6d80:960e with SMTP id ca18e2360f4ac-93bd19825demr219068839f.17.1759913145540; Wed, 08 Oct 2025 01:45:45 -0700 (PDT) Received: from postal.iol.unh.edu (postal.iol.unh.edu. [132.177.123.84]) by smtp-relay.gmail.com with ESMTPS id 8926c6da1cb9f-57b5edd2601sm1162648173.48.2025.10.08.01.45.45 (version=TLS1_2 cipher=ECDHE-ECDSA-AES128-GCM-SHA256 bits=128/128); Wed, 08 Oct 2025 01:45:45 -0700 (PDT) X-Relaying-Domain: iol.unh.edu Date: Wed, 08 Oct 2025 01:45:45 -0700 (PDT) Message-ID: <68e624b9.050a0220.3d6405.f281SMTPIN_ADDED_MISSING@mx.google.com> Received: from [172.21.0.6] (unknown [172.18.0.240]) by postal.iol.unh.edu (Postfix) with ESMTP id 2F1206051830; Wed, 8 Oct 2025 04:45:45 -0400 (EDT) Subject: |FAILURE| pw157304-157308 [PATCH] [5/5] net/dpaa: Fix coverity issue From: dpdklab@iol.unh.edu To: Test Report Cc: dpdk-test-reports@iol.unh.edu, Stephen Hemminger , Gagandeep Singh In-Reply-To: <20251007050012.2432449-6-g.singh@nxp.com> References: <20251007050012.2432449-6-g.singh@nxp.com> Content-Type: text/plain X-BeenThere: test-report@dpdk.org X-Mailman-Version: 2.1.29 Precedence: list List-Id: automatic DPDK test reports List-Unsubscribe: , List-Archive: List-Post: List-Help: List-Subscribe: , Errors-To: test-report-bounces@dpdk.org Test-Label: iol-compile-amd64-testing Test-Status: FAILURE http://dpdk.org/patch/157308 _Testing issues_ Submitter: Gagandeep Singh Date: Tuesday, October 07 2025 05:00:12 DPDK git baseline: Repo:dpdk-next-net Branch: master CommitID:c04bbd131b2c14b3049bf86d3ef367b34e6fdf1e 157304-157308 --> testing issues Upstream job id: Generic-DPDK-Compile-Meson#432172 Test environment and result as below: +-------------------------------+--------------------+-------------------------+-------------------+----------------------+-------------------+------------------+ | Environment | dpdk_meson_compile | dpdk_llvm_clang_compile | dpdk_msvc_compile | dpdk_mingw64_compile | dpdk_compile_spdk | dpdk_compile_ovs | +===============================+====================+=========================+===================+======================+===================+==================+ | Ubuntu 20.04 | PASS | SKIPPED | SKIPPED | SKIPPED | SKIPPED | SKIPPED | +-------------------------------+--------------------+-------------------------+-------------------+----------------------+-------------------+------------------+ | FreeBSD 14.2 | PASS | SKIPPED | SKIPPED | SKIPPED | SKIPPED | SKIPPED | +-------------------------------+--------------------+-------------------------+-------------------+----------------------+-------------------+------------------+ | CentOS Stream 9 | PASS | SKIPPED | SKIPPED | SKIPPED | PASS | SKIPPED | +-------------------------------+--------------------+-------------------------+-------------------+----------------------+-------------------+------------------+ | CentOS Stream 10 | PASS | SKIPPED | SKIPPED | SKIPPED | SKIPPED | SKIPPED | +-------------------------------+--------------------+-------------------------+-------------------+----------------------+-------------------+------------------+ | Debian GNU/Linux 12 | PASS | SKIPPED | SKIPPED | SKIPPED | PASS | SKIPPED | +-------------------------------+--------------------+-------------------------+-------------------+----------------------+-------------------+------------------+ | Fedora Linux 42 | PASS | SKIPPED | SKIPPED | SKIPPED | PASS | PASS | +-------------------------------+--------------------+-------------------------+-------------------+----------------------+-------------------+------------------+ | openSUSE Leap 15.6 | PASS | SKIPPED | SKIPPED | SKIPPED | SKIPPED | SKIPPED | +-------------------------------+--------------------+-------------------------+-------------------+----------------------+-------------------+------------------+ | Red Hat Enterprise Linux 8.10 | PASS | SKIPPED | SKIPPED | SKIPPED | SKIPPED | SKIPPED | +-------------------------------+--------------------+-------------------------+-------------------+----------------------+-------------------+------------------+ | Red Hat Enterprise Linux 9.5 | PASS | SKIPPED | SKIPPED | SKIPPED | SKIPPED | SKIPPED | +-------------------------------+--------------------+-------------------------+-------------------+----------------------+-------------------+------------------+ | Ubuntu 22.04 | PASS | SKIPPED | SKIPPED | SKIPPED | PASS | SKIPPED | +-------------------------------+--------------------+-------------------------+-------------------+----------------------+-------------------+------------------+ | Ubuntu 24.04 | FAIL | SKIPPED | SKIPPED | SKIPPED | PASS | PASS | +-------------------------------+--------------------+-------------------------+-------------------+----------------------+-------------------+------------------+ | Alpine Linux 3.22.0 | PASS | SKIPPED | SKIPPED | SKIPPED | SKIPPED | SKIPPED | +-------------------------------+--------------------+-------------------------+-------------------+----------------------+-------------------+------------------+ | Windows Server 2022 | SKIPPED | PASS | PASS | PASS | SKIPPED | SKIPPED | +-------------------------------+--------------------+-------------------------+-------------------+----------------------+-------------------+------------------+ ==== 20 line log output for Ubuntu 24.04 (dpdk_meson_compile): ==== [652/2717] Compiling C object drivers/libtmp_rte_bus_dpaa.a.p/bus_dpaa_base_fman_fman_hw.c.o [653/2717] Compiling C object drivers/libtmp_rte_bus_dpaa.a.p/bus_dpaa_base_fman_netcfg_layer.c.o [654/2717] Compiling C object drivers/libtmp_rte_bus_dpaa.a.p/bus_dpaa_base_qbman_bman.c.o [655/2717] Compiling C object drivers/libtmp_rte_bus_dpaa.a.p/bus_dpaa_base_qbman_bman_driver.c.o [656/2717] Compiling C object drivers/libtmp_rte_bus_dpaa.a.p/bus_dpaa_base_qbman_dpaa_alloc.c.o [657/2717] Compiling C object drivers/libtmp_rte_bus_dpaa.a.p/bus_dpaa_base_qbman_dpaa_sys.c.o [658/2717] Compiling C object drivers/libtmp_rte_bus_dpaa.a.p/bus_dpaa_base_qbman_process.c.o [659/2717] Compiling C object drivers/libtmp_rte_bus_dpaa.a.p/bus_dpaa_base_qbman_qman.c.o [660/2717] Compiling C object drivers/libtmp_rte_bus_dpaa.a.p/bus_dpaa_base_qbman_qman_driver.c.o FAILED: drivers/libtmp_rte_bus_dpaa.a.p/bus_dpaa_base_qbman_qman_driver.c.o cc -Idrivers/libtmp_rte_bus_dpaa.a.p -Idrivers -I../drivers -Idrivers/bus/dpaa -I../drivers/bus/dpaa -I../drivers/bus/dpaa/base -I../drivers/bus/dpaa/include -I../drivers/bus/dpaa/base/qbman -Ilib/eal/common -I../lib/eal/common -I. -I.. -Iconfig -I../config -Ilib/eal/include -I../lib/eal/include -Ilib/eal/linux/include -I../lib/eal/linux/include -Ilib/eal/x86/include -I../lib/eal/x86/include -I../kernel/linux -Ilib/eal -I../lib/eal -Ilib/kvargs -I../lib/kvargs -Ilib/log -I../lib/log -Ilib/metrics -I../lib/metrics -Ilib/telemetry -I../lib/telemetry -Idrivers/common/dpaax -I../drivers/common/dpaax -I../drivers/common/dpaax/caamflib -Ilib/eventdev -I../lib/eventdev -Ilib/ring -I../lib/ring -Ilib/ethdev -I../lib/ethdev -Ilib/net -I../lib/net -Ilib/mbuf -I../lib/mbuf -Ilib/mempool -I../lib/mempool -Ilib/meter -I../lib/meter -Ilib/hash -I../lib/hash -Ilib/rcu -I../lib/rcu -Ilib/timer -I../lib/timer -Ilib/cryptodev -I../lib/cryptodev -Ilib/dmadev -I../lib/dmadev -fdiagnostics-color=always - pipe -D_FILE_OFFSET_BITS=64 -Wall -Winvalid-pch -Wextra -Werror -std=c11 -O3 -include rte_config.h -Wvla -Wcast-qual -Wdeprecated -Wformat -Wformat-nonliteral -Wformat-security -Wmissing-declarations -Wmissing-prototypes -Wnested-externs -Wold-style-definition -Wpointer-arith -Wsign-compare -Wstrict-prototypes -Wundef -Wwrite-strings -Wno-packed-not-aligned -Wno-missing-field-initializers -Wno-pointer-to-int-cast -D_GNU_SOURCE -m32 -fPIC -march=native -mrtm -DALLOW_EXPERIMENTAL_API -DALLOW_INTERNAL_API -Wno-format-truncation -Wno-address-of-packed-member -Wno-cast-qual -Wno-pointer-arith -DRTE_LOG_DEFAULT_LOGTYPE=bus.dpaa -MD -MQ drivers/libtmp_rte_bus_dpaa.a.p/bus_dpaa_base_qbman_qman_driver.c.o -MF drivers/libtmp_rte_bus_dpaa.a.p/bus_dpaa_base_qbman_qman_driver.c.o.d -o drivers/libtmp_rte_bus_dpaa.a.p/bus_dpaa_base_qbman_qman_driver.c.o -c ../drivers/bus/dpaa/base/qbman/qman_driver.c ../drivers/bus/dpaa/base/qbman/qman_driver.c: In function 'dpaa_qm_iesr_irq_control': ../drivers/bus/dpaa/base/qbman/qman_driver.c:48:23: error: cast to pointer from integer of different size [-Werror=int-to-pointer-cast] 48 | val = in_be32((void *)((u64)qman_ccsr_map + REG_ERR_IER)); | ^ ../drivers/bus/dpaa/base/qbman/qman_driver.c:55:18: error: cast to pointer from integer of different size [-Werror=int-to-pointer-cast] 55 | out_be32((void *)((u64)qman_ccsr_map + REG_ERR_IER), val); | ^ cc1: all warnings being treated as errors ninja: build stopped: subcommand failed. ==== End log output ==== Ubuntu 20.04 Kernel: 4.19 Compiler: gcc gcc (Ubuntu 9.4.0-1ubuntu1~20.04.2) 9.4.0 FreeBSD 14.2 Kernel: 14.2-RELEASE Compiler: clang 18.1.6 CentOS Stream 9 Kernel: 5.15 Compiler: gcc gcc (GCC) 11.5.0 20240719 (Red Hat 11.5.0-11) CentOS Stream 10 Kernel: 5.15 Compiler: gcc gcc (GCC) 14.2.1 20250110 (Red Hat 14.2.1-8) Debian GNU/Linux 12 Kernel: 5.15 Compiler: gcc gcc (Debian 12.2.0-14+deb12u1) 12.2.0 Fedora Linux 42 Kernel: 5.15 Compiler: clang gcc (GCC) 15.2.1 20250808 (Red Hat 15.2.1-1) openSUSE Leap 15.6 Kernel: 5.15 Compiler: gcc gcc (SUSE Linux) 7.5.0 Red Hat Enterprise Linux 8.10 Kernel: 5.15 Compiler: gcc gcc (GCC) 8.5.0 20210514 (Red Hat 8.5.0-22) Red Hat Enterprise Linux 9.5 Kernel: 5.15 Compiler: gcc gcc (GCC) 11.5.0 20240719 (Red Hat 11.5.0-2) Ubuntu 22.04 Kernel: 5.15 Compiler: gcc gcc (Ubuntu 11.4.0-1ubuntu1~22.04) 11.4.0 Ubuntu 24.04 Kernel: 5.15 Compiler: gcc gcc (Ubuntu 13.3.0-6ubuntu2~24.04) 13.3.0 Alpine Linux 3.22.0 Kernel: 5.15 Compiler: gcc gcc (Alpine 14.2.0) 14.2.0 Windows Server 2022 Kernel: 10.0.20348.2031 Compiler: clang 15.0.7, gcc 14.1.0 (MinGW), and MSVC VS 19.39.33521 To view detailed results, visit: https://lab.dpdk.org/results/dashboard/patchsets/34226/ UNH-IOL DPDK Community Lab To manage your email subscriptions, visit: https://lab.dpdk.org/results/dashboard/preferences/subscriptions/