From mboxrd@z Thu Jan 1 00:00:00 1970 Return-Path: Received: from mails.dpdk.org (mails.dpdk.org [217.70.189.124]) by inbox.dpdk.org (Postfix) with ESMTP id 4222A488E3 for ; Wed, 8 Oct 2025 16:56:02 +0200 (CEST) Received: from mails.dpdk.org (localhost [127.0.0.1]) by mails.dpdk.org (Postfix) with ESMTP id 1F58240267; Wed, 8 Oct 2025 16:56:02 +0200 (CEST) Received: from mail-pg1-f227.google.com (mail-pg1-f227.google.com [209.85.215.227]) by mails.dpdk.org (Postfix) with ESMTP id 2292D40267 for ; Wed, 8 Oct 2025 16:56:01 +0200 (CEST) Received: by mail-pg1-f227.google.com with SMTP id 41be03b00d2f7-b556284db11so7070405a12.0 for ; Wed, 08 Oct 2025 07:56:01 -0700 (PDT) DKIM-Signature: v=1; a=rsa-sha256; c=relaxed/relaxed; d=iol.unh.edu; s=unh-iol; t=1759935360; x=1760540160; darn=dpdk.org; h=cc:to:from:subject:message-id:date:from:to:cc:subject:date :message-id:reply-to; bh=jq9jN9cxHGvZAXBYVPDas0hPcvKLH/iMElxY85fBMHo=; b=PlRRIatV1aNhZijkZn8uytwwKHun/tn1lajuPlb4QetBh5N0y4ZK2VsnZv4/MTrnhd Cy25DZVOzf6cTE1ewx9I0SvHO40hDKZaMAFCnu90usAxf4Yi+4GrO5cAqli6EqfZon4d D2sDHq1qWIT3m+zJvnk+V/7jp85o0STrJCU+4= X-Google-DKIM-Signature: v=1; a=rsa-sha256; c=relaxed/relaxed; d=1e100.net; s=20230601; t=1759935360; x=1760540160; h=cc:to:from:subject:message-id:date:x-gm-message-state:from:to:cc :subject:date:message-id:reply-to; bh=jq9jN9cxHGvZAXBYVPDas0hPcvKLH/iMElxY85fBMHo=; b=JSKE7KYOdSHPPvFw+ue/TbomXfLObSI0pBlPeaH4imjp7zvvEk8hsRxYLJiUH1uL+2 pjqhZMlUAsweLf1jDspAMB7zkGAnWftkmXAZiRh57R2a3rVl9Ok2EAE+LCWP8UoUTNFZ Qu0D2jCKxf0hmwk1qLZsJbyPu2BhMvCbkkCtKJ/NkfIiXeF6GmiPJtADexhpELThyGG5 VLyj+eN8vJvqy5hRqux88CvdUK26Qy1v5Heb3n6dkbubjOllxD0F3n68ULLBngE9NVhX 5l49td1eMMCNXregeYf7zOD/39KDWkYuqGisr/LCNRXFOw+itXOdGfSjBxa4bZfInIip 5hjg== X-Gm-Message-State: AOJu0YwZQcgqQ5OElOWaq7PB+FfOlf57iJmuzrDwo59N1q3/ymkJhJY3 P9l78W7uT7h3Tx3wQ5R/MF4iZ58Lw1n0XRa5dz9Tk9w2maQeNdpszZYcj8B7mdVmxd4wM6LU6wi UJ+PImmyviL1ILoCt9RWoEDKK+lo9E9imTwZ3Wm2UPlEM6NoWxRXj X-Gm-Gg: ASbGncuG6F56ZeVm7Wpl5kuolnzomUd1B4PFoifD8/h4eXu059mEsmPmgAOpr5flMhc i6Jk5a5z02kD411TlQktZ92hZcrDuZSVGoUwAIx0+LsKjVhfgC7x519cSoMm/CAt3IacurP4KkZ HyCcMXy4eFlM2hcYpHwehF2HCQXh4neHURPQnBG3LN88Np1A0Z5Ie2rcZaFR2XNOXJAlvYMrmWa /ZXCf4TF1oBbUpLZTklwkEaXgCnkMVkLISeB0P33Y9sue69dDG0HshQA/O0UOalGk93m7zNVqN6 m+n3i82roBIxXD634aCXlbuk1HAeLEkwyuuPPu81DXhq11zHPZBNsGk= X-Google-Smtp-Source: AGHT+IFIAnrh+EaHKRkrMvh77xASeYefkUtvd22HHVd06VW07FLXwvCKTHgKRF+74DS3g7t7dpsC2+XGkfQh X-Received: by 2002:a17:903:3c2c:b0:262:9c4:5470 with SMTP id d9443c01a7336-290273eef49mr46218495ad.28.1759935360128; Wed, 08 Oct 2025 07:56:00 -0700 (PDT) Received: from postal.iol.unh.edu (postal.iol.unh.edu. [2606:4100:3880:1234::84]) by smtp-relay.gmail.com with ESMTPS id d9443c01a7336-28e8d181439sm14598495ad.46.2025.10.08.07.56.00 (version=TLS1_2 cipher=ECDHE-ECDSA-AES128-GCM-SHA256 bits=128/128); Wed, 08 Oct 2025 07:56:00 -0700 (PDT) X-Relaying-Domain: iol.unh.edu Date: Wed, 08 Oct 2025 07:56:00 -0700 (PDT) Message-ID: <68e67b80.170a0220.3c7cf.ff74SMTPIN_ADDED_MISSING@mx.google.com> Received: from [172.21.0.2] (unknown [172.18.0.240]) by postal.iol.unh.edu (Postfix) with ESMTP id 5DCBE6051830; Wed, 8 Oct 2025 10:55:59 -0400 (EDT) Subject: |FAILURE| [GIT MASTER] 62f583c49bf67dd4d6733ece14e55fe6839e66d1 From: dpdklab@iol.unh.edu To: Test Report Cc: dpdk-test-reports@iol.unh.edu, Xueming Li , Christian Ehrhardt , Kevin Traynor , Luca Boccassi Content-Type: text/plain X-BeenThere: test-report@dpdk.org X-Mailman-Version: 2.1.29 Precedence: list List-Id: automatic DPDK test reports List-Unsubscribe: , List-Archive: List-Post: List-Help: List-Subscribe: , Errors-To: test-report-bounces@dpdk.org _Testing issues_ Branch: tags/v23.11 62f583c49bf67dd4d6733ece14e55fe6839e66d1 --> testing issues Upstream job id: Generic-Unit-Test-DPDK#379376 Test environment and result as below: +------------------------------+--------------+---------------------------+------------------------------+----------------+ | Environment | lpm_autotest | cryptodev_sw_zuc_autotest | cryptodev_sw_snow3g_autotest | dpdk_unit_test | +==============================+==============+===========================+==============================+================+ | Ubuntu 20.04 | PASS | SKIPPED | SKIPPED | PASS | +------------------------------+--------------+---------------------------+------------------------------+----------------+ | Debian 12 (arm) | SKIPPED | PASS | PASS | SKIPPED | +------------------------------+--------------+---------------------------+------------------------------+----------------+ | CentOS Stream 9 | SKIPPED | SKIPPED | SKIPPED | PASS | +------------------------------+--------------+---------------------------+------------------------------+----------------+ | Fedora Linux 40 | SKIPPED | SKIPPED | SKIPPED | PEND | +------------------------------+--------------+---------------------------+------------------------------+----------------+ | Debian GNU/Linux 12 | SKIPPED | SKIPPED | SKIPPED | PASS | +------------------------------+--------------+---------------------------+------------------------------+----------------+ | Red Hat Enterprise Linux 9.5 | SKIPPED | SKIPPED | SKIPPED | PEND | +------------------------------+--------------+---------------------------+------------------------------+----------------+ | CentOS Stream 10 | SKIPPED | SKIPPED | SKIPPED | PASS | +------------------------------+--------------+---------------------------+------------------------------+----------------+ | Fedora Linux 41 | SKIPPED | SKIPPED | SKIPPED | PEND | +------------------------------+--------------+---------------------------+------------------------------+----------------+ | Fedora Linux 42 | SKIPPED | SKIPPED | SKIPPED | PEND | +------------------------------+--------------+---------------------------+------------------------------+----------------+ | Ubuntu 22.04 | SKIPPED | SKIPPED | SKIPPED | PASS | +------------------------------+--------------+---------------------------+------------------------------+----------------+ | Ubuntu 24.04 | SKIPPED | SKIPPED | SKIPPED | PEND | +------------------------------+--------------+---------------------------+------------------------------+----------------+ Ubuntu 20.04 Kernel: 5.4 Compiler: gcc gcc (Ubuntu 9.4.0-1ubuntu1~20.04.2) 9.4.0 Debian 12 (arm) Kernel: Depends on container host Compiler: gcc (Debian 12.2.0-14) 12.2.0 CentOS Stream 9 Kernel: 5.4 Compiler: gcc gcc (GCC) 11.5.0 20240719 (Red Hat 11.5.0-11) Fedora Linux 40 Kernel: 5.4 Compiler: gcc gcc (GCC) 14.2.1 20240912 (Red Hat 14.2.1-3) Debian GNU/Linux 12 Kernel: 5.4 Compiler: gcc gcc (Debian 12.2.0-14+deb12u1) 12.2.0 Red Hat Enterprise Linux 9.5 Kernel: 5.4 Compiler: gcc gcc (GCC) 11.5.0 20240719 (Red Hat 11.5.0-2) CentOS Stream 10 Kernel: 5.4 Compiler: gcc gcc (GCC) 14.2.1 20250110 (Red Hat 14.2.1-8) Fedora Linux 41 Kernel: 5.4 Compiler: clang gcc (GCC) 14.3.1 20250523 (Red Hat 14.3.1-1) Fedora Linux 42 Kernel: 5.4 Compiler: gcc gcc (GCC) 15.2.1 20250808 (Red Hat 15.2.1-1) Ubuntu 22.04 Kernel: 5.4 Compiler: gcc gcc (Ubuntu 11.4.0-1ubuntu1~22.04) 11.4.0 Ubuntu 24.04 Kernel: 5.4 Compiler: gcc gcc (Ubuntu 13.3.0-6ubuntu2~24.04) 13.3.0 To view detailed results, visit: https://lab.dpdk.org/results/dashboard/tarballs/35137/ UNH-IOL DPDK Community Lab To manage your email subscriptions, visit: https://lab.dpdk.org/results/dashboard/preferences/subscriptions/