From mboxrd@z Thu Jan 1 00:00:00 1970 Return-Path: Received: from mails.dpdk.org (mails.dpdk.org [217.70.189.124]) by inbox.dpdk.org (Postfix) with ESMTP id 7E60F488E6 for ; Wed, 8 Oct 2025 20:10:14 +0200 (CEST) Received: from mails.dpdk.org (localhost [127.0.0.1]) by mails.dpdk.org (Postfix) with ESMTP id 7959D40267; Wed, 8 Oct 2025 20:10:14 +0200 (CEST) Received: from mail-vk1-f228.google.com (mail-vk1-f228.google.com [209.85.221.228]) by mails.dpdk.org (Postfix) with ESMTP id 2A9F340267 for ; Wed, 8 Oct 2025 20:10:13 +0200 (CEST) Received: by mail-vk1-f228.google.com with SMTP id 71dfb90a1353d-54aa4b86b09so36213e0c.0 for ; Wed, 08 Oct 2025 11:10:13 -0700 (PDT) DKIM-Signature: v=1; a=rsa-sha256; c=relaxed/relaxed; d=iol.unh.edu; s=unh-iol; t=1759947012; x=1760551812; darn=dpdk.org; h=cc:to:from:subject:message-id:date:from:to:cc:subject:date :message-id:reply-to; bh=AFdfgy1OutN8Iv11TNBtdIWLZGBjnA8+m+4wQwY+h0s=; b=hN/SVbwElPhutmAVkuZCVsWZwcWbTn4rbh9yJGVSb2BquFY0fDP8QKuondbndYJM9d PGb4qDmLHHCq4TDk+LIHGESAr14S2KxrSRplomS1jFlK5/rWKUxFZZ6GQlLWdUU9NWTh Wg+wXi9OuP6valtJtKSReg/Vs6xKIrrX/HxEc= X-Google-DKIM-Signature: v=1; a=rsa-sha256; c=relaxed/relaxed; d=1e100.net; s=20230601; t=1759947012; x=1760551812; h=cc:to:from:subject:message-id:date:x-gm-message-state:from:to:cc :subject:date:message-id:reply-to; bh=AFdfgy1OutN8Iv11TNBtdIWLZGBjnA8+m+4wQwY+h0s=; b=nWY4tPk2hFWsiAefzXsMLqbAJSyr1zPurdMvjkKSHmgvViOhmJeJWdZWq0GsnKY4sx VgQOecRMYIyHDOOebb3b4y51BdYSiYdko0IDbsFh6SjHRqbx+lytzF4lJJCvkiyub/Mh XdODG1QnzYw9em7/6ql6yS6ma2hcPCW5ob5Fgfb1/DNgvFanGIdeqAQcpPpEdly/li2R FUr29UJKw72KvoKM3PocibUtTtcbGKB2+27QIWdr/6Us4rXONeuOExYhqiby7bSZBZtm KnXPA7eB9MU85CRH37VkPs3hVPwoHKu7y8W6pt2cfSatJaDcp1NjIQy7q0uEgCCJaDyY LpFQ== X-Gm-Message-State: AOJu0YyZyu93hIjJp2QdyUHnW3hHyeTCnPmyyRZwsNFIWBhz1tNZXT6X hSGALtPSismazOODwr994dqlZcYYGhwdV4nRQwJTKSCtF0o2L5xPsWi2tTaVND91p4FlkQuK0Ti wtO18X0RqGVe+cVMS93Yvce6QvPo0IGsfSpIm X-Gm-Gg: ASbGncu+u4XJh593PtI6tlcNKSGAO6vm/7EJ6CSnXRmnR3EK0ioRA6+8yq65bYQ2lax zmAHw/TXtzVBVktETiwWPoxje0yi1YRNXLSft3sWZJXJTku6vQ6WsmBuznxxnWgfny9fsonrE0i JqomH2nu6WhvfqCSPmN5R583ax5Wf4MKA7UrRKv7D4bXIGRn8UnUvgbdUBijbHyfZWkHVUPUcCJ SKNhIFb4mE5O1WnMqLF4zx6FmW4/P7K5Pjk4EMyfjW9p/AGeem9leCEGXNj/JQAp9Ajk+X7uZ7Z J3KQ6lnP7ls6LOH1Zm8gviuXN6lfkBlHkci0N0dtQHnMrAT6REvi3AHBmnMzZylPG8eIWmOrOxV u0w== X-Google-Smtp-Source: AGHT+IGkAqP+tsjWZyNgYxcHKZcJzy5Gua7VdQ+9nx1Db96zIXgJPrghb3cjxe0MUlyBErWuq374wd4CTZh+ X-Received: by 2002:a05:6122:8c10:b0:54a:87d3:2f09 with SMTP id 71dfb90a1353d-554b8b1706amr2116656e0c.2.1759947012507; Wed, 08 Oct 2025 11:10:12 -0700 (PDT) Received: from postal.iol.unh.edu (postal.iol.unh.edu. [132.177.123.84]) by smtp-relay.gmail.com with ESMTPS id 71dfb90a1353d-5523cdb9f69sm1981746e0c.0.2025.10.08.11.10.12 (version=TLS1_2 cipher=ECDHE-ECDSA-AES128-GCM-SHA256 bits=128/128); Wed, 08 Oct 2025 11:10:12 -0700 (PDT) X-Relaying-Domain: iol.unh.edu Date: Wed, 08 Oct 2025 11:10:12 -0700 (PDT) Message-ID: <68e6a904.050a0220.3143b2.a12cSMTPIN_ADDED_MISSING@mx.google.com> Received: from [172.21.0.4] (unknown [172.18.0.240]) by postal.iol.unh.edu (Postfix) with ESMTP id 36E3B6051830; Wed, 8 Oct 2025 14:10:12 -0400 (EDT) Subject: |FAILURE| [GIT MASTER] 62f583c49bf67dd4d6733ece14e55fe6839e66d1 From: dpdklab@iol.unh.edu To: Test Report Cc: dpdk-test-reports@iol.unh.edu, Xueming Li , Christian Ehrhardt , Kevin Traynor , Luca Boccassi Content-Type: text/plain X-BeenThere: test-report@dpdk.org X-Mailman-Version: 2.1.29 Precedence: list List-Id: automatic DPDK test reports List-Unsubscribe: , List-Archive: List-Post: List-Help: List-Subscribe: , Errors-To: test-report-bounces@dpdk.org _Testing issues_ Branch: tags/v23.11 62f583c49bf67dd4d6733ece14e55fe6839e66d1 --> testing issues Upstream job id: Generic-DPDK-Compile-Meson#432116 Test environment and result as below: +------------------------------+--------------------+ | Environment | dpdk_meson_compile | +==============================+====================+ | Red Hat Enterprise Linux 9.5 | PASS | +------------------------------+--------------------+ | Ubuntu 20.04 | PASS | +------------------------------+--------------------+ | Debian GNU/Linux 12 | PASS | +------------------------------+--------------------+ | Fedora Linux 42 | PASS | +------------------------------+--------------------+ | Ubuntu 22.04 | PASS | +------------------------------+--------------------+ | Ubuntu 24.04 | PASS | +------------------------------+--------------------+ | CentOS Stream 9 | PASS | +------------------------------+--------------------+ | CentOS Stream 10 | PASS | +------------------------------+--------------------+ Red Hat Enterprise Linux 9.5 Kernel: 5.4 Compiler: gcc gcc (GCC) 11.5.0 20240719 (Red Hat 11.5.0-2) Ubuntu 20.04 Kernel: 5.15 Compiler: aarch64-linux-gnu-gcc gcc (Ubuntu 9.4.0-1ubuntu1~20.04.2) 9.4.0 Debian GNU/Linux 12 Kernel: 5.4 Compiler: gcc gcc (Debian 12.2.0-14+deb12u1) 12.2.0 Fedora Linux 42 Kernel: 5.4 Compiler: gcc gcc (GCC) 15.2.1 20250808 (Red Hat 15.2.1-1) Ubuntu 22.04 Kernel: 5.4 Compiler: gcc gcc (Ubuntu 11.4.0-1ubuntu1~22.04) 11.4.0 Ubuntu 24.04 Kernel: 5.4 Compiler: gcc gcc (Ubuntu 13.3.0-6ubuntu2~24.04) 13.3.0 CentOS Stream 9 Kernel: 5.4 Compiler: gcc gcc (GCC) 11.5.0 20240719 (Red Hat 11.5.0-11) CentOS Stream 10 Kernel: 5.4 Compiler: gcc gcc (GCC) 14.2.1 20250110 (Red Hat 14.2.1-8) To view detailed results, visit: https://lab.dpdk.org/results/dashboard/tarballs/35125/ UNH-IOL DPDK Community Lab To manage your email subscriptions, visit: https://lab.dpdk.org/results/dashboard/preferences/subscriptions/