From mboxrd@z Thu Jan 1 00:00:00 1970 Return-Path: Received: from mails.dpdk.org (mails.dpdk.org [217.70.189.124]) by inbox.dpdk.org (Postfix) with ESMTP id 252E1488E6 for ; Wed, 8 Oct 2025 20:14:07 +0200 (CEST) Received: from mails.dpdk.org (localhost [127.0.0.1]) by mails.dpdk.org (Postfix) with ESMTP id 210AD40267; Wed, 8 Oct 2025 20:14:07 +0200 (CEST) Received: from mail-il1-f225.google.com (mail-il1-f225.google.com [209.85.166.225]) by mails.dpdk.org (Postfix) with ESMTP id 85B7140267 for ; Wed, 8 Oct 2025 20:14:05 +0200 (CEST) Received: by mail-il1-f225.google.com with SMTP id e9e14a558f8ab-424da17e309so1197935ab.2 for ; Wed, 08 Oct 2025 11:14:05 -0700 (PDT) DKIM-Signature: v=1; a=rsa-sha256; c=relaxed/relaxed; d=iol.unh.edu; s=unh-iol; t=1759947245; x=1760552045; darn=dpdk.org; h=references:in-reply-to:cc:to:from:subject:message-id:date:from:to :cc:subject:date:message-id:reply-to; bh=/GPKj48ByHiYflW9tYM3F0F/jeyk4NILv7U8Ir5XQyM=; b=QW7r3cdbp3xgwzoHYP1gtMsJUURN9AFDQn9DqKOksNBrDx3VmWdZdxfLM+OMbRrU5P pLyULBiJ4mE0waG6kaEOFVC61RTQlWQ9iscry8hFwfLXFjRwt1CxY69wfAwEN616CLWV 8s9uUbpeI6UxFF42r5sKpKWDMye8fqzIDR1DM= X-Google-DKIM-Signature: v=1; a=rsa-sha256; c=relaxed/relaxed; d=1e100.net; s=20230601; t=1759947245; x=1760552045; h=references:in-reply-to:cc:to:from:subject:message-id:date :x-gm-message-state:from:to:cc:subject:date:message-id:reply-to; bh=/GPKj48ByHiYflW9tYM3F0F/jeyk4NILv7U8Ir5XQyM=; b=YT9pjIcBbsDhUL90MutNkNWUPyobsB9TQE+ILhX384XKrZ8ufIMxBC/muGEfS4SEie rIuDsGPmmXX5etdKb/H7iPqXf+HQKHS6QdQQ/r3XcziJ5JF59phhLX/vVql6MYbHvHof Ao29XrE99swNGclA30tQMnO504rYQYe8VbossP4eR6Rs3DjPLGJQ9bX7ycvDsA6i4NdP dufp8Ti/ucQY8eGr9y0ST1gtNgGV+iehcpc8GQ0zNUA40+qL3l1/VPX0iBXaugqoWuT+ YHvCL6vMJkguwzx7fF9zyQRownkN3dSV6E0m7pSj096k+qnNrAq/DNmYy1QfigsYlQ1X KeSw== X-Gm-Message-State: AOJu0YzZIPTHIDIJ5iOjSuES8M4UfyQOeLBVILm9GrA0E5TTbbT0kP3C ULx3MUIZifizdTbvPpEEwNH7hFqSmnOggxxFkjxXxO49XD5Cm6cPURDi2HAuPIIsTpj60QesR2h 7zB3m8GyJZlSctXZSXsnlj0pdgieOkt9FT3E+lBtnFNSKTuOzXVwZoZZAUbLz X-Gm-Gg: ASbGncuPeoZ+TLG8YU+RPRhyYr+kzBjhGqUmU8PKmwhrVxm8qjY7CzvPGj74Gqg1Ej6 j1kJifV4kN7J7rOBT4cNhtzaYm2ycX//6BEp0GwAWdriVUbT86qPSJIjcGiqcxolEidGmi3o/z7 c5TqGTAP/Q0d41dM+IieMzQm73sfx4mTU+ce7o8ruZFGyjW4WNhn0Yfvs74r3vVATb133Z0lRqG htOLok8hcESPor7Qb4FOQ0xZK5T+leggXucrS+mLZUg6KxHvmRaMm0k1kW8WzokRqUx6ICrOJXa 0AUAdfysJJHMCnuY6fHxJ/5PaljtWVCK5p3rXaUZtfrz/sakoqDsNcY= X-Google-Smtp-Source: AGHT+IG/WvrcpMQ38MMY4C70j4JGPL9eipzceJSut5cF0q4sIP0H89mAx3FrzlDhBZMljUmLWch5fNdbpGF3 X-Received: by 2002:a05:6e02:168e:b0:42e:70f3:4dc8 with SMTP id e9e14a558f8ab-42f873e4fd9mr39979305ab.27.1759947244779; Wed, 08 Oct 2025 11:14:04 -0700 (PDT) Received: from postal.iol.unh.edu (postal.iol.unh.edu. [2606:4100:3880:1234::84]) by smtp-relay.gmail.com with ESMTPS id e9e14a558f8ab-42f90347fefsm261855ab.27.2025.10.08.11.14.04 (version=TLS1_2 cipher=ECDHE-ECDSA-AES128-GCM-SHA256 bits=128/128); Wed, 08 Oct 2025 11:14:04 -0700 (PDT) X-Relaying-Domain: iol.unh.edu Date: Wed, 08 Oct 2025 11:14:04 -0700 (PDT) Message-ID: <68e6a9ec.050a0220.3016f1.17b3SMTPIN_ADDED_MISSING@mx.google.com> Received: from [172.21.0.4] (unknown [172.18.0.240]) by postal.iol.unh.edu (Postfix) with ESMTP id 685276051830; Wed, 8 Oct 2025 14:14:04 -0400 (EDT) Subject: |FAILURE| pw157304-157308 [PATCH] [5/5] net/dpaa: Fix coverity issue From: dpdklab@iol.unh.edu To: Test Report Cc: dpdk-test-reports@iol.unh.edu, Stephen Hemminger , Gagandeep Singh In-Reply-To: <20251007050012.2432449-6-g.singh@nxp.com> References: <20251007050012.2432449-6-g.singh@nxp.com> Content-Type: text/plain X-BeenThere: test-report@dpdk.org X-Mailman-Version: 2.1.29 Precedence: list List-Id: automatic DPDK test reports List-Unsubscribe: , List-Archive: List-Post: List-Help: List-Subscribe: , Errors-To: test-report-bounces@dpdk.org Test-Label: iol-compile-arm64-testing Test-Status: FAILURE http://dpdk.org/patch/157308 _Testing issues_ Submitter: Gagandeep Singh Date: Tuesday, October 07 2025 05:00:12 DPDK git baseline: Repo:dpdk-next-net Branch: master CommitID:c04bbd131b2c14b3049bf86d3ef367b34e6fdf1e 157304-157308 --> testing issues Upstream job id: Generic-DPDK-Compile-Meson#432168 Test environment and result as below: +------------------------------+--------------------+ | Environment | dpdk_meson_compile | +==============================+====================+ | Red Hat Enterprise Linux 9.5 | PASS | +------------------------------+--------------------+ | Ubuntu 20.04 | FAIL | +------------------------------+--------------------+ | Debian GNU/Linux 12 | PASS | +------------------------------+--------------------+ | Fedora Linux 42 | PASS | +------------------------------+--------------------+ | Ubuntu 22.04 | PASS | +------------------------------+--------------------+ | Ubuntu 24.04 | PASS | +------------------------------+--------------------+ | CentOS Stream 9 | PASS | +------------------------------+--------------------+ | CentOS Stream 10 | PASS | +------------------------------+--------------------+ ==== 20 line log output for Ubuntu 20.04 (dpdk_meson_compile): ==== [677/2690] Compiling C object drivers/libtmp_rte_bus_dpaa.a.p/bus_dpaa_base_qbman_process.c.o [678/2690] Compiling C object drivers/libtmp_rte_bus_dpaa.a.p/bus_dpaa_base_qbman_dpaa_sys.c.o [679/2690] Compiling C object drivers/libtmp_rte_bus_dpaa.a.p/bus_dpaa_base_fman_netcfg_layer.c.o [680/2690] Compiling C object drivers/libtmp_rte_bus_dpaa.a.p/bus_dpaa_base_fman_fman_hw.c.o [681/2690] Compiling C object drivers/libtmp_rte_bus_dpaa.a.p/bus_dpaa_base_qbman_bman.c.o [682/2690] Compiling C object drivers/libtmp_rte_bus_dpaa.a.p/bus_dpaa_base_qbman_bman_driver.c.o [683/2690] Compiling C object drivers/libtmp_rte_bus_dpaa.a.p/bus_dpaa_base_qbman_dpaa_alloc.c.o [684/2690] Compiling C object drivers/libtmp_rte_bus_dpaa.a.p/bus_dpaa_dpaa_bus.c.o [685/2690] Compiling C object drivers/libtmp_rte_bus_dpaa.a.p/bus_dpaa_base_qbman_qman_driver.c.o FAILED: drivers/libtmp_rte_bus_dpaa.a.p/bus_dpaa_base_qbman_qman_driver.c.o ccache arm-linux-gnueabihf-gcc -Idrivers/libtmp_rte_bus_dpaa.a.p -Idrivers -I../drivers -Idrivers/bus/dpaa -I../drivers/bus/dpaa -I../drivers/bus/dpaa/base -I../drivers/bus/dpaa/include -I../drivers/bus/dpaa/base/qbman -Ilib/eal/common -I../lib/eal/common -I. -I.. -Iconfig -I../config -Ilib/eal/include -I../lib/eal/include -Ilib/eal/linux/include -I../lib/eal/linux/include -Ilib/eal/arm/include -I../lib/eal/arm/include -I../kernel/linux -Ilib/eal -I../lib/eal -Ilib/kvargs -I../lib/kvargs -Ilib/log -I../lib/log -Ilib/metrics -I../lib/metrics -Ilib/telemetry -I../lib/telemetry -Idrivers/common/dpaax -I../drivers/common/dpaax -I../drivers/common/dpaax/caamflib -Ilib/eventdev -I../lib/eventdev -Ilib/ring -I../lib/ring -Ilib/ethdev -I../lib/ethdev -Ilib/net -I../lib/net -Ilib/mbuf -I../lib/mbuf -Ilib/mempool -I../lib/mempool -Ilib/meter -I../lib/meter -Ilib/hash -I../lib/hash -Ilib/rcu -I../lib/rcu -Ilib/timer -I../lib/timer -Ilib/cryptodev -I../lib/cryptodev -Ilib/dmadev -I../lib/dmadev -fdiagnostics-color=always -pipe -D_FILE_OFFSET_BITS=64 -Wall -Winvalid-pch -Wextra -Werror -std=c11 -O3 -include rte_config.h -Wvla -Wcast-qual -Wdeprecated -Wformat -Wformat-nonliteral -Wformat-security -Wmissing-declarations -Wmissing-prototypes -Wnested-externs -Wold-style-definition -Wpointer-arith -Wsign-compare -Wstrict-prototypes -Wundef -Wwrite-strings -Wno-packed-not-aligned -Wno-missing-field-initializers -Wno-pointer-to-int-cast -D_GNU_SOURCE -fPIC -march=armv8-a+simd -mfpu=auto -DALLOW_EXPERIMENTAL_API -DALLOW_INTERNAL_API -Wno-format-truncation -Wno-address-of-packed-member -Wno-cast-qual -Wno-pointer-arith -DRTE_LOG_DEFAULT_LOGTYPE=bus.dpaa -MD -MQ drivers/libtmp_rte_bus_dpaa.a.p/bus_dpaa_base_qbman_qman_driver.c.o -MF drivers/libtmp_rte_bus_dpaa.a.p/bus_dpaa_base_qbman_qman_driver.c.o.d -o drivers/libtmp_rte_bus_dpaa.a.p/bus_dpaa_base_qbman_qman_driver.c.o -c ../drivers/bus/dpaa/base/qbman/qman_driver.c ../drivers/bus/dpaa/base/qbman/qman_driver.c: In function 'dpaa_qm_iesr_irq_control': ../drivers/bus/dpaa/base/qbman/qman_driver.c:48:16: error: cast to pointer from integer of different size [-Werror=int-to-pointer-cast] 48 | val = in_be32((void *)((u64)qman_ccsr_map + REG_ERR_IER)); | ^ ../drivers/bus/dpaa/base/qbman/qman_driver.c:55:11: error: cast to pointer from integer of different size [-Werror=int-to-pointer-cast] 55 | out_be32((void *)((u64)qman_ccsr_map + REG_ERR_IER), val); | ^ cc1: all warnings being treated as errors ninja: build stopped: subcommand failed. ==== End log output ==== Red Hat Enterprise Linux 9.5 Kernel: 5.4 Compiler: gcc gcc (GCC) 11.5.0 20240719 (Red Hat 11.5.0-2) Ubuntu 20.04 Kernel: 5.15 Compiler: aarch64-linux-gnu-gcc gcc (Ubuntu 9.4.0-1ubuntu1~20.04.2) 9.4.0 Debian GNU/Linux 12 Kernel: 5.4 Compiler: gcc gcc (Debian 12.2.0-14+deb12u1) 12.2.0 Fedora Linux 42 Kernel: 5.4 Compiler: gcc gcc (GCC) 15.2.1 20250808 (Red Hat 15.2.1-1) Ubuntu 22.04 Kernel: 5.4 Compiler: gcc gcc (Ubuntu 11.4.0-1ubuntu1~22.04) 11.4.0 Ubuntu 24.04 Kernel: 5.4 Compiler: gcc gcc (Ubuntu 13.3.0-6ubuntu2~24.04) 13.3.0 CentOS Stream 9 Kernel: 5.4 Compiler: gcc gcc (GCC) 11.5.0 20240719 (Red Hat 11.5.0-11) CentOS Stream 10 Kernel: 5.4 Compiler: gcc gcc (GCC) 14.2.1 20250110 (Red Hat 14.2.1-8) To view detailed results, visit: https://lab.dpdk.org/results/dashboard/patchsets/34226/ UNH-IOL DPDK Community Lab To manage your email subscriptions, visit: https://lab.dpdk.org/results/dashboard/preferences/subscriptions/