From mboxrd@z Thu Jan 1 00:00:00 1970 Return-Path: Received: from mails.dpdk.org (mails.dpdk.org [217.70.189.124]) by inbox.dpdk.org (Postfix) with ESMTP id 73FDE488E6 for ; Wed, 8 Oct 2025 20:16:44 +0200 (CEST) Received: from mails.dpdk.org (localhost [127.0.0.1]) by mails.dpdk.org (Postfix) with ESMTP id 6F42D40267; Wed, 8 Oct 2025 20:16:44 +0200 (CEST) Received: from mail-io1-f100.google.com (mail-io1-f100.google.com [209.85.166.100]) by mails.dpdk.org (Postfix) with ESMTP id DBA5D40267 for ; Wed, 8 Oct 2025 20:16:42 +0200 (CEST) Received: by mail-io1-f100.google.com with SMTP id ca18e2360f4ac-912d4135379so3713739f.1 for ; Wed, 08 Oct 2025 11:16:42 -0700 (PDT) DKIM-Signature: v=1; a=rsa-sha256; c=relaxed/relaxed; d=iol.unh.edu; s=unh-iol; t=1759947402; x=1760552202; darn=dpdk.org; h=references:in-reply-to:cc:to:from:subject:message-id:date:from:to :cc:subject:date:message-id:reply-to; bh=Cz0HcvyKWTZqFZRezwUkmGs4Xlp4j8lNvPoPqVOrvW0=; b=I+m5Uj/tQR7ashTcGOqczOSXBwB/uDkvh5P447JMuEZVHQUPxQ05Qhtv/MDdQTd1q7 Wynp7ZOplKVpHIVnyfkMiQJ31XIWIEOJdmPYJZo6RqMnIfZ7alUdyqXKO2Rl5ulaPxku oSMScHWttC7w/a8UsfgkH1uk2ipS73RlXcvUs= X-Google-DKIM-Signature: v=1; a=rsa-sha256; c=relaxed/relaxed; d=1e100.net; s=20230601; t=1759947402; x=1760552202; h=references:in-reply-to:cc:to:from:subject:message-id:date :x-gm-message-state:from:to:cc:subject:date:message-id:reply-to; bh=Cz0HcvyKWTZqFZRezwUkmGs4Xlp4j8lNvPoPqVOrvW0=; b=J4o98+/3mRmtgk7P9O6aXXkcJXz9WCS4thlDIHYrTj33pT/loklBErizgLxo5xWfYX iSdyner3gJbfEW205no3bu4+0irz2Y99IpEeQzxVewVSAcE8gWBzUvr5w5N6dwZZzPAy 92eL57YNWYJZcZKxCM52qzbU12W6uuzq8OQuOAWELaBFql0XMGVBrqOzH7MMUobUzDQ4 KOJV1eTsvH0TDfxkQ9sTK2gUdF5Nl2yc7ymSFwpPfk1bBVwvXiCkooP0IQ4fJQ6Mwx+V BpTf/1WuANyiPaRKxjuXhnnNC/2Zuz81E8QvkCyTjW7w4aNFLQsFPwDlkeJPNVlEJGvq jsRw== X-Gm-Message-State: AOJu0YxJSWyLjMo6ca/7QI4yHqkBfHkxm7LLYwj8p6fv6Aew28/+nk3j 7v94E1xIc+z89VS5HCZ5GJSSuBsUwLRNOFTOFEl24WwDIdEZpX97708gZ4HZDzNdm/OeUZhLp9o +J3pWc7wda66juZoo1b2KC+j9yWZBQODtpvgAHyognxC2 X-Gm-Gg: ASbGncun1ZjFbdWqrppznUIxZQtJe76AB6Q/87K8L7to4uogDP0klMFEMx5vpMUpUan 79TbIFKdpO/prvARvdr9kuLCAVPvJdvhTO/SpvNzAxY7ijrxiFQc/tw3FUIBS9MNZNP+1spAouQ jNg2WE16TgTtY4qPwwOaERBxg3urhflkWNa94XvoCAuyJCY3hKaCLAkVXedQC0Ohwh3Bn9Qordd vycHU5QYuU8PuAh8pcAx+iLFONCCpkGnFb8xe3cU67qhoRROUiwA0WXAQtV9A0qSYGoxhHXHwz6 8vg50iBpnTizjLd+82YadBz8oWqOsdAD/RXMwnGUQvpGbbCEkao77FdBMjK6HcomH2VUgJ7Gydj cCg== X-Google-Smtp-Source: AGHT+IGMT4Kl2nIBHdpREwBdAimlT6mzgJWaZb+FFbcyl1wPhID1pSJ/ZRYsdlU5OqCFxihQMHt/A2gF7mIH X-Received: by 2002:a05:6e02:3a10:b0:42f:8b00:f650 with SMTP id e9e14a558f8ab-42f8b00f815mr35689415ab.14.1759947400975; Wed, 08 Oct 2025 11:16:40 -0700 (PDT) Received: from postal.iol.unh.edu (postal.iol.unh.edu. [132.177.123.84]) by smtp-relay.gmail.com with ESMTPS id e9e14a558f8ab-42f90380c47sm265415ab.38.2025.10.08.11.16.40 (version=TLS1_2 cipher=ECDHE-ECDSA-AES128-GCM-SHA256 bits=128/128); Wed, 08 Oct 2025 11:16:40 -0700 (PDT) X-Relaying-Domain: iol.unh.edu Date: Wed, 08 Oct 2025 11:16:40 -0700 (PDT) Message-ID: <68e6aa88.920a0220.21d931.17fdSMTPIN_ADDED_MISSING@mx.google.com> Received: from [172.21.0.5] (unknown [172.18.0.240]) by postal.iol.unh.edu (Postfix) with ESMTP id 870376051830; Wed, 8 Oct 2025 14:16:40 -0400 (EDT) Subject: |FAILURE| pw157261-157263 [PATCH] [v5,3/3] net/ice: add PFC statisti From: dpdklab@iol.unh.edu To: Test Report Cc: dpdk-test-reports@iol.unh.edu, Bruce Richardson , "Medvedkin, Vladimir" In-Reply-To: <20251003124037.342760-4-vladimir.medvedkin@intel.com> References: <20251003124037.342760-4-vladimir.medvedkin@intel.com> Content-Type: text/plain X-BeenThere: test-report@dpdk.org X-Mailman-Version: 2.1.29 Precedence: list List-Id: automatic DPDK test reports List-Unsubscribe: , List-Archive: List-Post: List-Help: List-Subscribe: , Errors-To: test-report-bounces@dpdk.org Test-Label: iol-compile-arm64-testing Test-Status: FAILURE http://dpdk.org/patch/157263 _Testing issues RETEST #1_ Submitter: Medvedkin, Vladimir Date: Friday, October 03 2025 12:40:37 DPDK git baseline: Repo:dpdk-next-net-intel Branch: master CommitID:e7d8cc7ef4df3552575525697079d3c957cfcdaf 157261-157263 --> testing issues Upstream job id: Generic-DPDK-Compile-Meson#432275 Test environment and result as below: +------------------------------+--------------------+ | Environment | dpdk_meson_compile | +==============================+====================+ | Red Hat Enterprise Linux 9.5 | FAIL | +------------------------------+--------------------+ | Ubuntu 20.04 | FAIL | +------------------------------+--------------------+ | Debian GNU/Linux 12 | FAIL | +------------------------------+--------------------+ | Fedora Linux 42 | PASS | +------------------------------+--------------------+ | Ubuntu 22.04 | FAIL | +------------------------------+--------------------+ | Ubuntu 24.04 | FAIL | +------------------------------+--------------------+ | CentOS Stream 9 | FAIL | +------------------------------+--------------------+ | CentOS Stream 10 | PASS | +------------------------------+--------------------+ ==== 20 line log output for CentOS Stream 9 (dpdk_meson_compile): ==== [898/3782] Compiling C object drivers/libtmp_rte_net_i40e.a.p/net_intel_i40e_base_i40e_dcb.c.o [899/3782] Compiling C object drivers/libtmp_rte_net_i40e.a.p/net_intel_i40e_base_i40e_diag.c.o [900/3782] Compiling C object drivers/libtmp_rte_net_i40e.a.p/net_intel_i40e_base_i40e_hmc.c.o [901/3782] Compiling C object drivers/libtmp_rte_net_i40e.a.p/net_intel_i40e_base_i40e_lan_hmc.c.o [902/3782] Compiling C object drivers/libtmp_rte_net_i40e.a.p/net_intel_i40e_base_i40e_nvm.c.o [903/3782] Generating rte_net_iavf.pmd.c with a custom command [904/3782] Compiling C object drivers/libtmp_rte_net_ice.a.p/net_intel_ice_ice_acl_filter.c.o [905/3782] Compiling C object drivers/libtmp_rte_net_ice.a.p/net_intel_ice_ice_diagnose.c.o [906/3782] Compiling C object drivers/libtmp_rte_net_ice.a.p/net_intel_ice_ice_ethdev.c.o FAILED: [code=1] drivers/libtmp_rte_net_ice.a.p/net_intel_ice_ice_ethdev.c.o ccache cc -Idrivers/libtmp_rte_net_ice.a.p -Idrivers -I../drivers -Idrivers/net/intel/ice -I../drivers/net/intel/ice -Idrivers/net/intel/ice/base -I../drivers/net/intel/ice/base -Ilib/ethdev -I../lib/ethdev -Ilib/eal/common -I../lib/eal/common -I. -I.. -Iconfig -I../config -Ilib/eal/include -I../lib/eal/include -Ilib/eal/linux/include -I../lib/eal/linux/include -Ilib/eal/arm/include -I../lib/eal/arm/include -I../kernel/linux -Ilib/eal -I../lib/eal -Ilib/kvargs -I../lib/kvargs -Ilib/log -I../lib/log -Ilib/metrics -I../lib/metrics -Ilib/telemetry -I../lib/telemetry -Ilib/net -I../lib/net -Ilib/mbuf -I../lib/mbuf -Ilib/mempool -I../lib/mempool -Ilib/ring -I../lib/ring -Ilib/meter -I../lib/meter -Idrivers/bus/pci -I../drivers/bus/pci -I../drivers/bus/pci/linux -Ilib/pci -I../lib/pci -Idrivers/bus/vdev -I../drivers/bus/vdev -Ilib/hash -I../lib/hash -Ilib/rcu -I../lib/rcu -Idrivers/net/intel/iavf -I../drivers/net/intel/iavf -I../drivers/net/intel/iavf/base -Ilib/security -I../lib/security -Ilib/cryptodev -I../lib/cryptodev -fdiagnostics-color=always -pipe -D_FILE_OFFSET_BITS=64 -Wall -Winvalid-pch -Wextra -Werror -std=c11 -O3 -include rte_config.h -Wvla -Wcast-qual -Wdeprecated -Wformat -Wformat-nonliteral -Wformat-security -Wmissing-declarations -Wmissing-prototypes -Wnested-externs -Wold-style-definition -Wpointer-arith -Wsign-compare -Wstrict-prototypes -Wundef -Wwrite-strings -Wno-packed-not-aligned -Wno-missing-field-initializers -D_GNU_SOURCE -fPIC -march=armv8.1-a+crc+crypto -DALLOW_EXPERIMENTAL_API -DALLOW_INTERNAL_API -Wno-format-truncation -Wno-address-of-packed-member -DRTE_LOG_DEFAULT_LOGTYPE=pmd.net.ice -MD -MQ drivers/libtmp_rte_net_ice.a.p/net_intel_ice_ice_ethdev.c.o -MF drivers/libtmp_rte_net_ice.a.p/net_intel_ice_ice_ethdev.c.o.d -o drivers/libtmp_rte_net_ice.a.p/net_intel_ice_ice_ethdev.c.o -c ../drivers/net/intel/ice/ice_ethdev.c ../drivers/net/intel/ice/ice_ethdev.c: In function 'ice_get_dcb_info': ../drivers/net/intel/ice/ice_ethdev.c:3975:26: error: 'ctxt' may be used uninitialized [-Werror=maybe-uninitialized] 3975 | uint16_t tc_rx_q_map = rte_le_to_cpu_16(ctxt.info.tc_mapping[i]); | ^~~~~~~~~~~ ../drivers/net/intel/ice/ice_ethdev.c:3962:28: note: 'ctxt' declared here 3962 | struct ice_vsi_ctx ctxt = { 0 }; | ^~~~ cc1: all warnings being treated as errors ninja: build stopped: subcommand failed. ==== End log output ==== Red Hat Enterprise Linux 9.5 Kernel: 5.4 Compiler: gcc gcc (GCC) 11.5.0 20240719 (Red Hat 11.5.0-2) Ubuntu 20.04 Kernel: 5.15 Compiler: aarch64-linux-gnu-gcc gcc (Ubuntu 9.4.0-1ubuntu1~20.04.2) 9.4.0 Debian GNU/Linux 12 Kernel: 5.4 Compiler: gcc gcc (Debian 12.2.0-14+deb12u1) 12.2.0 Fedora Linux 42 Kernel: 5.4 Compiler: gcc gcc (GCC) 15.2.1 20250808 (Red Hat 15.2.1-1) Ubuntu 22.04 Kernel: 5.4 Compiler: gcc gcc (Ubuntu 11.4.0-1ubuntu1~22.04) 11.4.0 Ubuntu 24.04 Kernel: 5.4 Compiler: gcc gcc (Ubuntu 13.3.0-6ubuntu2~24.04) 13.3.0 CentOS Stream 9 Kernel: 5.4 Compiler: gcc gcc (GCC) 11.5.0 20240719 (Red Hat 11.5.0-11) CentOS Stream 10 Kernel: 5.4 Compiler: gcc gcc (GCC) 14.2.1 20250110 (Red Hat 14.2.1-8) To view detailed results, visit: https://lab.dpdk.org/results/dashboard/patchsets/34210/ UNH-IOL DPDK Community Lab To manage your email subscriptions, visit: https://lab.dpdk.org/results/dashboard/preferences/subscriptions/