automatic DPDK test reports
 help / color / mirror / Atom feed
* |SUCCESS| pw157331-157351 [PATCH v10 21/21] eal: allow lcore remapping with autodetected core affinity
       [not found] <20251008204244.2288583-22-bruce.richardson@intel.com>
@ 2025-10-08 20:12 ` qemudev
  2025-10-08 20:17 ` |FAILURE| " qemudev
                   ` (18 subsequent siblings)
  19 siblings, 0 replies; 20+ messages in thread
From: qemudev @ 2025-10-08 20:12 UTC (permalink / raw)
  To: test-report

Test-Label: loongarch-compilation
Test-Status: SUCCESS
http://dpdk.org/patch/157351

_Compilation OK_

Submitter: Bruce Richardson <bruce.richardson@intel.com>
Date: Wed,  8 Oct 2025 21:42:24 +0100
DPDK git baseline: Repo:dpdk
  Branch: main
  CommitID: 2b403dd8fb37d0ba13723e44ffc7ee2c2795f838

157331-157351 --> meson & ninja build successfully

Test environment and result as below:

+---------------------+----------------+
|     Environment     | compilation    |
+---------------------+----------------+
| Loongnix-Server 8.3 | PASS           |
+---------------------+----------------+

Loongnix-Server 8.3
    Kernel: 4.19.190+
    Compiler: gcc 8.3


^ permalink raw reply	[flat|nested] 20+ messages in thread

* |FAILURE| pw157331-157351 [PATCH v10 21/21] eal: allow lcore remapping with autodetected core affinity
       [not found] <20251008204244.2288583-22-bruce.richardson@intel.com>
  2025-10-08 20:12 ` |SUCCESS| pw157331-157351 [PATCH v10 21/21] eal: allow lcore remapping with autodetected core affinity qemudev
@ 2025-10-08 20:17 ` qemudev
  2025-10-08 20:48 ` |SUCCESS| pw157351 " checkpatch
                   ` (17 subsequent siblings)
  19 siblings, 0 replies; 20+ messages in thread
From: qemudev @ 2025-10-08 20:17 UTC (permalink / raw)
  To: test-report; +Cc: Bruce Richardson, zhoumin

Test-Label: loongarch-unit-testing
Test-Status: FAILURE
http://dpdk.org/patch/157351

_Unit Testing FAIL_

Submitter: Bruce Richardson <bruce.richardson@intel.com>
Date: Wed,  8 Oct 2025 21:42:24 +0100
DPDK git baseline: Repo:dpdk
  Branch: main
  CommitID: 2b403dd8fb37d0ba13723e44ffc7ee2c2795f838

157331-157351 --> testing fail

Test environment and result as below:

+---------------------+----------------+
|     Environment     | dpdk_unit_test |
+---------------------+----------------+
| Loongnix-Server 8.3 | FAIL           |
+---------------------+----------------+

Loongnix-Server 8.3
    Kernel: 4.19.190+
    Compiler: gcc 8.3


Test result details:
  1/120 DPDK:fast-tests / acl_autotest                            OK              3.19s
  2/120 DPDK:fast-tests / alarm_autotest                          OK              1.48s
  3/120 DPDK:fast-tests / argparse_autotest                       OK              0.48s
  4/120 DPDK:fast-tests / atomic_autotest                         OK              7.28s
  5/120 DPDK:fast-tests / bitcount_autotest                       OK              0.48s
  6/120 DPDK:fast-tests / bitmap_autotest                         OK              0.48s
  7/120 DPDK:fast-tests / bitops_autotest                         OK              1.99s
  8/120 DPDK:fast-tests / bitratestats_autotest                   OK              0.48s
  9/120 DPDK:fast-tests / bitset_autotest                         OK              3.22s
 10/120 DPDK:fast-tests / bpf_autotest                            OK              0.48s
 11/120 DPDK:fast-tests / bpf_convert_autotest                    OK              0.49s
 12/120 DPDK:fast-tests / byteorder_autotest                      OK              0.48s
 13/120 DPDK:fast-tests / cfgfile_autotest                        OK              0.48s
 14/120 DPDK:fast-tests / cksum_autotest                          OK              0.48s
 15/120 DPDK:fast-tests / cmdline_autotest                        OK              0.48s
 16/120 DPDK:fast-tests / common_autotest                         OK              1.48s
 17/120 DPDK:fast-tests / compressdev_autotest                    SKIP            0.07s   exit status 77
 18/120 DPDK:fast-tests / cpuflags_autotest                       OK              0.48s
 19/120 DPDK:fast-tests / crc_autotest                            OK              0.48s
 20/120 DPDK:fast-tests / user_delay_us                           OK              0.48s
 21/120 DPDK:fast-tests / debug_autotest                          OK             19.73s
 22/120 DPDK:fast-tests / devargs_autotest                        OK              0.48s
 23/120 DPDK:fast-tests / dispatcher_autotest                     OK              2.53s
 24/120 DPDK:fast-tests / distributor_autotest                    OK              1.21s
 25/120 DPDK:fast-tests / eal_flags_c_opt_autotest                FAIL            0.49s   exit status 255
 26/120 DPDK:fast-tests / eal_flags_main_opt_autotest             OK              0.22s
 27/120 DPDK:fast-tests / eal_flags_n_opt_autotest                OK              0.20s
 28/120 DPDK:fast-tests / eal_flags_hpet_autotest                 OK              0.14s
 29/120 DPDK:fast-tests / eal_flags_no_huge_autotest              OK              0.19s
 30/120 DPDK:fast-tests / eal_flags_a_opt_autotest                OK              0.31s
 31/120 DPDK:fast-tests / eal_flags_b_opt_autotest                OK              0.25s
 32/120 DPDK:fast-tests / eal_flags_vdev_opt_autotest             OK              0.20s
 33/120 DPDK:fast-tests / eal_flags_r_opt_autotest                OK              0.19s
 34/120 DPDK:fast-tests / eal_flags_mem_autotest                  OK              0.59s
 35/120 DPDK:fast-tests / eal_flags_file_prefix_autotest          OK             22.26s
 36/120 DPDK:fast-tests / eal_flags_misc_autotest                 OK              1.03s
 37/120 DPDK:fast-tests / eal_fs_autotest                         OK              0.48s
 38/120 DPDK:fast-tests / errno_autotest                          OK              0.48s
 39/120 DPDK:fast-tests / ethdev_link_status                      OK              0.48s
 40/120 DPDK:fast-tests / event_eth_tx_adapter_autotest           OK              1.69s
 41/120 DPDK:fast-tests / event_ring_autotest                     OK              0.48s
 42/120 DPDK:fast-tests / eventdev_common_autotest                OK              0.48s
 43/120 DPDK:fast-tests / eventdev_selftest_sw                    OK              7.27s
 44/120 DPDK:fast-tests / fbarray_autotest                        OK              0.48s
 45/120 DPDK:fast-tests / fib_autotest                            OK              1.34s
 46/120 DPDK:fast-tests / fib6_autotest                           OK              1.13s
 47/120 DPDK:fast-tests / func_reentrancy_autotest                OK              2.34s
 48/120 DPDK:fast-tests / graph_autotest                          OK              0.48s
 49/120 DPDK:fast-tests / node_list_dump                          OK              0.48s
 50/120 DPDK:fast-tests / graph_feature_arc_autotest              OK              0.49s
 51/120 DPDK:fast-tests / hash_autotest                           OK              1.11s
 52/120 DPDK:fast-tests / hash_readwrite_func_autotest            OK              6.41s
 53/120 DPDK:fast-tests / interrupt_autotest                      OK              1.78s
 54/120 DPDK:fast-tests / ipfrag_autotest                         OK              0.08s
 55/120 DPDK:fast-tests / ipsec_autotest                          SKIP            0.48s   exit status 77
 56/120 DPDK:fast-tests / kvargs_autotest                         OK              0.49s
 57/120 DPDK:fast-tests / latencystats_autotest                   OK              0.49s
 58/120 DPDK:fast-tests / lcore_var_autotest                      OK              0.62s
 59/120 DPDK:fast-tests / lcores_autotest                         OK              5.29s
 60/120 DPDK:fast-tests / logs_autotest                           OK              0.48s
 61/120 DPDK:fast-tests / lpm_autotest                            OK              2.53s
 62/120 DPDK:fast-tests / lpm6_autotest                           OK              5.66s
 63/120 DPDK:fast-tests / malloc_autotest                         OK             61.10s
 64/120 DPDK:fast-tests / mbuf_autotest                           OK              5.07s
 65/120 DPDK:fast-tests / mcslock_autotest                        OK              4.34s
 66/120 DPDK:fast-tests / member_autotest                         OK              1.65s
 67/120 DPDK:fast-tests / memcpy_autotest                         OK              6.92s
 68/120 DPDK:fast-tests / memory_autotest                         OK              0.09s
 69/120 DPDK:fast-tests / mempool_autotest                        OK              0.44s
 70/120 DPDK:fast-tests / memzone_autotest                        OK              0.15s
 71/120 DPDK:fast-tests / meter_autotest                          OK              0.48s
 72/120 DPDK:fast-tests / metrics_autotest                        OK              0.48s
 73/120 DPDK:fast-tests / multiprocess_autotest                   OK              0.19s
 74/120 DPDK:fast-tests / net_ether_autotest                      OK              1.14s
 75/120 DPDK:fast-tests / net_ipv6_autotest                       OK              0.48s
 76/120 DPDK:fast-tests / pcapng_autotest                         OK              8.07s
 77/120 DPDK:fast-tests / pdcp_autotest                           SKIP            0.07s   exit status 77
 78/120 DPDK:fast-tests / pdump_autotest                          OK              0.59s
 79/120 DPDK:fast-tests / per_lcore_autotest                      OK              0.58s
 80/120 DPDK:fast-tests / pflock_autotest                         OK              1.29s
 81/120 DPDK:fast-tests / pie_autotest                            OK              0.48s
 82/120 DPDK:fast-tests / ring_pmd_autotest                       OK              0.48s
 83/120 DPDK:fast-tests / power_autotest                          OK              0.48s
 84/120 DPDK:fast-tests / power_cpufreq_autotest                  SKIP            0.07s   exit status 77
 85/120 DPDK:fast-tests / power_intel_uncore_autotest             SKIP            0.48s   exit status 77
 86/120 DPDK:fast-tests / power_kvm_vm_autotest                   SKIP            0.07s   exit status 77
 87/120 DPDK:fast-tests / prefetch_autotest                       OK              0.48s
 88/120 DPDK:fast-tests / ptr_compress_autotest                   OK              0.48s
 89/120 DPDK:fast-tests / rawdev_autotest                         OK              0.48s
 90/120 DPDK:fast-tests / rcu_qsbr_autotest                       OK              1.00s
 91/120 DPDK:fast-tests / reorder_autotest                        OK              0.54s
 92/120 DPDK:fast-tests / rib_autotest                            OK              9.14s
 93/120 DPDK:fast-tests / rib6_autotest                           OK              9.13s
 94/120 DPDK:fast-tests / ring_autotest                           OK              0.52s
 95/120 DPDK:fast-tests / rwlock_test1_autotest                   OK              1.23s
 96/120 DPDK:fast-tests / rwlock_rda_autotest                     OK              5.49s
 97/120 DPDK:fast-tests / rwlock_rds_wrm_autotest                 OK              5.45s
 98/120 DPDK:fast-tests / rwlock_rde_wro_autotest                 OK              5.48s
 99/120 DPDK:fast-tests / sched_autotest                          OK              0.48s
100/120 DPDK:fast-tests / security_autotest                       OK              0.07s
101/120 DPDK:fast-tests / seqlock_autotest                        OK              2.48s
102/120 DPDK:fast-tests / service_autotest                        OK              3.19s
103/120 DPDK:fast-tests / soring_autotest                         OK              0.59s
104/120 DPDK:fast-tests / spinlock_autotest                       OK              0.56s
105/120 DPDK:fast-tests / stack_autotest                          OK              0.87s
106/120 DPDK:fast-tests / stack_lf_autotest                       SKIP            0.06s   exit status 77
107/120 DPDK:fast-tests / string_autotest                         OK              0.48s
108/120 DPDK:fast-tests / table_autotest                          OK              7.78s
109/120 DPDK:fast-tests / tailq_autotest                          OK              0.48s
110/120 DPDK:fast-tests / telemetry_data_autotest                 OK              0.49s
111/120 DPDK:fast-tests / telemetry_json_autotest                 OK              0.48s
112/120 DPDK:fast-tests / thash_autotest                          OK              0.49s
113/120 DPDK:fast-tests / threads_autotest                        OK              0.67s
114/120 DPDK:fast-tests / ticketlock_autotest                     OK              0.66s
115/120 DPDK:fast-tests / timer_autotest                          OK              4.00s
116/120 DPDK:fast-tests / trace_autotest                          OK              0.48s
117/120 DPDK:fast-tests / trace_autotest_with_traces              OK              0.49s
118/120 DPDK:fast-tests / vdev_autotest                           OK              0.48s
119/120 DPDK:fast-tests / version_autotest                        OK              0.48s
120/120 DPDK:fast-tests / telemetry_all                           OK             19.60s


Ok:                 112
Expected Fail:      0
Fail:               1
Unexpected Pass:    0
Skipped:            7
Timeout:            0



Test logs for failed test cases:
================================================================================
DPDK:fast-tests / eal_flags_c_opt_autotest: FAIL
================================================================================
-------------------------------------stdout-------------------------------------
RTE>>eal_flags_c_opt_autotest
Running binary with argv[]:'/home/zhoumin/gh_dpdk/build/app/dpdk-test' '--file-prefix=rte' '--proc-type=secondary' 
Running binary with argv[]:'/home/zhoumin/gh_dpdk/build/app/dpdk-test' '--file-prefix=rte' '--proc-type=secondary' '-c' 
Running binary with argv[]:'/home/zhoumin/gh_dpdk/build/app/dpdk-test' '--file-prefix=rte' '--proc-type=secondary' '-c' 'error' 
Running binary with argv[]:'/home/zhoumin/gh_dpdk/build/app/dpdk-test' '--file-prefix=rte' '--proc-type=secondary' '-c' '1' 
Running binary with argv[]:'/home/zhoumin/gh_dpdk/build/app/dpdk-test' '--file-prefix=rte' '--proc-type=secondary' '-l' 
Running binary with argv[]:'/home/zhoumin/gh_dpdk/build/app/dpdk-test' '--file-prefix=rte' '--proc-type=secondary' '-l' ' ' 
Running binary with argv[]:'/home/zhoumin/gh_dpdk/build/app/dpdk-test' '--file-prefix=rte' '--proc-type=secondary' '-l' 'error' 
Running binary with argv[]:'/home/zhoumin/gh_dpdk/build/app/dpdk-test' '--file-prefix=rte' '--proc-type=secondary' '-l' '1-' 
Running binary with argv[]:'/home/zhoumin/gh_dpdk/build/app/dpdk-test' '--file-prefix=rte' '--proc-type=secondary' '-l' '1,' 
Running binary with argv[]:'/home/zhoumin/gh_dpdk/build/app/dpdk-test' '--file-prefix=rte' '--proc-type=secondary' '-l' '1#2' 
Running binary with argv[]:'/home/zhoumin/gh_dpdk/build/app/dpdk-test' '--file-prefix=rte' '--proc-type=secondary' '-l' '-5' 
Running binary with argv[]:'/home/zhoumin/gh_dpdk/build/app/dpdk-test' '--file-prefix=rte' '--proc-type=secondary' '-l' '-5-7' 
Running binary with argv[]:'/home/zhoumin/gh_dpdk/build/app/dpdk-test' '--file-prefix=rte' '--proc-type=secondary' '-l' '64' 
Running binary with argv[]:'/home/zhoumin/gh_dpdk/build/app/dpdk-test' '--file-prefix=rte' '--proc-type=secondary' '-l' '1-64' 
Running binary with argv[]:'/home/zhoumin/gh_dpdk/build/app/dpdk-test' '--file-prefix=rte' '--proc-type=secondary' '-l' '1-2,3' 
Running binary with argv[]:'/home/zhoumin/gh_dpdk/build/app/dpdk-test' '--file-prefix=rte' '--proc-type=secondary' '--lcores' 
Running binary with argv[]:'/home/zhoumin/gh_dpdk/build/app/dpdk-test' '--file-prefix=rte' '--proc-type=secondary' '--lcores' ' ' 
Running binary with argv[]:'/home/zhoumin/gh_dpdk/build/app/dpdk-test' '--file-prefix=rte' '--proc-type=secondary' '--lcores' '1-3-5' 
Error - process ran without error with invalid --lcores flag
Test Failed
RTE>>
-------------------------------------stderr-------------------------------------
EAL: Detected CPU lcores: 32
EAL: Detected NUMA nodes: 8
EAL: Detected static linkage of DPDK
EAL: Multi-process socket /var/run/dpdk/rte/mp_socket
EAL: Selected IOVA mode 'PA'
APP: HPET is not enabled, using TSC as default timer
EAL: Detected CPU lcores: 32
EAL: Detected NUMA nodes: 8
EAL: Detected static linkage of DPDK
EAL: Multi-process socket /var/run/dpdk/rte/mp_socket_1863381_8019221ea0539
EAL: Selected IOVA mode 'PA'
ARGPARSE: argument -c doesn't have value!
EAL: Detected CPU lcores: 32
EAL: Detected NUMA nodes: 8
EAL: '-c <coremask>' option is deprecated, and will be removed in a future release
EAL: 	Use '-l <corelist>' or '--lcores=<corelist>' option instead
EAL: invalid characters in coremask: [error]
EAL: invalid coremask syntax
EAL: Error parsing command line arguments.
EAL: Unregistering with invalid input parameter
EAL: Detected CPU lcores: 32
EAL: Detected NUMA nodes: 8
EAL: '-c <coremask>' option is deprecated, and will be removed in a future release
EAL: 	Use '-l <corelist>' or '--lcores=<corelist>' option instead
EAL: Detected static linkage of DPDK
EAL: Multi-process socket /var/run/dpdk/rte/mp_socket_1863386_8019222549afa
EAL: Selected IOVA mode 'PA'
ARGPARSE: argument -l doesn't have value!
EAL: Detected CPU lcores: 32
EAL: Detected NUMA nodes: 8
EAL: Error parsing lcore list: ' '
EAL: Error parsing command line arguments.
EAL: Unregistering with invalid input parameter
EAL: Detected CPU lcores: 32
EAL: Detected NUMA nodes: 8
EAL: Error parsing lcore list: 'error'
EAL: Error parsing command line arguments.
EAL: Unregistering with invalid input parameter
EAL: Detected CPU lcores: 32
EAL: Detected NUMA nodes: 8
EAL: Error parsing lcore list: '1-'
EAL: Error parsing command line arguments.
EAL: Unregistering with invalid input parameter
EAL: Detected CPU lcores: 32
EAL: Detected NUMA nodes: 8
EAL: Error parsing lcore list: '1,'
EAL: Error parsing command line arguments.
EAL: Unregistering with invalid input parameter
EAL: Detected CPU lcores: 32
EAL: Detected NUMA nodes: 8
EAL: Error parsing lcore list: '1#2'
EAL: Error parsing command line arguments.
EAL: Unregistering with invalid input parameter
EAL: Detected CPU lcores: 32
EAL: Detected NUMA nodes: 8
EAL: Error parsing lcore list: '-5'
EAL: Error parsing command line arguments.
EAL: Unregistering with invalid input parameter
EAL: Detected CPU lcores: 32
EAL: Detected NUMA nodes: 8
EAL: Error parsing lcore list: '-5-7'
EAL: Error parsing command line arguments.
EAL: Unregistering with invalid input parameter
EAL: Detected CPU lcores: 32
EAL: Detected NUMA nodes: 8
EAL: lcore 64 unavailable
EAL: No valid lcores in core list
EAL: invalid coremask or core-list parameter, please check specified cores are part of 0-31
EAL: Error parsing command line arguments.
EAL: Unregistering with invalid input parameter
EAL: Detected CPU lcores: 32
EAL: Detected NUMA nodes: 8
EAL: lcore 32 unavailable
EAL: lcore 33 unavailable
EAL: lcore 34 unavailable
EAL: lcore 35 unavailable
EAL: lcore 36 unavailable
EAL: lcore 37 unavailable
EAL: lcore 38 unavailable
EAL: lcore 39 unavailable
EAL: lcore 40 unavailable
EAL: lcore 41 unavailable
EAL: lcore 42 unavailable
EAL: lcore 43 unavailable
EAL: lcore 44 unavailable
EAL: lcore 45 unavailable
EAL: lcore 46 unavailable
EAL: lcore 47 unavailable
EAL: lcore 48 unavailable
EAL: lcore 49 unavailable
EAL: lcore 50 unavailable
EAL: lcore 51 unavailable
EAL: lcore 52 unavailable
EAL: lcore 53 unavailable
EAL: lcore 54 unavailable
EAL: lcore 55 unavailable
EAL: lcore 56 unavailable
EAL: lcore 57 unavailable
EAL: lcore 58 unavailable
EAL: lcore 59 unavailable
EAL: lcore 60 unavailable
EAL: lcore 61 unavailable
EAL: lcore 62 unavailable
EAL: lcore 63 unavailable
EAL: lcore 64 unavailable
EAL: invalid coremask or core-list parameter, please check specified cores are part of 0-31
EAL: Error parsing command line arguments.
EAL: Unregistering with invalid input parameter
EAL: Detected CPU lcores: 32
EAL: Detected NUMA nodes: 8
EAL: Detected static linkage of DPDK
EAL: Multi-process socket /var/run/dpdk/rte/mp_socket_1863399_8019223c2ee83
EAL: Selected IOVA mode 'PA'
ARGPARSE: argument --lcores doesn't have value!
EAL: Detected CPU lcores: 32
EAL: Detected NUMA nodes: 8
EAL: Error parsing lcore list: ' '
EAL: Error parsing command line arguments.
EAL: Unregistering with invalid input parameter
EAL: Detected CPU lcores: 32
EAL: Detected NUMA nodes: 8
EAL: Detected static linkage of DPDK
EAL: Multi-process socket /var/run/dpdk/rte/mp_socket_1863406_80192242c3419
EAL: Selected IOVA mode 'PA'


^ permalink raw reply	[flat|nested] 20+ messages in thread

* |SUCCESS| pw157351 [PATCH v10 21/21] eal: allow lcore remapping with autodetected core affinity
       [not found] <20251008204244.2288583-22-bruce.richardson@intel.com>
  2025-10-08 20:12 ` |SUCCESS| pw157331-157351 [PATCH v10 21/21] eal: allow lcore remapping with autodetected core affinity qemudev
  2025-10-08 20:17 ` |FAILURE| " qemudev
@ 2025-10-08 20:48 ` checkpatch
  2025-10-08 21:11 ` |PENDING| pw157331-157351 [PATCH] [v10,21/21] eal: allow lcore remap dpdklab
                   ` (16 subsequent siblings)
  19 siblings, 0 replies; 20+ messages in thread
From: checkpatch @ 2025-10-08 20:48 UTC (permalink / raw)
  To: test-report

Test-Label: checkpatch
Test-Status: SUCCESS
http://dpdk.org/patch/157351

_coding style OK_



^ permalink raw reply	[flat|nested] 20+ messages in thread

* |PENDING| pw157331-157351 [PATCH] [v10,21/21] eal: allow lcore remap
       [not found] <20251008204244.2288583-22-bruce.richardson@intel.com>
                   ` (2 preceding siblings ...)
  2025-10-08 20:48 ` |SUCCESS| pw157351 " checkpatch
@ 2025-10-08 21:11 ` dpdklab
  2025-10-08 21:11 ` |SUCCESS| " dpdklab
                   ` (15 subsequent siblings)
  19 siblings, 0 replies; 20+ messages in thread
From: dpdklab @ 2025-10-08 21:11 UTC (permalink / raw)
  To: Test Report; +Cc: dpdk-test-reports

Test-Label: iol-compile-amd64-testing
Test-Status: PENDING
http://dpdk.org/patch/157351

_Testing pending_

Submitter: Bruce Richardson <bruce.richardson@intel.com>
Date: Wednesday, October 08 2025 20:42:44 
DPDK git baseline: Repo:dpdk
  Branch: master
  CommitID:2b403dd8fb37d0ba13723e44ffc7ee2c2795f838

157331-157351 --> testing pending

Upstream job id: Generic-VM-DPDK-Compile-Meson#38866

Test environment and result as below:

+---------------------+--------------------+-------------------------+-------------------+
|     Environment     | dpdk_meson_compile | dpdk_llvm_clang_compile | dpdk_msvc_compile |
+=====================+====================+=========================+===================+
| Ubuntu 20.04        | PASS               | SKIPPED                 | SKIPPED           |
+---------------------+--------------------+-------------------------+-------------------+
| FreeBSD 14.2        | PEND               | SKIPPED                 | SKIPPED           |
+---------------------+--------------------+-------------------------+-------------------+
| Windows Server 2022 | SKIPPED            | PEND                    | PEND              |
+---------------------+--------------------+-------------------------+-------------------+


Ubuntu 20.04
	Kernel: 4.19
	Compiler: gcc gcc (Ubuntu 9.4.0-1ubuntu1~20.04.2) 9.4.0

FreeBSD 14.2
	Kernel: 14.2-RELEASE
	Compiler: clang 18.1.6

Windows Server 2022
	Kernel: 10.0.20348.2031
	Compiler: clang 15.0.7, gcc 14.1.0 (MinGW), and MSVC VS 19.39.33521

To view detailed results, visit:
https://lab.dpdk.org/results/dashboard/patchsets/34239/

UNH-IOL DPDK Community Lab

To manage your email subscriptions, visit: 
https://lab.dpdk.org/results/dashboard/preferences/subscriptions/

^ permalink raw reply	[flat|nested] 20+ messages in thread

* |SUCCESS| pw157331-157351 [PATCH] [v10,21/21] eal: allow lcore remap
       [not found] <20251008204244.2288583-22-bruce.richardson@intel.com>
                   ` (3 preceding siblings ...)
  2025-10-08 21:11 ` |PENDING| pw157331-157351 [PATCH] [v10,21/21] eal: allow lcore remap dpdklab
@ 2025-10-08 21:11 ` dpdklab
  2025-10-08 21:13 ` dpdklab
                   ` (14 subsequent siblings)
  19 siblings, 0 replies; 20+ messages in thread
From: dpdklab @ 2025-10-08 21:11 UTC (permalink / raw)
  To: Test Report; +Cc: dpdk-test-reports

Test-Label: iol-marvell-Functional
Test-Status: SUCCESS
http://dpdk.org/patch/157351

_Functional Testing PASS_

Submitter: Bruce Richardson <bruce.richardson@intel.com>
Date: Wednesday, October 08 2025 20:42:44 
DPDK git baseline: Repo:dpdk
  Branch: master
  CommitID:2b403dd8fb37d0ba13723e44ffc7ee2c2795f838

157331-157351 --> functional testing pass

Upstream job id: Template-DTS-Pipeline#248528

Test environment and result as below:

Ubuntu 20.04.6
Kernel: 5.4.105
Compiler: gcc 9.4
NIC: Marvell CN106XX 50000 Mbps
Target: arm64-native-linuxapp-gcc

Aggregate Results by Test Suite
+----------------+--------+
|   Test Suite   | Result |
+================+========+
| cmdline        |  PASS  |
+----------------+--------+
| rxtx_callbacks |  PASS  |
+----------------+--------+


To view detailed results, visit:
https://lab.dpdk.org/results/dashboard/patchsets/34239/

UNH-IOL DPDK Community Lab

To manage your email subscriptions, visit: 
https://lab.dpdk.org/results/dashboard/preferences/subscriptions/

^ permalink raw reply	[flat|nested] 20+ messages in thread

* |SUCCESS| pw157331-157351 [PATCH] [v10,21/21] eal: allow lcore remap
       [not found] <20251008204244.2288583-22-bruce.richardson@intel.com>
                   ` (4 preceding siblings ...)
  2025-10-08 21:11 ` |SUCCESS| " dpdklab
@ 2025-10-08 21:13 ` dpdklab
  2025-10-08 21:26 ` |PENDING| " dpdklab
                   ` (13 subsequent siblings)
  19 siblings, 0 replies; 20+ messages in thread
From: dpdklab @ 2025-10-08 21:13 UTC (permalink / raw)
  To: Test Report; +Cc: dpdk-test-reports

Test-Label: iol-mellanox-Functional
Test-Status: SUCCESS
http://dpdk.org/patch/157351

_Functional Testing PASS_

Submitter: Bruce Richardson <bruce.richardson@intel.com>
Date: Wednesday, October 08 2025 20:42:44 
DPDK git baseline: Repo:dpdk
  Branch: master
  CommitID:2b403dd8fb37d0ba13723e44ffc7ee2c2795f838

157331-157351 --> functional testing pass

Upstream job id: Template-DPDK-DTS-Pipeline#2358

Test environment and result as below:

Ubuntu 24.04
Kernel: 6.8.0-55-generic
Compiler: gcc 13.3.0
NIC: Mellanox ConnectX-5 100000 Mbps

Aggregate Results by Test Suite
+---------------------------------+--------+
|           Test Suite            | Result |
+=================================+========+
| blocklist                       |  PASS  |
+---------------------------------+--------+
| promisc_support                 |  PASS  |
+---------------------------------+--------+
| uni_pkt                         |  PASS  |
+---------------------------------+--------+
| dynamic_config                  |  PASS  |
+---------------------------------+--------+
| hello_world                     |  PASS  |
+---------------------------------+--------+
| l2fwd                           |  PASS  |
+---------------------------------+--------+
| port_restart_config_persistency |  PASS  |
+---------------------------------+--------+
| softnic                         |  PASS  |
+---------------------------------+--------+
| vlan                            |  PASS  |
+---------------------------------+--------+


To view detailed results, visit:
https://lab.dpdk.org/results/dashboard/patchsets/34239/

UNH-IOL DPDK Community Lab

To manage your email subscriptions, visit: 
https://lab.dpdk.org/results/dashboard/preferences/subscriptions/

^ permalink raw reply	[flat|nested] 20+ messages in thread

* |PENDING| pw157331-157351 [PATCH] [v10,21/21] eal: allow lcore remap
       [not found] <20251008204244.2288583-22-bruce.richardson@intel.com>
                   ` (5 preceding siblings ...)
  2025-10-08 21:13 ` dpdklab
@ 2025-10-08 21:26 ` dpdklab
  2025-10-08 21:27 ` |SUCCESS| " dpdklab
                   ` (12 subsequent siblings)
  19 siblings, 0 replies; 20+ messages in thread
From: dpdklab @ 2025-10-08 21:26 UTC (permalink / raw)
  To: Test Report; +Cc: dpdk-test-reports

Test-Label: iol-sample-apps-testing
Test-Status: PENDING
http://dpdk.org/patch/157351

_Testing pending_

Submitter: Bruce Richardson <bruce.richardson@intel.com>
Date: Wednesday, October 08 2025 20:42:44 
DPDK git baseline: Repo:dpdk
  Branch: master
  CommitID:2b403dd8fb37d0ba13723e44ffc7ee2c2795f838

157331-157351 --> testing pending

Upstream job id: Template-DTS-Pipeline#248530

Test environment and result as below:

+--------------+----------------------+----------------------+
| Environment  | dpdk_fips_validation | compressdev_zlib_pmd |
+==============+======================+======================+
| Ubuntu 20.04 | PEND                 | SKIPPED              |
+--------------+----------------------+----------------------+
| Ubuntu 22.04 | SKIPPED              | PASS                 |
+--------------+----------------------+----------------------+


Ubuntu 20.04
	Kernel: 5.15
	Compiler: gcc gcc (Ubuntu 9.4.0-1ubuntu1~20.04.2) 9.4.0

Ubuntu 22.04
	Kernel: 5.15
	Compiler: gcc gcc (Ubuntu 11.4.0-1ubuntu1~22.04.2) 11.4.0

To view detailed results, visit:
https://lab.dpdk.org/results/dashboard/patchsets/34239/

UNH-IOL DPDK Community Lab

To manage your email subscriptions, visit: 
https://lab.dpdk.org/results/dashboard/preferences/subscriptions/

^ permalink raw reply	[flat|nested] 20+ messages in thread

* |SUCCESS| pw157331-157351 [PATCH] [v10,21/21] eal: allow lcore remap
       [not found] <20251008204244.2288583-22-bruce.richardson@intel.com>
                   ` (6 preceding siblings ...)
  2025-10-08 21:26 ` |PENDING| " dpdklab
@ 2025-10-08 21:27 ` dpdklab
  2025-10-08 21:28 ` |PENDING| " dpdklab
                   ` (11 subsequent siblings)
  19 siblings, 0 replies; 20+ messages in thread
From: dpdklab @ 2025-10-08 21:27 UTC (permalink / raw)
  To: Test Report; +Cc: dpdk-test-reports

Test-Label: iol-intel-Functional
Test-Status: SUCCESS
http://dpdk.org/patch/157351

_Functional Testing PASS_

Submitter: Bruce Richardson <bruce.richardson@intel.com>
Date: Wednesday, October 08 2025 20:42:44 
DPDK git baseline: Repo:dpdk
  Branch: master
  CommitID:2b403dd8fb37d0ba13723e44ffc7ee2c2795f838

157331-157351 --> functional testing pass

Upstream job id: Template-DTS-Pipeline#248525

Test environment and result as below:

Ubuntu 24.04 LTS
Kernel: 6.8.0-44-generic
Compiler: gcc 13.2.0
NIC: Intel Corporation Ethernet Controller XL710 for 40GbE QSFP+ 40 Mbps

Aggregate Results by Test Suite
+--------------------+--------+
|     Test Suite     | Result |
+====================+========+
| blocklist          |  PASS  |
+--------------------+--------+
| promisc_support    |  PASS  |
+--------------------+--------+
| uni_pkt            |  PASS  |
+--------------------+--------+
| dynamic_config     |  PASS  |
+--------------------+--------+
| dynamic_queue_conf |  PASS  |
+--------------------+--------+
| hello_world        |  PASS  |
+--------------------+--------+
| l2fwd              |  PASS  |
+--------------------+--------+
| softnic            |  PASS  |
+--------------------+--------+
| vlan               |  PASS  |
+--------------------+--------+


Ubuntu 20.04
Kernel: 5.4
Compiler: gcc gcc (Ubuntu 9.4.0-1ubuntu1~20.04.1) 9.4.0
NIC: Intel Corporation Ethernet Converged Network Adapter XL710-QDA2 40000 Mbps

Aggregate Results by Test Suite
+-----------------------------+--------+
|         Test Suite          | Result |
+=============================+========+
| unit_tests_mbuf             |  PASS  |
+-----------------------------+--------+
| vhost_virtio_user_interrupt |  PASS  |
+-----------------------------+--------+
| virtio_smoke                |  PASS  |
+-----------------------------+--------+


To view detailed results, visit:
https://lab.dpdk.org/results/dashboard/patchsets/34239/

UNH-IOL DPDK Community Lab

To manage your email subscriptions, visit: 
https://lab.dpdk.org/results/dashboard/preferences/subscriptions/

^ permalink raw reply	[flat|nested] 20+ messages in thread

* |PENDING| pw157331-157351 [PATCH] [v10,21/21] eal: allow lcore remap
       [not found] <20251008204244.2288583-22-bruce.richardson@intel.com>
                   ` (7 preceding siblings ...)
  2025-10-08 21:27 ` |SUCCESS| " dpdklab
@ 2025-10-08 21:28 ` dpdklab
  2025-10-08 21:31 ` |SUCCESS| " dpdklab
                   ` (10 subsequent siblings)
  19 siblings, 0 replies; 20+ messages in thread
From: dpdklab @ 2025-10-08 21:28 UTC (permalink / raw)
  To: Test Report; +Cc: dpdk-test-reports

Test-Label: iol-unit-amd64-testing
Test-Status: PENDING
http://dpdk.org/patch/157351

_Testing pending_

Submitter: Bruce Richardson <bruce.richardson@intel.com>
Date: Wednesday, October 08 2025 20:42:44 
DPDK git baseline: Repo:dpdk
  Branch: master
  CommitID:2b403dd8fb37d0ba13723e44ffc7ee2c2795f838

157331-157351 --> testing pending

Upstream job id: Generic-Unit-Test-DPDK#379696

Test environment and result as below:

+-------------------------------+----------------+
|          Environment          | dpdk_unit_test |
+===============================+================+
| CentOS Stream 10              | PEND           |
+-------------------------------+----------------+
| CentOS Stream 9               | PEND           |
+-------------------------------+----------------+
| Debian GNU/Linux 12           | PEND           |
+-------------------------------+----------------+
| Ubuntu 20.04                  | PASS           |
+-------------------------------+----------------+
| Fedora Linux 40               | PEND           |
+-------------------------------+----------------+
| Fedora Linux 41               | PEND           |
+-------------------------------+----------------+
| Red Hat Enterprise Linux 8.10 | PEND           |
+-------------------------------+----------------+
| Ubuntu 22.04                  | PEND           |
+-------------------------------+----------------+
| Fedora Linux 42               | PEND           |
+-------------------------------+----------------+
| Red Hat Enterprise Linux 9.5  | PEND           |
+-------------------------------+----------------+
| Ubuntu 24.04                  | PEND           |
+-------------------------------+----------------+
| Windows Server 2022           | PEND           |
+-------------------------------+----------------+


CentOS Stream 10
	Kernel: 5.15
	Compiler: gcc gcc (GCC) 14.2.1 20250110 (Red Hat 14.2.1-8)

CentOS Stream 9
	Kernel: 5.15
	Compiler: gcc gcc (GCC) 11.5.0 20240719 (Red Hat 11.5.0-11)

Debian GNU/Linux 12
	Kernel: 5.15
	Compiler: gcc gcc (Debian 12.2.0-14+deb12u1) 12.2.0

Ubuntu 20.04
	Kernel: 5.15
	Compiler: gcc gcc (Ubuntu 9.4.0-1ubuntu1~20.04.2) 9.4.0

Fedora Linux 40
	Kernel: 5.15
	Compiler: gcc gcc (GCC) 14.2.1 20240912 (Red Hat 14.2.1-3)

Fedora Linux 41
	Kernel: 5.15
	Compiler: gcc gcc (GCC) 14.3.1 20250523 (Red Hat 14.3.1-1)

Red Hat Enterprise Linux 8.10
	Kernel: 5.15
	Compiler: gcc gcc (GCC) 8.5.0 20210514 (Red Hat 8.5.0-22)

Ubuntu 22.04
	Kernel: 5.15
	Compiler: gcc gcc (Ubuntu 11.4.0-1ubuntu1~22.04) 11.4.0

Fedora Linux 42
	Kernel: 5.15
	Compiler: clang gcc (GCC) 15.2.1 20250808 (Red Hat 15.2.1-1)

Red Hat Enterprise Linux 9.5
	Kernel: 5.15
	Compiler: gcc gcc (GCC) 11.5.0 20240719 (Red Hat 11.5.0-2)

Ubuntu 24.04
	Kernel: 5.15
	Compiler: gcc gcc (Ubuntu 13.3.0-6ubuntu2~24.04) 13.3.0

Windows Server 2022
	Kernel: 10.0.20348.2031
	Compiler: clang 15.0.7, gcc 14.1.0 (MinGW), and MSVC VS 19.39.33521

To view detailed results, visit:
https://lab.dpdk.org/results/dashboard/patchsets/34239/

UNH-IOL DPDK Community Lab

To manage your email subscriptions, visit: 
https://lab.dpdk.org/results/dashboard/preferences/subscriptions/

^ permalink raw reply	[flat|nested] 20+ messages in thread

* |SUCCESS| pw157331-157351 [PATCH] [v10,21/21] eal: allow lcore remap
       [not found] <20251008204244.2288583-22-bruce.richardson@intel.com>
                   ` (8 preceding siblings ...)
  2025-10-08 21:28 ` |PENDING| " dpdklab
@ 2025-10-08 21:31 ` dpdklab
  2025-10-08 21:36 ` dpdklab
                   ` (9 subsequent siblings)
  19 siblings, 0 replies; 20+ messages in thread
From: dpdklab @ 2025-10-08 21:31 UTC (permalink / raw)
  To: Test Report; +Cc: dpdk-test-reports

Test-Label: iol-intel-Functional
Test-Status: SUCCESS
http://dpdk.org/patch/157351

_Functional Testing PASS_

Submitter: Bruce Richardson <bruce.richardson@intel.com>
Date: Wednesday, October 08 2025 20:42:44 
DPDK git baseline: Repo:dpdk
  Branch: master
  CommitID:2b403dd8fb37d0ba13723e44ffc7ee2c2795f838

157331-157351 --> functional testing pass

Upstream job id: Template-DTS-Pipeline#248531

Test environment and result as below:

Ubuntu 24.04 LTS
Kernel: 6.8.0-44-generic
Compiler: gcc 13.2.0
NIC: Intel Corporation Ethernet Controller XL710 for 40GbE QSFP+ 40 Mbps

Aggregate Results by Test Suite
+--------------------+--------+
|     Test Suite     | Result |
+====================+========+
| blocklist          |  PASS  |
+--------------------+--------+
| promisc_support    |  PASS  |
+--------------------+--------+
| uni_pkt            |  PASS  |
+--------------------+--------+
| dynamic_config     |  PASS  |
+--------------------+--------+
| dynamic_queue_conf |  PASS  |
+--------------------+--------+
| hello_world        |  PASS  |
+--------------------+--------+
| l2fwd              |  PASS  |
+--------------------+--------+
| softnic            |  PASS  |
+--------------------+--------+
| vlan               |  PASS  |
+--------------------+--------+


Ubuntu 20.04
Kernel: 5.4
Compiler: gcc gcc (Ubuntu 9.4.0-1ubuntu1~20.04.1) 9.4.0
NIC: Intel Corporation Ethernet Converged Network Adapter XL710-QDA2 40000 Mbps

Aggregate Results by Test Suite
+-----------------------------+--------+
|         Test Suite          | Result |
+=============================+========+
| unit_tests_mbuf             |  PASS  |
+-----------------------------+--------+
| vhost_virtio_user_interrupt |  PASS  |
+-----------------------------+--------+
| virtio_smoke                |  PASS  |
+-----------------------------+--------+


Ubuntu 24.04
Kernel: 6.8
Compiler: gcc gcc (Ubuntu 13.3.0-6ubuntu2~24.04) 13.3.0
NIC: Intel Corporation 4xxx Series QAT 0 Mbps

Aggregate Results by Test Suite
+----------------------------+--------+
|         Test Suite         | Result |
+============================+========+
| crypto_perf_cryptodev_perf |  PASS  |
+----------------------------+--------+


To view detailed results, visit:
https://lab.dpdk.org/results/dashboard/patchsets/34239/

UNH-IOL DPDK Community Lab

To manage your email subscriptions, visit: 
https://lab.dpdk.org/results/dashboard/preferences/subscriptions/

^ permalink raw reply	[flat|nested] 20+ messages in thread

* |SUCCESS| pw157331-157351 [PATCH] [v10,21/21] eal: allow lcore remap
       [not found] <20251008204244.2288583-22-bruce.richardson@intel.com>
                   ` (9 preceding siblings ...)
  2025-10-08 21:31 ` |SUCCESS| " dpdklab
@ 2025-10-08 21:36 ` dpdklab
  2025-10-08 21:47 ` |PENDING| " dpdklab
                   ` (8 subsequent siblings)
  19 siblings, 0 replies; 20+ messages in thread
From: dpdklab @ 2025-10-08 21:36 UTC (permalink / raw)
  To: Test Report; +Cc: dpdk-test-reports

Test-Label: iol-sample-apps-testing
Test-Status: SUCCESS
http://dpdk.org/patch/157351

_Testing PASS_

Submitter: Bruce Richardson <bruce.richardson@intel.com>
Date: Wednesday, October 08 2025 20:42:44 
DPDK git baseline: Repo:dpdk
  Branch: master
  CommitID:2b403dd8fb37d0ba13723e44ffc7ee2c2795f838

157331-157351 --> testing pass

Upstream job id: ACVP-FIPS-testing#11364

Test environment and result as below:

+--------------+----------------------+----------------------+
| Environment  | dpdk_fips_validation | compressdev_zlib_pmd |
+==============+======================+======================+
| Ubuntu 20.04 | PASS                 | SKIPPED              |
+--------------+----------------------+----------------------+
| Ubuntu 22.04 | SKIPPED              | PASS                 |
+--------------+----------------------+----------------------+


Ubuntu 20.04
	Kernel: 5.15
	Compiler: gcc gcc (Ubuntu 9.4.0-1ubuntu1~20.04.2) 9.4.0

Ubuntu 22.04
	Kernel: 5.15
	Compiler: gcc gcc (Ubuntu 11.4.0-1ubuntu1~22.04.2) 11.4.0

To view detailed results, visit:
https://lab.dpdk.org/results/dashboard/patchsets/34239/

UNH-IOL DPDK Community Lab

To manage your email subscriptions, visit: 
https://lab.dpdk.org/results/dashboard/preferences/subscriptions/

^ permalink raw reply	[flat|nested] 20+ messages in thread

* |PENDING| pw157331-157351 [PATCH] [v10,21/21] eal: allow lcore remap
       [not found] <20251008204244.2288583-22-bruce.richardson@intel.com>
                   ` (10 preceding siblings ...)
  2025-10-08 21:36 ` dpdklab
@ 2025-10-08 21:47 ` dpdklab
  2025-10-08 21:48 ` |SUCCESS| " dpdklab
                   ` (7 subsequent siblings)
  19 siblings, 0 replies; 20+ messages in thread
From: dpdklab @ 2025-10-08 21:47 UTC (permalink / raw)
  To: Test Report; +Cc: dpdk-test-reports

Test-Label: iol-unit-arm64-testing
Test-Status: PENDING
http://dpdk.org/patch/157351

_Testing pending_

Submitter: Bruce Richardson <bruce.richardson@intel.com>
Date: Wednesday, October 08 2025 20:42:44 
DPDK git baseline: Repo:dpdk
  Branch: master
  CommitID:2b403dd8fb37d0ba13723e44ffc7ee2c2795f838

157331-157351 --> testing pending

Upstream job id: Generic-Unit-Test-DPDK#379702

Test environment and result as below:

+------------------------------+----------------+--------------+------------------------------+---------------------------+
|         Environment          | dpdk_unit_test | lpm_autotest | cryptodev_sw_snow3g_autotest | cryptodev_sw_zuc_autotest |
+==============================+================+==============+==============================+===========================+
| CentOS Stream 10             | PEND           | SKIPPED      | SKIPPED                      | SKIPPED                   |
+------------------------------+----------------+--------------+------------------------------+---------------------------+
| Ubuntu 24.04                 | PEND           | SKIPPED      | SKIPPED                      | SKIPPED                   |
+------------------------------+----------------+--------------+------------------------------+---------------------------+
| Debian GNU/Linux 12          | PEND           | SKIPPED      | SKIPPED                      | SKIPPED                   |
+------------------------------+----------------+--------------+------------------------------+---------------------------+
| Fedora Linux 40              | PEND           | SKIPPED      | SKIPPED                      | SKIPPED                   |
+------------------------------+----------------+--------------+------------------------------+---------------------------+
| CentOS Stream 9              | PEND           | SKIPPED      | SKIPPED                      | SKIPPED                   |
+------------------------------+----------------+--------------+------------------------------+---------------------------+
| Red Hat Enterprise Linux 9.5 | PEND           | SKIPPED      | SKIPPED                      | SKIPPED                   |
+------------------------------+----------------+--------------+------------------------------+---------------------------+
| Fedora Linux 42              | PEND           | SKIPPED      | SKIPPED                      | SKIPPED                   |
+------------------------------+----------------+--------------+------------------------------+---------------------------+
| Fedora Linux 41              | PEND           | SKIPPED      | SKIPPED                      | SKIPPED                   |
+------------------------------+----------------+--------------+------------------------------+---------------------------+
| Ubuntu 20.04                 | PEND           | PASS         | SKIPPED                      | SKIPPED                   |
+------------------------------+----------------+--------------+------------------------------+---------------------------+
| Ubuntu 22.04                 | PEND           | SKIPPED      | SKIPPED                      | SKIPPED                   |
+------------------------------+----------------+--------------+------------------------------+---------------------------+
| Debian 12 (arm)              | SKIPPED        | SKIPPED      | PEND                         | PEND                      |
+------------------------------+----------------+--------------+------------------------------+---------------------------+


CentOS Stream 10
	Kernel: 5.4
	Compiler: gcc gcc (GCC) 14.2.1 20250110 (Red Hat 14.2.1-8)

Ubuntu 24.04
	Kernel: 5.4
	Compiler: gcc gcc (Ubuntu 13.3.0-6ubuntu2~24.04) 13.3.0

Debian GNU/Linux 12
	Kernel: 5.4
	Compiler: gcc gcc (Debian 12.2.0-14+deb12u1) 12.2.0

Fedora Linux 40
	Kernel: 5.4
	Compiler: gcc gcc (GCC) 14.2.1 20240912 (Red Hat 14.2.1-3)

CentOS Stream 9
	Kernel: 5.4
	Compiler: gcc gcc (GCC) 11.5.0 20240719 (Red Hat 11.5.0-11)

Red Hat Enterprise Linux 9.5
	Kernel: 5.4
	Compiler: gcc gcc (GCC) 11.5.0 20240719 (Red Hat 11.5.0-2)

Fedora Linux 42
	Kernel: 5.4
	Compiler: gcc gcc (GCC) 15.2.1 20250808 (Red Hat 15.2.1-1)

Fedora Linux 41
	Kernel: 5.4
	Compiler: gcc gcc (GCC) 14.3.1 20250523 (Red Hat 14.3.1-1)

Ubuntu 20.04
	Kernel: 5.4
	Compiler: gcc gcc (Ubuntu 9.4.0-1ubuntu1~20.04.2) 9.4.0

Ubuntu 22.04
	Kernel: 5.4
	Compiler: gcc gcc (Ubuntu 11.4.0-1ubuntu1~22.04) 11.4.0

Debian 12 (arm)
	Kernel: Depends on container host
	Compiler: gcc (Debian 12.2.0-14) 12.2.0

To view detailed results, visit:
https://lab.dpdk.org/results/dashboard/patchsets/34239/

UNH-IOL DPDK Community Lab

To manage your email subscriptions, visit: 
https://lab.dpdk.org/results/dashboard/preferences/subscriptions/

^ permalink raw reply	[flat|nested] 20+ messages in thread

* |SUCCESS| pw157331-157351 [PATCH] [v10,21/21] eal: allow lcore remap
       [not found] <20251008204244.2288583-22-bruce.richardson@intel.com>
                   ` (11 preceding siblings ...)
  2025-10-08 21:47 ` |PENDING| " dpdklab
@ 2025-10-08 21:48 ` dpdklab
  2025-10-08 21:50 ` |FAILURE| pw157351 [PATCH v10 21/21] eal: allow lcore remapping with autodetected core affinity 0-day Robot
                   ` (6 subsequent siblings)
  19 siblings, 0 replies; 20+ messages in thread
From: dpdklab @ 2025-10-08 21:48 UTC (permalink / raw)
  To: Test Report; +Cc: dpdk-test-reports

Test-Label: iol-intel-Functional
Test-Status: SUCCESS
http://dpdk.org/patch/157351

_Functional Testing PASS_

Submitter: Bruce Richardson <bruce.richardson@intel.com>
Date: Wednesday, October 08 2025 20:42:44 
DPDK git baseline: Repo:dpdk
  Branch: master
  CommitID:2b403dd8fb37d0ba13723e44ffc7ee2c2795f838

157331-157351 --> functional testing pass

Upstream job id: Template-DTS-Pipeline#248527

Test environment and result as below:

Ubuntu 24.04 LTS
Kernel: 6.8.0-44-generic
Compiler: gcc 13.2.0
NIC: Intel Corporation Ethernet Controller XL710 for 40GbE QSFP+ 40 Mbps

Aggregate Results by Test Suite
+--------------------+--------+
|     Test Suite     | Result |
+====================+========+
| blocklist          |  PASS  |
+--------------------+--------+
| promisc_support    |  PASS  |
+--------------------+--------+
| uni_pkt            |  PASS  |
+--------------------+--------+
| dynamic_config     |  PASS  |
+--------------------+--------+
| dynamic_queue_conf |  PASS  |
+--------------------+--------+
| hello_world        |  PASS  |
+--------------------+--------+
| l2fwd              |  PASS  |
+--------------------+--------+
| softnic            |  PASS  |
+--------------------+--------+
| vlan               |  PASS  |
+--------------------+--------+


Ubuntu 20.04
Kernel: 5.4
Compiler: gcc gcc (Ubuntu 9.4.0-1ubuntu1~20.04.1) 9.4.0
NIC: Intel Corporation Ethernet Converged Network Adapter XL710-QDA2 40000 Mbps

Aggregate Results by Test Suite
+-----------------------------+--------+
|         Test Suite          | Result |
+=============================+========+
| unit_tests_mbuf             |  PASS  |
+-----------------------------+--------+
| vhost_virtio_user_interrupt |  PASS  |
+-----------------------------+--------+
| virtio_smoke                |  PASS  |
+-----------------------------+--------+


Ubuntu 24.04
Kernel: 6.8
Compiler: gcc gcc (Ubuntu 13.3.0-6ubuntu2~24.04) 13.3.0
NIC: Intel Corporation 4xxx Series QAT 0 Mbps

Aggregate Results by Test Suite
+----------------------------+--------+
|         Test Suite         | Result |
+============================+========+
| crypto_perf_cryptodev_perf |  PASS  |
+----------------------------+--------+


Ubuntu 22.04
Kernel: 5.15
Compiler: gcc gcc (Ubuntu 11.4.0-1ubuntu1~22.04.2) 11.4.0
NIC: Intel Corporation QAT 8970 0 Mbps

Aggregate Results by Test Suite
+----------------------------+--------+
|         Test Suite         | Result |
+============================+========+
| crypto_perf_cryptodev_perf |  PASS  |
+----------------------------+--------+


To view detailed results, visit:
https://lab.dpdk.org/results/dashboard/patchsets/34239/

UNH-IOL DPDK Community Lab

To manage your email subscriptions, visit: 
https://lab.dpdk.org/results/dashboard/preferences/subscriptions/

^ permalink raw reply	[flat|nested] 20+ messages in thread

* |FAILURE| pw157351 [PATCH v10 21/21] eal: allow lcore remapping with autodetected core affinity
       [not found] <20251008204244.2288583-22-bruce.richardson@intel.com>
                   ` (12 preceding siblings ...)
  2025-10-08 21:48 ` |SUCCESS| " dpdklab
@ 2025-10-08 21:50 ` 0-day Robot
  2025-10-08 21:56 ` |SUCCESS| pw157331-157351 [PATCH] [v10,21/21] eal: allow lcore remap dpdklab
                   ` (5 subsequent siblings)
  19 siblings, 0 replies; 20+ messages in thread
From: 0-day Robot @ 2025-10-08 21:50 UTC (permalink / raw)
  To: test-report; +Cc: bruce.richardson, robot

From: robot@bytheb.org

Test-Label: github-robot: build
Test-Status: FAILURE
http://patchwork.dpdk.org/patch/157351/

_github build: failed_
Build URL: https://github.com/ovsrobot/dpdk/actions/runs/18358177809

^ permalink raw reply	[flat|nested] 20+ messages in thread

* |SUCCESS| pw157331-157351 [PATCH] [v10,21/21] eal: allow lcore remap
       [not found] <20251008204244.2288583-22-bruce.richardson@intel.com>
                   ` (13 preceding siblings ...)
  2025-10-08 21:50 ` |FAILURE| pw157351 [PATCH v10 21/21] eal: allow lcore remapping with autodetected core affinity 0-day Robot
@ 2025-10-08 21:56 ` dpdklab
  2025-10-08 21:58 ` dpdklab
                   ` (4 subsequent siblings)
  19 siblings, 0 replies; 20+ messages in thread
From: dpdklab @ 2025-10-08 21:56 UTC (permalink / raw)
  To: Test Report; +Cc: dpdk-test-reports

Test-Label: iol-sample-apps-testing
Test-Status: SUCCESS
http://dpdk.org/patch/157351

_Testing PASS_

Submitter: Bruce Richardson <bruce.richardson@intel.com>
Date: Wednesday, October 08 2025 20:42:44 
DPDK git baseline: Repo:dpdk
  Branch: master
  CommitID:2b403dd8fb37d0ba13723e44ffc7ee2c2795f838

157331-157351 --> testing pass

Upstream job id: Template-DTS-Pipeline#248529

Test environment and result as below:

+--------------+----------------------+----------------------+
| Environment  | dpdk_fips_validation | compressdev_zlib_pmd |
+==============+======================+======================+
| Ubuntu 20.04 | PASS                 | SKIPPED              |
+--------------+----------------------+----------------------+
| Ubuntu 22.04 | SKIPPED              | PASS                 |
+--------------+----------------------+----------------------+


Ubuntu 20.04
	Kernel: 5.15
	Compiler: gcc gcc (Ubuntu 9.4.0-1ubuntu1~20.04.2) 9.4.0

Ubuntu 22.04
	Kernel: 5.15
	Compiler: gcc gcc (Ubuntu 11.4.0-1ubuntu1~22.04.2) 11.4.0

To view detailed results, visit:
https://lab.dpdk.org/results/dashboard/patchsets/34239/

UNH-IOL DPDK Community Lab

To manage your email subscriptions, visit: 
https://lab.dpdk.org/results/dashboard/preferences/subscriptions/

^ permalink raw reply	[flat|nested] 20+ messages in thread

* |SUCCESS| pw157331-157351 [PATCH] [v10,21/21] eal: allow lcore remap
       [not found] <20251008204244.2288583-22-bruce.richardson@intel.com>
                   ` (14 preceding siblings ...)
  2025-10-08 21:56 ` |SUCCESS| pw157331-157351 [PATCH] [v10,21/21] eal: allow lcore remap dpdklab
@ 2025-10-08 21:58 ` dpdklab
  2025-10-08 22:00 ` dpdklab
                   ` (3 subsequent siblings)
  19 siblings, 0 replies; 20+ messages in thread
From: dpdklab @ 2025-10-08 21:58 UTC (permalink / raw)
  To: Test Report; +Cc: dpdk-test-reports

Test-Label: iol-compile-amd64-testing
Test-Status: SUCCESS
http://dpdk.org/patch/157351

_Testing PASS_

Submitter: Bruce Richardson <bruce.richardson@intel.com>
Date: Wednesday, October 08 2025 20:42:44 
DPDK git baseline: Repo:dpdk
  Branch: master
  CommitID:2b403dd8fb37d0ba13723e44ffc7ee2c2795f838

157331-157351 --> testing pass

Upstream job id: Windows-Compile-DPDK-Native#31502

Test environment and result as below:

+---------------------+--------------------+-------------------------+-------------------+----------------------+
|     Environment     | dpdk_meson_compile | dpdk_llvm_clang_compile | dpdk_msvc_compile | dpdk_mingw64_compile |
+=====================+====================+=========================+===================+======================+
| Ubuntu 20.04        | PASS               | SKIPPED                 | SKIPPED           | SKIPPED              |
+---------------------+--------------------+-------------------------+-------------------+----------------------+
| FreeBSD 14.2        | PASS               | SKIPPED                 | SKIPPED           | SKIPPED              |
+---------------------+--------------------+-------------------------+-------------------+----------------------+
| Windows Server 2022 | SKIPPED            | PASS                    | PASS              | PASS                 |
+---------------------+--------------------+-------------------------+-------------------+----------------------+


Ubuntu 20.04
	Kernel: 4.19
	Compiler: gcc gcc (Ubuntu 9.4.0-1ubuntu1~20.04.2) 9.4.0

FreeBSD 14.2
	Kernel: 14.2-RELEASE
	Compiler: clang 18.1.6

Windows Server 2022
	Kernel: 10.0.20348.2031
	Compiler: clang 15.0.7, gcc 14.1.0 (MinGW), and MSVC VS 19.39.33521

To view detailed results, visit:
https://lab.dpdk.org/results/dashboard/patchsets/34239/

UNH-IOL DPDK Community Lab

To manage your email subscriptions, visit: 
https://lab.dpdk.org/results/dashboard/preferences/subscriptions/

^ permalink raw reply	[flat|nested] 20+ messages in thread

* |SUCCESS| pw157331-157351 [PATCH] [v10,21/21] eal: allow lcore remap
       [not found] <20251008204244.2288583-22-bruce.richardson@intel.com>
                   ` (15 preceding siblings ...)
  2025-10-08 21:58 ` dpdklab
@ 2025-10-08 22:00 ` dpdklab
  2025-10-08 22:16 ` dpdklab
                   ` (2 subsequent siblings)
  19 siblings, 0 replies; 20+ messages in thread
From: dpdklab @ 2025-10-08 22:00 UTC (permalink / raw)
  To: Test Report; +Cc: dpdk-test-reports

Test-Label: iol-broadcom-Performance
Test-Status: SUCCESS
http://dpdk.org/patch/157351

_Performance Testing PASS_

Submitter: Bruce Richardson <bruce.richardson@intel.com>
Date: Wednesday, October 08 2025 20:42:44 
DPDK git baseline: Repo:dpdk
  Branch: master
  CommitID:2b403dd8fb37d0ba13723e44ffc7ee2c2795f838

157331-157351 --> performance testing pass

Upstream job id: Template-DTS-Pipeline#248523

Test environment and result as below:

Ubuntu 22.04
Kernel: 5.15
Compiler: gcc gcc (Ubuntu 11.4.0-1ubuntu1~22.04) 11.4.0
NIC: Broadcom Inc. and subsidiaries BCM57414 NetXtreme-E 10Gb/25Gb RDMA Ethernet Controller 16d7 25 Mbps
Fail/Total: 0/3

Detail performance results: 
+------------+---------+----------+-------------+------------------------------+
| frame_size | txd/rxd | num_cpus | num_threads |  throughput difference from  |
|            |         |          |             |           expected           |
+============+=========+==========+=============+==============================+
| 64         | 128     | 1        | 1           | -0.3%                        |
+------------+---------+----------+-------------+------------------------------+
| 64         | 512     | 1        | 1           | -1.1%                        |
+------------+---------+----------+-------------+------------------------------+
| 64         | 2048    | 1        | 1           | 0.0%                         |
+------------+---------+----------+-------------+------------------------------+

Ubuntu 22.04
Kernel: 5.15
Compiler: gcc gcc (Ubuntu 11.4.0-1ubuntu1~22.04.2) 11.4.0
NIC: Arm Broadcom Inc. brcm_57414 25000 Mbps
Fail/Total: 0/2

Detail performance results: 
+------------+---------+----------+-------------+------------------------------+
| frame_size | txd/rxd | num_cpus | num_threads |  throughput difference from  |
|            |         |          |             |           expected           |
+============+=========+==========+=============+==============================+
| 64         | 512     | 1        | 1           | 0.4%                         |
+------------+---------+----------+-------------+------------------------------+
| 64         | 2048    | 1        | 1           | 0.3%                         |
+------------+---------+----------+-------------+------------------------------+

To view detailed results, visit:
https://lab.dpdk.org/results/dashboard/patchsets/34239/

UNH-IOL DPDK Community Lab

To manage your email subscriptions, visit: 
https://lab.dpdk.org/results/dashboard/preferences/subscriptions/

^ permalink raw reply	[flat|nested] 20+ messages in thread

* |SUCCESS| pw157331-157351 [PATCH] [v10,21/21] eal: allow lcore remap
       [not found] <20251008204244.2288583-22-bruce.richardson@intel.com>
                   ` (16 preceding siblings ...)
  2025-10-08 22:00 ` dpdklab
@ 2025-10-08 22:16 ` dpdklab
  2025-10-09  4:21 ` |PENDING| " dpdklab
  2025-10-09  4:39 ` |WARNING| " dpdklab
  19 siblings, 0 replies; 20+ messages in thread
From: dpdklab @ 2025-10-08 22:16 UTC (permalink / raw)
  To: Test Report; +Cc: dpdk-test-reports

Test-Label: iol-unit-amd64-testing
Test-Status: SUCCESS
http://dpdk.org/patch/157351

_Testing PASS_

Submitter: Bruce Richardson <bruce.richardson@intel.com>
Date: Wednesday, October 08 2025 20:42:44 
DPDK git baseline: Repo:dpdk
  Branch: master
  CommitID:2b403dd8fb37d0ba13723e44ffc7ee2c2795f838

157331-157351 --> testing pass

Upstream job id: Generic-Unit-Test-DPDK#379700

Test environment and result as below:

+-------------------------------+----------------+
|          Environment          | dpdk_unit_test |
+===============================+================+
| CentOS Stream 10              | PASS           |
+-------------------------------+----------------+
| CentOS Stream 9               | PASS           |
+-------------------------------+----------------+
| Debian GNU/Linux 12           | PASS           |
+-------------------------------+----------------+
| Ubuntu 20.04                  | PASS           |
+-------------------------------+----------------+
| Fedora Linux 40               | PASS           |
+-------------------------------+----------------+
| Fedora Linux 41               | PASS           |
+-------------------------------+----------------+
| Red Hat Enterprise Linux 8.10 | PASS           |
+-------------------------------+----------------+
| Ubuntu 22.04                  | PASS           |
+-------------------------------+----------------+
| Fedora Linux 42               | PASS           |
+-------------------------------+----------------+
| Red Hat Enterprise Linux 9.5  | PASS           |
+-------------------------------+----------------+
| Ubuntu 24.04                  | PASS           |
+-------------------------------+----------------+
| Windows Server 2022           | PASS           |
+-------------------------------+----------------+


CentOS Stream 10
	Kernel: 5.15
	Compiler: gcc gcc (GCC) 14.2.1 20250110 (Red Hat 14.2.1-8)

CentOS Stream 9
	Kernel: 5.15
	Compiler: gcc gcc (GCC) 11.5.0 20240719 (Red Hat 11.5.0-11)

Debian GNU/Linux 12
	Kernel: 5.15
	Compiler: gcc gcc (Debian 12.2.0-14+deb12u1) 12.2.0

Ubuntu 20.04
	Kernel: 5.15
	Compiler: gcc gcc (Ubuntu 9.4.0-1ubuntu1~20.04.2) 9.4.0

Fedora Linux 40
	Kernel: 5.15
	Compiler: gcc gcc (GCC) 14.2.1 20240912 (Red Hat 14.2.1-3)

Fedora Linux 41
	Kernel: 5.15
	Compiler: gcc gcc (GCC) 14.3.1 20250523 (Red Hat 14.3.1-1)

Red Hat Enterprise Linux 8.10
	Kernel: 5.15
	Compiler: gcc gcc (GCC) 8.5.0 20210514 (Red Hat 8.5.0-22)

Ubuntu 22.04
	Kernel: 5.15
	Compiler: gcc gcc (Ubuntu 11.4.0-1ubuntu1~22.04) 11.4.0

Fedora Linux 42
	Kernel: 5.15
	Compiler: clang gcc (GCC) 15.2.1 20250808 (Red Hat 15.2.1-1)

Red Hat Enterprise Linux 9.5
	Kernel: 5.15
	Compiler: gcc gcc (GCC) 11.5.0 20240719 (Red Hat 11.5.0-2)

Ubuntu 24.04
	Kernel: 5.15
	Compiler: gcc gcc (Ubuntu 13.3.0-6ubuntu2~24.04) 13.3.0

Windows Server 2022
	Kernel: 10.0.20348.2031
	Compiler: clang 15.0.7, gcc 14.1.0 (MinGW), and MSVC VS 19.39.33521

To view detailed results, visit:
https://lab.dpdk.org/results/dashboard/patchsets/34239/

UNH-IOL DPDK Community Lab

To manage your email subscriptions, visit: 
https://lab.dpdk.org/results/dashboard/preferences/subscriptions/

^ permalink raw reply	[flat|nested] 20+ messages in thread

* |PENDING| pw157331-157351 [PATCH] [v10,21/21] eal: allow lcore remap
       [not found] <20251008204244.2288583-22-bruce.richardson@intel.com>
                   ` (17 preceding siblings ...)
  2025-10-08 22:16 ` dpdklab
@ 2025-10-09  4:21 ` dpdklab
  2025-10-09  4:39 ` |WARNING| " dpdklab
  19 siblings, 0 replies; 20+ messages in thread
From: dpdklab @ 2025-10-09  4:21 UTC (permalink / raw)
  To: Test Report; +Cc: dpdk-test-reports

Test-Label: iol-compile-arm64-testing
Test-Status: PENDING
http://dpdk.org/patch/157351

_Testing pending_

Submitter: Bruce Richardson <bruce.richardson@intel.com>
Date: Wednesday, October 08 2025 20:42:44 
DPDK git baseline: Repo:dpdk
  Branch: master
  CommitID:2b403dd8fb37d0ba13723e44ffc7ee2c2795f838

157331-157351 --> testing pending

Upstream job id: Generic-DPDK-Compile-Meson#432705

Test environment and result as below:

+------------------------------+--------------------+
|         Environment          | dpdk_meson_compile |
+==============================+====================+
| Red Hat Enterprise Linux 9.5 | PEND               |
+------------------------------+--------------------+
| Ubuntu 20.04                 | PASS               |
+------------------------------+--------------------+
| Debian GNU/Linux 12          | PEND               |
+------------------------------+--------------------+
| Fedora Linux 42              | PEND               |
+------------------------------+--------------------+
| Ubuntu 22.04                 | PEND               |
+------------------------------+--------------------+
| Ubuntu 24.04                 | PEND               |
+------------------------------+--------------------+
| CentOS Stream 9              | PEND               |
+------------------------------+--------------------+
| CentOS Stream 10             | PEND               |
+------------------------------+--------------------+


Red Hat Enterprise Linux 9.5
	Kernel: 5.4
	Compiler: gcc gcc (GCC) 11.5.0 20240719 (Red Hat 11.5.0-2)

Ubuntu 20.04
	Kernel: 5.15
	Compiler: aarch64-linux-gnu-gcc gcc (Ubuntu 9.4.0-1ubuntu1~20.04.2) 9.4.0

Debian GNU/Linux 12
	Kernel: 5.4
	Compiler: gcc gcc (Debian 12.2.0-14+deb12u1) 12.2.0

Fedora Linux 42
	Kernel: 5.4
	Compiler: gcc gcc (GCC) 15.2.1 20250808 (Red Hat 15.2.1-1)

Ubuntu 22.04
	Kernel: 5.4
	Compiler: gcc gcc (Ubuntu 11.4.0-1ubuntu1~22.04) 11.4.0

Ubuntu 24.04
	Kernel: 5.4
	Compiler: gcc gcc (Ubuntu 13.3.0-6ubuntu2~24.04) 13.3.0

CentOS Stream 9
	Kernel: 5.4
	Compiler: gcc gcc (GCC) 11.5.0 20240719 (Red Hat 11.5.0-11)

CentOS Stream 10
	Kernel: 5.4
	Compiler: gcc gcc (GCC) 14.2.1 20250110 (Red Hat 14.2.1-8)

To view detailed results, visit:
https://lab.dpdk.org/results/dashboard/patchsets/34239/

UNH-IOL DPDK Community Lab

To manage your email subscriptions, visit: 
https://lab.dpdk.org/results/dashboard/preferences/subscriptions/

^ permalink raw reply	[flat|nested] 20+ messages in thread

* |WARNING| pw157331-157351 [PATCH] [v10,21/21] eal: allow lcore remap
       [not found] <20251008204244.2288583-22-bruce.richardson@intel.com>
                   ` (18 preceding siblings ...)
  2025-10-09  4:21 ` |PENDING| " dpdklab
@ 2025-10-09  4:39 ` dpdklab
  19 siblings, 0 replies; 20+ messages in thread
From: dpdklab @ 2025-10-09  4:39 UTC (permalink / raw)
  To: Test Report; +Cc: dpdk-test-reports

Test-Label: iol-compile-amd64-testing
Test-Status: WARNING
http://dpdk.org/patch/157351

_Testing issues_

Submitter: Bruce Richardson <bruce.richardson@intel.com>
Date: Wednesday, October 08 2025 20:42:44 
DPDK git baseline: Repo:dpdk
  Branch: master
  CommitID:2b403dd8fb37d0ba13723e44ffc7ee2c2795f838

157331-157351 --> testing issues

Upstream job id: Generic-DPDK-Compile-Meson#432690

Test environment and result as below:

+-------------------------------+--------------------+-------------------------+-------------------+----------------------+-------------------+------------------+
|          Environment          | dpdk_meson_compile | dpdk_llvm_clang_compile | dpdk_msvc_compile | dpdk_mingw64_compile | dpdk_compile_spdk | dpdk_compile_ovs |
+===============================+====================+=========================+===================+======================+===================+==================+
| Ubuntu 20.04                  | PASS               | SKIPPED                 | SKIPPED           | SKIPPED              | SKIPPED           | SKIPPED          |
+-------------------------------+--------------------+-------------------------+-------------------+----------------------+-------------------+------------------+
| FreeBSD 14.2                  | PASS               | SKIPPED                 | SKIPPED           | SKIPPED              | SKIPPED           | SKIPPED          |
+-------------------------------+--------------------+-------------------------+-------------------+----------------------+-------------------+------------------+
| CentOS Stream 9               | PASS               | SKIPPED                 | SKIPPED           | SKIPPED              | WARN              | SKIPPED          |
+-------------------------------+--------------------+-------------------------+-------------------+----------------------+-------------------+------------------+
| CentOS Stream 10              | PASS               | SKIPPED                 | SKIPPED           | SKIPPED              | SKIPPED           | SKIPPED          |
+-------------------------------+--------------------+-------------------------+-------------------+----------------------+-------------------+------------------+
| Debian GNU/Linux 12           | PASS               | SKIPPED                 | SKIPPED           | SKIPPED              | WARN              | SKIPPED          |
+-------------------------------+--------------------+-------------------------+-------------------+----------------------+-------------------+------------------+
| Fedora Linux 42               | PASS               | SKIPPED                 | SKIPPED           | SKIPPED              | WARN              | PASS             |
+-------------------------------+--------------------+-------------------------+-------------------+----------------------+-------------------+------------------+
| openSUSE Leap 15.6            | PASS               | SKIPPED                 | SKIPPED           | SKIPPED              | SKIPPED           | SKIPPED          |
+-------------------------------+--------------------+-------------------------+-------------------+----------------------+-------------------+------------------+
| Red Hat Enterprise Linux 8.10 | PASS               | SKIPPED                 | SKIPPED           | SKIPPED              | SKIPPED           | SKIPPED          |
+-------------------------------+--------------------+-------------------------+-------------------+----------------------+-------------------+------------------+
| Red Hat Enterprise Linux 9.5  | PASS               | SKIPPED                 | SKIPPED           | SKIPPED              | SKIPPED           | SKIPPED          |
+-------------------------------+--------------------+-------------------------+-------------------+----------------------+-------------------+------------------+
| Ubuntu 22.04                  | PASS               | SKIPPED                 | SKIPPED           | SKIPPED              | WARN              | SKIPPED          |
+-------------------------------+--------------------+-------------------------+-------------------+----------------------+-------------------+------------------+
| Ubuntu 24.04                  | PASS               | SKIPPED                 | SKIPPED           | SKIPPED              | WARN              | PASS             |
+-------------------------------+--------------------+-------------------------+-------------------+----------------------+-------------------+------------------+
| Alpine Linux 3.22.0           | PASS               | SKIPPED                 | SKIPPED           | SKIPPED              | SKIPPED           | SKIPPED          |
+-------------------------------+--------------------+-------------------------+-------------------+----------------------+-------------------+------------------+
| Windows Server 2022           | SKIPPED            | PASS                    | PASS              | PASS                 | SKIPPED           | SKIPPED          |
+-------------------------------+--------------------+-------------------------+-------------------+----------------------+-------------------+------------------+

==== 20 line log output for Ubuntu 24.04 (dpdk_compile_spdk): ====
 --- Failed to get log output --- 
==== End log output ====

Ubuntu 20.04
	Kernel: 4.19
	Compiler: gcc gcc (Ubuntu 9.4.0-1ubuntu1~20.04.2) 9.4.0

FreeBSD 14.2
	Kernel: 14.2-RELEASE
	Compiler: clang 18.1.6

CentOS Stream 9
	Kernel: 5.15
	Compiler: gcc gcc (GCC) 11.5.0 20240719 (Red Hat 11.5.0-11)

CentOS Stream 10
	Kernel: 5.15
	Compiler: gcc gcc (GCC) 14.2.1 20250110 (Red Hat 14.2.1-8)

Debian GNU/Linux 12
	Kernel: 5.15
	Compiler: gcc gcc (Debian 12.2.0-14+deb12u1) 12.2.0

Fedora Linux 42
	Kernel: 5.15
	Compiler: clang gcc (GCC) 15.2.1 20250808 (Red Hat 15.2.1-1)

openSUSE Leap 15.6
	Kernel: 5.15
	Compiler: gcc gcc (SUSE Linux) 7.5.0

Red Hat Enterprise Linux 8.10
	Kernel: 5.15
	Compiler: gcc gcc (GCC) 8.5.0 20210514 (Red Hat 8.5.0-22)

Red Hat Enterprise Linux 9.5
	Kernel: 5.15
	Compiler: gcc gcc (GCC) 11.5.0 20240719 (Red Hat 11.5.0-2)

Ubuntu 22.04
	Kernel: 5.15
	Compiler: gcc gcc (Ubuntu 11.4.0-1ubuntu1~22.04) 11.4.0

Ubuntu 24.04
	Kernel: 5.15
	Compiler: gcc gcc (Ubuntu 13.3.0-6ubuntu2~24.04) 13.3.0

Alpine Linux 3.22.0
	Kernel: 5.15
	Compiler: gcc gcc (Alpine 14.2.0) 14.2.0

Windows Server 2022
	Kernel: 10.0.20348.2031
	Compiler: clang 15.0.7, gcc 14.1.0 (MinGW), and MSVC VS 19.39.33521

To view detailed results, visit:
https://lab.dpdk.org/results/dashboard/patchsets/34239/

UNH-IOL DPDK Community Lab

To manage your email subscriptions, visit: 
https://lab.dpdk.org/results/dashboard/preferences/subscriptions/

^ permalink raw reply	[flat|nested] 20+ messages in thread

end of thread, other threads:[~2025-10-09  4:39 UTC | newest]

Thread overview: 20+ messages (download: mbox.gz / follow: Atom feed)
-- links below jump to the message on this page --
     [not found] <20251008204244.2288583-22-bruce.richardson@intel.com>
2025-10-08 20:12 ` |SUCCESS| pw157331-157351 [PATCH v10 21/21] eal: allow lcore remapping with autodetected core affinity qemudev
2025-10-08 20:17 ` |FAILURE| " qemudev
2025-10-08 20:48 ` |SUCCESS| pw157351 " checkpatch
2025-10-08 21:11 ` |PENDING| pw157331-157351 [PATCH] [v10,21/21] eal: allow lcore remap dpdklab
2025-10-08 21:11 ` |SUCCESS| " dpdklab
2025-10-08 21:13 ` dpdklab
2025-10-08 21:26 ` |PENDING| " dpdklab
2025-10-08 21:27 ` |SUCCESS| " dpdklab
2025-10-08 21:28 ` |PENDING| " dpdklab
2025-10-08 21:31 ` |SUCCESS| " dpdklab
2025-10-08 21:36 ` dpdklab
2025-10-08 21:47 ` |PENDING| " dpdklab
2025-10-08 21:48 ` |SUCCESS| " dpdklab
2025-10-08 21:50 ` |FAILURE| pw157351 [PATCH v10 21/21] eal: allow lcore remapping with autodetected core affinity 0-day Robot
2025-10-08 21:56 ` |SUCCESS| pw157331-157351 [PATCH] [v10,21/21] eal: allow lcore remap dpdklab
2025-10-08 21:58 ` dpdklab
2025-10-08 22:00 ` dpdklab
2025-10-08 22:16 ` dpdklab
2025-10-09  4:21 ` |PENDING| " dpdklab
2025-10-09  4:39 ` |WARNING| " dpdklab

This is a public inbox, see mirroring instructions
for how to clone and mirror all data and code used for this inbox;
as well as URLs for NNTP newsgroup(s).