From: dpdklab@iol.unh.edu
To: Test Report <test-report@dpdk.org>
Cc: dpdk-test-reports@iol.unh.edu
Subject: |SUCCESS| pw157331-157351 [PATCH] [v10,21/21] eal: allow lcore remap
Date: Wed, 08 Oct 2025 14:36:58 -0700 (PDT) [thread overview]
Message-ID: <68e6d97a.050a0220.14c5f2.352eSMTPIN_ADDED_MISSING@mx.google.com> (raw)
In-Reply-To: <20251008204244.2288583-22-bruce.richardson@intel.com>
Test-Label: iol-sample-apps-testing
Test-Status: SUCCESS
http://dpdk.org/patch/157351
_Testing PASS_
Submitter: Bruce Richardson <bruce.richardson@intel.com>
Date: Wednesday, October 08 2025 20:42:44
DPDK git baseline: Repo:dpdk
Branch: master
CommitID:2b403dd8fb37d0ba13723e44ffc7ee2c2795f838
157331-157351 --> testing pass
Upstream job id: ACVP-FIPS-testing#11364
Test environment and result as below:
+--------------+----------------------+----------------------+
| Environment | dpdk_fips_validation | compressdev_zlib_pmd |
+==============+======================+======================+
| Ubuntu 20.04 | PASS | SKIPPED |
+--------------+----------------------+----------------------+
| Ubuntu 22.04 | SKIPPED | PASS |
+--------------+----------------------+----------------------+
Ubuntu 20.04
Kernel: 5.15
Compiler: gcc gcc (Ubuntu 9.4.0-1ubuntu1~20.04.2) 9.4.0
Ubuntu 22.04
Kernel: 5.15
Compiler: gcc gcc (Ubuntu 11.4.0-1ubuntu1~22.04.2) 11.4.0
To view detailed results, visit:
https://lab.dpdk.org/results/dashboard/patchsets/34239/
UNH-IOL DPDK Community Lab
To manage your email subscriptions, visit:
https://lab.dpdk.org/results/dashboard/preferences/subscriptions/
next prev parent reply other threads:[~2025-10-08 21:37 UTC|newest]
Thread overview: 20+ messages / expand[flat|nested] mbox.gz Atom feed top
[not found] <20251008204244.2288583-22-bruce.richardson@intel.com>
2025-10-08 20:12 ` |SUCCESS| pw157331-157351 [PATCH v10 21/21] eal: allow lcore remapping with autodetected core affinity qemudev
2025-10-08 20:17 ` |FAILURE| " qemudev
2025-10-08 20:48 ` |SUCCESS| pw157351 " checkpatch
2025-10-08 21:11 ` |PENDING| pw157331-157351 [PATCH] [v10,21/21] eal: allow lcore remap dpdklab
2025-10-08 21:11 ` |SUCCESS| " dpdklab
2025-10-08 21:13 ` dpdklab
2025-10-08 21:26 ` |PENDING| " dpdklab
2025-10-08 21:27 ` |SUCCESS| " dpdklab
2025-10-08 21:28 ` |PENDING| " dpdklab
2025-10-08 21:31 ` |SUCCESS| " dpdklab
2025-10-08 21:36 ` dpdklab [this message]
2025-10-08 21:47 ` |PENDING| " dpdklab
2025-10-08 21:48 ` |SUCCESS| " dpdklab
2025-10-08 21:50 ` |FAILURE| pw157351 [PATCH v10 21/21] eal: allow lcore remapping with autodetected core affinity 0-day Robot
2025-10-08 21:56 ` |SUCCESS| pw157331-157351 [PATCH] [v10,21/21] eal: allow lcore remap dpdklab
2025-10-08 21:58 ` dpdklab
2025-10-08 22:00 ` dpdklab
2025-10-08 22:16 ` dpdklab
2025-10-09 4:21 ` |PENDING| " dpdklab
2025-10-09 4:39 ` |WARNING| " dpdklab
Reply instructions:
You may reply publicly to this message via plain-text email
using any one of the following methods:
* Save the following mbox file, import it into your mail client,
and reply-to-all from there: mbox
Avoid top-posting and favor interleaved quoting:
https://en.wikipedia.org/wiki/Posting_style#Interleaved_style
* Reply using the --to, --cc, and --in-reply-to
switches of git-send-email(1):
git send-email \
--in-reply-to=68e6d97a.050a0220.14c5f2.352eSMTPIN_ADDED_MISSING@mx.google.com \
--to=dpdklab@iol.unh.edu \
--cc=dpdk-test-reports@iol.unh.edu \
--cc=test-report@dpdk.org \
/path/to/YOUR_REPLY
https://kernel.org/pub/software/scm/git/docs/git-send-email.html
* If your mail client supports setting the In-Reply-To header
via mailto: links, try the mailto: link
Be sure your reply has a Subject: header at the top and a blank line
before the message body.
This is a public inbox, see mirroring instructions
for how to clone and mirror all data and code used for this inbox;
as well as URLs for NNTP newsgroup(s).