From mboxrd@z Thu Jan 1 00:00:00 1970 Return-Path: Received: from mails.dpdk.org (mails.dpdk.org [217.70.189.124]) by inbox.dpdk.org (Postfix) with ESMTP id ECDCC488EC for ; Thu, 9 Oct 2025 00:01:18 +0200 (CEST) Received: from mails.dpdk.org (localhost [127.0.0.1]) by mails.dpdk.org (Postfix) with ESMTP id D3FF140267; Thu, 9 Oct 2025 00:01:18 +0200 (CEST) Received: from mail-pl1-f226.google.com (mail-pl1-f226.google.com [209.85.214.226]) by mails.dpdk.org (Postfix) with ESMTP id 5FFC740267 for ; Thu, 9 Oct 2025 00:01:18 +0200 (CEST) Received: by mail-pl1-f226.google.com with SMTP id d9443c01a7336-2897522a1dfso3072965ad.1 for ; Wed, 08 Oct 2025 15:01:18 -0700 (PDT) DKIM-Signature: v=1; a=rsa-sha256; c=relaxed/relaxed; d=iol.unh.edu; s=unh-iol; t=1759960877; x=1760565677; darn=dpdk.org; h=cc:to:from:subject:message-id:date:from:to:cc:subject:date :message-id:reply-to; bh=a+j3EkpUI3hHjQYg1WI+p8LA/brwwLMbmNey5mt23VI=; b=Ld431QK/RblEPFuN37Ymzf+GBH9q0yQSlxKW3u8VpycT21xevLO12hllIlYCAbD629 6wXYD09AFC1c1I49lRUItiVO8fcKxYA8TKhR0NYY+lMWxKMYaA1A5XxGp2lor+fFszMG ng7ZM+FsAKR/+kljbC98aMB3iMDAXCvPH09mI= X-Google-DKIM-Signature: v=1; a=rsa-sha256; c=relaxed/relaxed; d=1e100.net; s=20230601; t=1759960877; x=1760565677; h=cc:to:from:subject:message-id:date:x-gm-message-state:from:to:cc :subject:date:message-id:reply-to; bh=a+j3EkpUI3hHjQYg1WI+p8LA/brwwLMbmNey5mt23VI=; b=lteQi7IkjPFCHoEuSmatyDWFobMmH5dStQd3kcAlMRtr3IyIdTf4Ma9w4IGeW+mjXL gcHMEpLIjP8eIi54JR0tVN8QQ6ScWtAuWvyLSeAcIC12r+RKmIZqvDFnGwFfg8FevPJ7 F679gz6ErRK7d+udFSQEoMhQgR7bxN3Pc0p7DH13kDc3rJsG2S4/mRme+BklYclnhkuj q/L4/HWjBZj37nAjI11WQIfAYXyH9yO57bCvuwlj3/S4PZ3xduvHQqkKHVasfBvgOlSj 41mUsKxgp076hf6bBQH2tnvs9pBz5d6himrG47ODGOF4fgXL0qk+LPJuGDjaFp4AL2wG mb2A== X-Gm-Message-State: AOJu0YwOW1ZYG5dXWXzDFl8xA6CzXwtDySQnq04CekQRBGvMKhuYF/pn axrENC4qg8M370/I3EiBgcSbqbv34CSXpbi22rfFvD0z52AC5/z67DR8+CpYcai1MfcwJbpE1mV Yq5OF5FrVS3tMoOe0xQ9dYQfmqw/sphgDBUYR X-Gm-Gg: ASbGncsleHstri//6Fa3gduqcGT6c/gbIoTF8W7jqpMsVrepm2o2UbygjXgcJ1GVC+u YH15GlneOWrT++LzHj1T/H6d/s89GRqVnOO/ghFwW3zNBVHQwq8ezg0mSGo8pVO0dbl8p6XnA7B T+TmJiuFS3L4mSk4BNlA+1nA8CBdmW895lAvLfxoKGIzP547QD5G+5+YYYKVeNZIOvfP0hVM692 0hNqqt4a6kFQW3wdWFVl4EEOgX3YYQsoDl2SX9Vm9vIROvfQ4CzsPBfBk5vb2M9GwUDOSMyRKrV nRISRtrOUagv1kRgFW97FSzbwklDWorfmcIrFsZy/pP7isJ8jI2Gd8cN/50Z+RnFmheYariDYYq YRw== X-Google-Smtp-Source: AGHT+IGydbUxHSGeM78uDGCehfJQaAY8/YRr/If8XM6m8oMojkAKqB3sUfCMIsNPko+DkfJppb657AIn0lNL X-Received: by 2002:a17:902:da85:b0:249:f16:f086 with SMTP id d9443c01a7336-290272dededmr71303065ad.42.1759960877198; Wed, 08 Oct 2025 15:01:17 -0700 (PDT) Received: from postal.iol.unh.edu (postal.iol.unh.edu. [132.177.123.84]) by smtp-relay.gmail.com with ESMTPS id d9443c01a7336-29034f7dffdsm748485ad.67.2025.10.08.15.01.17 (version=TLS1_2 cipher=ECDHE-ECDSA-AES128-GCM-SHA256 bits=128/128); Wed, 08 Oct 2025 15:01:17 -0700 (PDT) X-Relaying-Domain: iol.unh.edu Date: Wed, 08 Oct 2025 15:01:17 -0700 (PDT) Message-ID: <68e6df2d.170a0220.35823e.4451SMTPIN_ADDED_MISSING@mx.google.com> Received: from [172.21.0.3] (unknown [172.18.0.240]) by postal.iol.unh.edu (Postfix) with ESMTP id 75FFD6051830; Wed, 8 Oct 2025 18:01:16 -0400 (EDT) Subject: |FAILURE| [GIT MASTER] 62f583c49bf67dd4d6733ece14e55fe6839e66d1 From: dpdklab@iol.unh.edu To: Test Report Cc: dpdk-test-reports@iol.unh.edu, Xueming Li , Christian Ehrhardt , Kevin Traynor , Luca Boccassi Content-Type: text/plain X-BeenThere: test-report@dpdk.org X-Mailman-Version: 2.1.29 Precedence: list List-Id: automatic DPDK test reports List-Unsubscribe: , List-Archive: List-Post: List-Help: List-Subscribe: , Errors-To: test-report-bounces@dpdk.org _Testing issues_ Branch: tags/v23.11 62f583c49bf67dd4d6733ece14e55fe6839e66d1 --> testing issues Upstream job id: Generic-DPDK-Compile-Meson#432408 Test environment and result as below: +------------------------------+--------------------+ | Environment | dpdk_meson_compile | +==============================+====================+ | Red Hat Enterprise Linux 9.5 | PASS | +------------------------------+--------------------+ | Ubuntu 20.04 | PASS | +------------------------------+--------------------+ | Debian GNU/Linux 12 | PASS | +------------------------------+--------------------+ | Fedora Linux 42 | PASS | +------------------------------+--------------------+ | Ubuntu 22.04 | PASS | +------------------------------+--------------------+ | Ubuntu 24.04 | PASS | +------------------------------+--------------------+ | CentOS Stream 9 | PASS | +------------------------------+--------------------+ | CentOS Stream 10 | PASS | +------------------------------+--------------------+ Red Hat Enterprise Linux 9.5 Kernel: 5.4 Compiler: gcc gcc (GCC) 11.5.0 20240719 (Red Hat 11.5.0-2) Ubuntu 20.04 Kernel: 5.15 Compiler: aarch64-linux-gnu-gcc gcc (Ubuntu 9.4.0-1ubuntu1~20.04.2) 9.4.0 Debian GNU/Linux 12 Kernel: 5.4 Compiler: gcc gcc (Debian 12.2.0-14+deb12u1) 12.2.0 Fedora Linux 42 Kernel: 5.4 Compiler: gcc gcc (GCC) 15.2.1 20250808 (Red Hat 15.2.1-1) Ubuntu 22.04 Kernel: 5.4 Compiler: gcc gcc (Ubuntu 11.4.0-1ubuntu1~22.04) 11.4.0 Ubuntu 24.04 Kernel: 5.4 Compiler: gcc gcc (Ubuntu 13.3.0-6ubuntu2~24.04) 13.3.0 CentOS Stream 9 Kernel: 5.4 Compiler: gcc gcc (GCC) 11.5.0 20240719 (Red Hat 11.5.0-11) CentOS Stream 10 Kernel: 5.4 Compiler: gcc gcc (GCC) 14.2.1 20250110 (Red Hat 14.2.1-8) To view detailed results, visit: https://lab.dpdk.org/results/dashboard/tarballs/35137/ UNH-IOL DPDK Community Lab To manage your email subscriptions, visit: https://lab.dpdk.org/results/dashboard/preferences/subscriptions/