From mboxrd@z Thu Jan 1 00:00:00 1970 Return-Path: Received: from mails.dpdk.org (mails.dpdk.org [217.70.189.124]) by inbox.dpdk.org (Postfix) with ESMTP id ECC86488E8 for ; Thu, 9 Oct 2025 05:27:59 +0200 (CEST) Received: from mails.dpdk.org (localhost [127.0.0.1]) by mails.dpdk.org (Postfix) with ESMTP id E8C2940277; Thu, 9 Oct 2025 05:27:59 +0200 (CEST) Received: from mail-pg1-f228.google.com (mail-pg1-f228.google.com [209.85.215.228]) by mails.dpdk.org (Postfix) with ESMTP id E37D740277 for ; Thu, 9 Oct 2025 05:27:58 +0200 (CEST) Received: by mail-pg1-f228.google.com with SMTP id 41be03b00d2f7-b5526b7c54eso265207a12.0 for ; Wed, 08 Oct 2025 20:27:58 -0700 (PDT) DKIM-Signature: v=1; a=rsa-sha256; c=relaxed/relaxed; d=iol.unh.edu; s=unh-iol; t=1759980478; x=1760585278; darn=dpdk.org; h=references:in-reply-to:cc:to:from:subject:message-id:date:from:to :cc:subject:date:message-id:reply-to; bh=8HGaHKAJR9HaOWsJmEtSbPKiWOtGJpxG+j5RbkUb4p4=; b=JM6XrUtbPIYPp1X6tRcooDCWa03a5WtBpi4j3tG0KmP+nuM11076mFDpIyIHy1AvwW VElTJjsMeJPbLxMDruLfaOLv5NzYxdL++2P1x9jiBjWNZ39G47OVlCcLtR0h1ZgRxqqk 71flVzpJGOGFFrOJcb6wg9QoaQrazQji8kNGA= X-Google-DKIM-Signature: v=1; a=rsa-sha256; c=relaxed/relaxed; d=1e100.net; s=20230601; t=1759980478; x=1760585278; h=references:in-reply-to:cc:to:from:subject:message-id:date :x-gm-message-state:from:to:cc:subject:date:message-id:reply-to; bh=8HGaHKAJR9HaOWsJmEtSbPKiWOtGJpxG+j5RbkUb4p4=; b=MTDmX4daycysA86/8j9svVpibWnkFIBqw2XFzpUJID6TK92iFfnHUECd7s9+Z8fA9m YrPdjtxUY0ZqAoLClvIeYBMOQmWVZS7BmqDcZyzPOb8ppaYroBGTvn8rbkpmX9nWafab /KUB1tDDuKjbhlHR5PgtsvRE/VSvyni9XfDV3dSQLw3tJ+YYr5Cd2vaKt9LxQCZ5NhxM C38uXz7kSXwJS5ehFvoro3klGvKzINkyUe7WECbgv+8SiOzk+j+gUbvnVYQVRlftt00W oLVnQYc1oZ20WvWAfATfMzQxmydmJAxC7CJyFkUE1MXqRvD5qzlKlKRnwad3ssvtMkMJ AOlQ== X-Gm-Message-State: AOJu0Yzh4pG6XLptRNn636b9VlHiosqWZAJiD33BX912ia4GY+doOZl/ u2PBMemZn5/mvV7ODMRY26LOAXomo+zG1N3ALQo6D+/z6Pbd3HJuS3tYjD2/aK901Z2rNr+H2FU 6bS8s/LihXdKcLyj2AiuqKmuMCd73Nkun7uYSc8n0gUZWbTxS4+BfPNc9FcKz X-Gm-Gg: ASbGncs0C/hhQfmcTPkYahvpkeSEKKR4HMT5xhaREOhWLhfIdnA8+LduYkRsCB31bHV qI2Cc24wcLhyE6beN4UZcNZNjsBFoof2y9Zpq31TQfEv2uMhuDJB0i36//sCGSdhsGa2PmCQ76n gITNEnWxQO8jW4b38BRESFADFhUKjhYNtkzennEtX1KiF3aNTGoXGGOGFpAsZD/Dbcj1tlYaAwo k0MDksGHp+lIfNUZfq25pB1jGhc2tVgXYL7i9SmdTmzFEa1Q6KrrEhVGS9fisQy093ic8KMO9ov A4sNuiXK+R4Y1K1kczqZbp9yc8Z5HxZOTFh1HPtY1n3/5fFx3qR1hos= X-Google-Smtp-Source: AGHT+IFziSJX4wH0EK4Z6JKrys7Vo9NcukbLo2jxSohaXfCVG2PCpskhqf1mWOgQNEWOLw4DDj+3LHzf6zpK X-Received: by 2002:a17:903:37c7:b0:269:8edf:67f8 with SMTP id d9443c01a7336-290272ff5b0mr76998415ad.52.1759980477975; Wed, 08 Oct 2025 20:27:57 -0700 (PDT) Received: from postal.iol.unh.edu (postal.iol.unh.edu. [2606:4100:3880:1234::84]) by smtp-relay.gmail.com with ESMTPS id d9443c01a7336-29034f2da2dsm1276365ad.52.2025.10.08.20.27.57 (version=TLS1_2 cipher=ECDHE-ECDSA-AES128-GCM-SHA256 bits=128/128); Wed, 08 Oct 2025 20:27:57 -0700 (PDT) X-Relaying-Domain: iol.unh.edu Date: Wed, 08 Oct 2025 20:27:57 -0700 (PDT) Message-ID: <68e72bbd.170a0220.1ec0b2.823cSMTPIN_ADDED_MISSING@mx.google.com> Received: from [172.21.0.2] (unknown [172.18.0.240]) by postal.iol.unh.edu (Postfix) with ESMTP id 6E04F6051830; Wed, 8 Oct 2025 23:27:57 -0400 (EDT) Subject: |FAILURE| pw157352 [PATCH] [v1] net/mlx5: fix age checking crash From: dpdklab@iol.unh.edu To: Test Report Cc: dpdk-test-reports@iol.unh.edu, Rongwei Liu In-Reply-To: <20251009022847.100823-1-rongweil@nvidia.com> References: <20251009022847.100823-1-rongweil@nvidia.com> Content-Type: text/plain X-BeenThere: test-report@dpdk.org X-Mailman-Version: 2.1.29 Precedence: list List-Id: automatic DPDK test reports List-Unsubscribe: , List-Archive: List-Post: List-Help: List-Subscribe: , Errors-To: test-report-bounces@dpdk.org Test-Label: iol-compile-amd64-testing Test-Status: FAILURE http://dpdk.org/patch/157352 _Testing issues_ Submitter: Rongwei Liu Date: Thursday, October 09 2025 02:28:46 DPDK git baseline: Repo:dpdk-next-net-mlx Branch: master CommitID:2374f33e1d964e100895fd294966380c46f0886d 157352 --> testing issues Upstream job id: Windows-Compile-DPDK-VS#7142 Test environment and result as below: +---------------------+--------------------+-------------------------+-------------------+----------------------+ | Environment | dpdk_meson_compile | dpdk_llvm_clang_compile | dpdk_msvc_compile | dpdk_mingw64_compile | +=====================+====================+=========================+===================+======================+ | FreeBSD 14.2 | PASS | SKIPPED | SKIPPED | SKIPPED | +---------------------+--------------------+-------------------------+-------------------+----------------------+ | Ubuntu 20.04 | PASS | SKIPPED | SKIPPED | SKIPPED | +---------------------+--------------------+-------------------------+-------------------+----------------------+ | Windows Server 2022 | SKIPPED | PASS | FAIL | PEND | +---------------------+--------------------+-------------------------+-------------------+----------------------+ ==== 20 line log output for Windows Server 2022 (dpdk_msvc_compile): ==== C:\Users\builder\jenkins\workspace\Windows-Compile-DPDK-VS\dpdk\drivers\net\mlx5\mlx5_hws_cnt.h(208): error C2220: the following warning is treated as an error C:\Users\builder\jenkins\workspace\Windows-Compile-DPDK-VS\dpdk\drivers\net\mlx5\mlx5_hws_cnt.h(208): warning C4013: '__atomic_load_n' undefined; assuming extern returning int C:\Users\builder\jenkins\workspace\Windows-Compile-DPDK-VS\dpdk\drivers\net\mlx5\mlx5_hws_cnt.h(208): error C2065: '__ATOMIC_ACQUIRE': undeclared identifier C:\Users\builder\jenkins\workspace\Windows-Compile-DPDK-VS\dpdk\drivers\net\mlx5\mlx5_hws_cnt.h(210): warning C4013: '__atomic_store_n' undefined; assuming extern returning int C:\Users\builder\jenkins\workspace\Windows-Compile-DPDK-VS\dpdk\drivers\net\mlx5\mlx5_hws_cnt.h(210): error C2065: '__ATOMIC_RELEASE': undeclared identifier C:\Users\builder\jenkins\workspace\Windows-Compile-DPDK-VS\dpdk\drivers\net\mlx5\mlx5_hws_cnt.h(221): error C2065: '__ATOMIC_RELAXED': undeclared identifier C:\Users\builder\jenkins\workspace\Windows-Compile-DPDK-VS\dpdk\drivers\net\mlx5\mlx5_hws_cnt.h(230): error C2065: '__ATOMIC_ACQUIRE': undeclared identifier [547/874] Compiling C object drivers/libtmp_rte_net_mlx5.a.p/net_mlx5_mlx5_driver_event.c.obj [548/874] Generating drivers/rte_net_ixgbe.pmd.c with a custom command (wrapped by meson to set PATH) [549/874] Compiling C object drivers/libtmp_rte_net_mlx5.a.p/net_mlx5_mlx5_devx.c.obj [550/874] Compiling C object drivers/libtmp_rte_net_mlx5.a.p/net_mlx5_mlx5_flow_geneve.c.obj [551/874] Compiling C object drivers/libtmp_rte_net_mlx5.a.p/net_mlx5_mlx5_tx_mpw.c.obj [552/874] Compiling C object drivers/libtmp_rte_net_mlx5.a.p/net_mlx5_mlx5_tx_txpp.c.obj [553/874] Compiling C object drivers/libtmp_rte_net_mlx5.a.p/net_mlx5_mlx5_tx_empw.c.obj [554/874] Compiling C object drivers/libtmp_rte_net_mlx5.a.p/net_mlx5_mlx5_tx_nompw.c.obj [555/874] Compiling C object drivers/librte_net_iavf_base_lib.a.p/net_intel_ice_base_ice_fdir.c.obj ninja: build stopped: subcommand failed. INFO: autodetecting backend as ninja INFO: calculating backend command to run: "C:\Program Files\Meson\ninja.EXE" -C C:/Users/builder/jenkins/workspace/Windows-Compile-DPDK-VS/dpdk/build ==== End log output ==== FreeBSD 14.2 Kernel: 14.2-RELEASE Compiler: clang 18.1.6 Ubuntu 20.04 Kernel: 4.19 Compiler: gcc gcc (Ubuntu 9.4.0-1ubuntu1~20.04.2) 9.4.0 Windows Server 2022 Kernel: 10.0.20348.2031 Compiler: clang 15.0.7, gcc 14.1.0 (MinGW), and MSVC VS 19.39.33521 To view detailed results, visit: https://lab.dpdk.org/results/dashboard/patchsets/34240/ UNH-IOL DPDK Community Lab To manage your email subscriptions, visit: https://lab.dpdk.org/results/dashboard/preferences/subscriptions/