From mboxrd@z Thu Jan 1 00:00:00 1970 Return-Path: Received: from mails.dpdk.org (mails.dpdk.org [217.70.189.124]) by inbox.dpdk.org (Postfix) with ESMTP id 56B13488E8 for ; Thu, 9 Oct 2025 05:40:09 +0200 (CEST) Received: from mails.dpdk.org (localhost [127.0.0.1]) by mails.dpdk.org (Postfix) with ESMTP id 3667540277; Thu, 9 Oct 2025 05:40:09 +0200 (CEST) Received: from mail-oo1-f99.google.com (mail-oo1-f99.google.com [209.85.161.99]) by mails.dpdk.org (Postfix) with ESMTP id C7D5540277 for ; Thu, 9 Oct 2025 05:40:07 +0200 (CEST) Received: by mail-oo1-f99.google.com with SMTP id 006d021491bc7-64a760e5281so170183eaf.3 for ; Wed, 08 Oct 2025 20:40:07 -0700 (PDT) DKIM-Signature: v=1; a=rsa-sha256; c=relaxed/relaxed; d=iol.unh.edu; s=unh-iol; t=1759981207; x=1760586007; darn=dpdk.org; h=references:in-reply-to:cc:to:from:subject:message-id:date:from:to :cc:subject:date:message-id:reply-to; bh=ko1f3VC5HVQtohVAjLLUclfWqC/C+tX9Emqx2r1hN8Q=; b=BKX0KliRlM0Bc97aQITcHP23dssLZMaIvbOjM6JJgRsJmJj4lAFkAcabRTLuNnb59E rFKNe11X4tnoeGLaf1HS0Zap/whSnrL0DtToBc9lDdm2z4o5x+GMYzciG+kXJH2zLj9G HfEUemqBMWmbDSJZ6rosUgWFkRjvxrNaM70UU= X-Google-DKIM-Signature: v=1; a=rsa-sha256; c=relaxed/relaxed; d=1e100.net; s=20230601; t=1759981207; x=1760586007; h=references:in-reply-to:cc:to:from:subject:message-id:date :x-gm-message-state:from:to:cc:subject:date:message-id:reply-to; bh=ko1f3VC5HVQtohVAjLLUclfWqC/C+tX9Emqx2r1hN8Q=; b=PE4ZQc4KsNzGmmc4mr3kZDNZGnMV4RUeScRUzAmmh/+b2CfOrVtUDk9oQjQ1gtwuFq YlHXuaPCbPIxo3kScqOkQxNKN9cAfPBusvxf79GXZqqr1znHVflS2tOafv9XeXr86vfd dq3LeYCbalfom6rMi6Dbg3YpMbQsFLarv+2uLSqpMZITeaiDJ16pY1xlv7Ex4ZICC+x9 Ugq0xriXROIbUnnko0yMYDh1FaIxXepHgL+/Jzl4R4eAgdmpnpzoCVi62eMP0qn/Ismt dyRJwOX2Enpu1QmfoHTlIvuvYj4/kDZGYTdCFdKDIIjQDnkdbUoHHmUhuEKyuPENAcYr 46MQ== X-Gm-Message-State: AOJu0YyRVHJ7aaZHciniNZuxSp4Xku7BKeGreqVs8xRtsIZWNIEXzZoJ ox4LfNQudtBtxRKzLGFjHfq4jbQCSt0I/Yto1z0LDYK+eDm0Ip1BmbeD10LiIHaoeP1uqHrWfw0 ZCr77hVmCMd/508fVWq9+dBWP/sXJsfnkGX0XO+xqQMrcOCdolkQEdriTI3Sx X-Gm-Gg: ASbGncufNJMPyRM9W/Rt1BhtNhI4ATxu+Aj0J8EKWLXQDLoEPQcyn9J2TN8hFLpQY++ pgqMbJkygucczb2DiQS7jyEx8UDvXbMcsqdXC3z2SFp9HX32Q0QqnelTW4YeaRiowEbtNJ1VtvU DbfyfjhZ2rip5y6MBlS2F3TensYKvkE3qd1vAIROhfINZRwsz4NsseOtVIRzadkYKCEQ0yK1YHA npUj/Pl6mSfqmvSszFSyGztDd+nmQFWL2JRryPp6ZTLg7J63866a5naxQW0M2xID9sdd9vCQP3n f4iMEkb6uOD4AotXBDt0utFc9NKiI+zp9+3JxUtlCMEpMgaRYZrzKtw= X-Google-Smtp-Source: AGHT+IFrfpXkPILS4UIqFg4adC+FUFOk7dzLV98m+OhEddMmBClA5Ek0A1OQ9IR1oLCoj13ok2r0wTme5MD5 X-Received: by 2002:a05:6820:4382:b0:621:9802:d183 with SMTP id 006d021491bc7-64fffe70363mr2557915eaf.6.1759981206911; Wed, 08 Oct 2025 20:40:06 -0700 (PDT) Received: from postal.iol.unh.edu (postal.iol.unh.edu. [2606:4100:3880:1234::84]) by smtp-relay.gmail.com with ESMTPS id 006d021491bc7-65002657ac4sm95492eaf.2.2025.10.08.20.40.06 (version=TLS1_2 cipher=ECDHE-ECDSA-AES128-GCM-SHA256 bits=128/128); Wed, 08 Oct 2025 20:40:06 -0700 (PDT) X-Relaying-Domain: iol.unh.edu Date: Wed, 08 Oct 2025 20:40:06 -0700 (PDT) Message-ID: <68e72e96.050a0220.1aa64e.4c7cSMTPIN_ADDED_MISSING@mx.google.com> Received: from [172.21.0.2] (unknown [172.18.0.240]) by postal.iol.unh.edu (Postfix) with ESMTP id 37B646051830; Wed, 8 Oct 2025 23:40:06 -0400 (EDT) Subject: |FAILURE| pw157352 [PATCH] [v1] net/mlx5: fix age checking crash From: dpdklab@iol.unh.edu To: Test Report Cc: dpdk-test-reports@iol.unh.edu, Rongwei Liu In-Reply-To: <20251009022847.100823-1-rongweil@nvidia.com> References: <20251009022847.100823-1-rongweil@nvidia.com> Content-Type: text/plain X-BeenThere: test-report@dpdk.org X-Mailman-Version: 2.1.29 Precedence: list List-Id: automatic DPDK test reports List-Unsubscribe: , List-Archive: List-Post: List-Help: List-Subscribe: , Errors-To: test-report-bounces@dpdk.org Test-Label: iol-compile-amd64-testing Test-Status: FAILURE http://dpdk.org/patch/157352 _Testing issues_ Submitter: Rongwei Liu Date: Thursday, October 09 2025 02:28:46 DPDK git baseline: Repo:dpdk-next-net-mlx Branch: master CommitID:2374f33e1d964e100895fd294966380c46f0886d 157352 --> testing issues Upstream job id: Windows-Compile-DPDK-Native#31504 Test environment and result as below: +---------------------+--------------------+-------------------------+-------------------+----------------------+ | Environment | dpdk_meson_compile | dpdk_llvm_clang_compile | dpdk_msvc_compile | dpdk_mingw64_compile | +=====================+====================+=========================+===================+======================+ | FreeBSD 14.2 | PASS | SKIPPED | SKIPPED | SKIPPED | +---------------------+--------------------+-------------------------+-------------------+----------------------+ | Ubuntu 20.04 | PASS | SKIPPED | SKIPPED | SKIPPED | +---------------------+--------------------+-------------------------+-------------------+----------------------+ | Windows Server 2022 | SKIPPED | PASS | FAIL | PASS | +---------------------+--------------------+-------------------------+-------------------+----------------------+ ==== 20 line log output for Windows Server 2022 (dpdk_msvc_compile): ==== C:\Users\builder\jenkins\workspace\Windows-Compile-DPDK-VS\dpdk\drivers\net\mlx5\mlx5_hws_cnt.h(208): error C2220: the following warning is treated as an error C:\Users\builder\jenkins\workspace\Windows-Compile-DPDK-VS\dpdk\drivers\net\mlx5\mlx5_hws_cnt.h(208): warning C4013: '__atomic_load_n' undefined; assuming extern returning int C:\Users\builder\jenkins\workspace\Windows-Compile-DPDK-VS\dpdk\drivers\net\mlx5\mlx5_hws_cnt.h(208): error C2065: '__ATOMIC_ACQUIRE': undeclared identifier C:\Users\builder\jenkins\workspace\Windows-Compile-DPDK-VS\dpdk\drivers\net\mlx5\mlx5_hws_cnt.h(210): warning C4013: '__atomic_store_n' undefined; assuming extern returning int C:\Users\builder\jenkins\workspace\Windows-Compile-DPDK-VS\dpdk\drivers\net\mlx5\mlx5_hws_cnt.h(210): error C2065: '__ATOMIC_RELEASE': undeclared identifier C:\Users\builder\jenkins\workspace\Windows-Compile-DPDK-VS\dpdk\drivers\net\mlx5\mlx5_hws_cnt.h(221): error C2065: '__ATOMIC_RELAXED': undeclared identifier C:\Users\builder\jenkins\workspace\Windows-Compile-DPDK-VS\dpdk\drivers\net\mlx5\mlx5_hws_cnt.h(230): error C2065: '__ATOMIC_ACQUIRE': undeclared identifier [547/874] Compiling C object drivers/libtmp_rte_net_mlx5.a.p/net_mlx5_mlx5_driver_event.c.obj [548/874] Generating drivers/rte_net_ixgbe.pmd.c with a custom command (wrapped by meson to set PATH) [549/874] Compiling C object drivers/libtmp_rte_net_mlx5.a.p/net_mlx5_mlx5_devx.c.obj [550/874] Compiling C object drivers/libtmp_rte_net_mlx5.a.p/net_mlx5_mlx5_flow_geneve.c.obj [551/874] Compiling C object drivers/libtmp_rte_net_mlx5.a.p/net_mlx5_mlx5_tx_mpw.c.obj [552/874] Compiling C object drivers/libtmp_rte_net_mlx5.a.p/net_mlx5_mlx5_tx_txpp.c.obj [553/874] Compiling C object drivers/libtmp_rte_net_mlx5.a.p/net_mlx5_mlx5_tx_empw.c.obj [554/874] Compiling C object drivers/libtmp_rte_net_mlx5.a.p/net_mlx5_mlx5_tx_nompw.c.obj [555/874] Compiling C object drivers/librte_net_iavf_base_lib.a.p/net_intel_ice_base_ice_fdir.c.obj ninja: build stopped: subcommand failed. INFO: autodetecting backend as ninja INFO: calculating backend command to run: "C:\Program Files\Meson\ninja.EXE" -C C:/Users/builder/jenkins/workspace/Windows-Compile-DPDK-VS/dpdk/build ==== End log output ==== FreeBSD 14.2 Kernel: 14.2-RELEASE Compiler: clang 18.1.6 Ubuntu 20.04 Kernel: 4.19 Compiler: gcc gcc (Ubuntu 9.4.0-1ubuntu1~20.04.2) 9.4.0 Windows Server 2022 Kernel: 10.0.20348.2031 Compiler: clang 15.0.7, gcc 14.1.0 (MinGW), and MSVC VS 19.39.33521 To view detailed results, visit: https://lab.dpdk.org/results/dashboard/patchsets/34240/ UNH-IOL DPDK Community Lab To manage your email subscriptions, visit: https://lab.dpdk.org/results/dashboard/preferences/subscriptions/