From mboxrd@z Thu Jan 1 00:00:00 1970 Return-Path: Received: from mails.dpdk.org (mails.dpdk.org [217.70.189.124]) by inbox.dpdk.org (Postfix) with ESMTP id 6061E488EA for ; Thu, 9 Oct 2025 06:19:01 +0200 (CEST) Received: from mails.dpdk.org (localhost [127.0.0.1]) by mails.dpdk.org (Postfix) with ESMTP id 4B89B40277; Thu, 9 Oct 2025 06:19:01 +0200 (CEST) Received: from mail-io1-f97.google.com (mail-io1-f97.google.com [209.85.166.97]) by mails.dpdk.org (Postfix) with ESMTP id 5796940277 for ; Thu, 9 Oct 2025 06:18:59 +0200 (CEST) Received: by mail-io1-f97.google.com with SMTP id ca18e2360f4ac-938bf212b72so17010439f.1 for ; Wed, 08 Oct 2025 21:18:59 -0700 (PDT) DKIM-Signature: v=1; a=rsa-sha256; c=relaxed/relaxed; d=iol.unh.edu; s=unh-iol; t=1759983538; x=1760588338; darn=dpdk.org; h=cc:to:from:subject:message-id:date:from:to:cc:subject:date :message-id:reply-to; bh=I81hIrDca1ow6OsUDegZ222FYSDooisx/pqqsYLFuvE=; b=gXa9GtEGwAbUe7sW37/6nv1bg+jaIwiQLCJsmqsmGlTxWXJLiUEbi7WZWqeuzuGk4C Bc+ls02c9BpvvJNcHItoJOytCt5exZTQHq36OorKdwHPBglVf/SsMPhgcLPHNlCBbjYv C5d1wsbpQpCYBIF/4Jy3a9CeKlBxSvlYo+wXU= X-Google-DKIM-Signature: v=1; a=rsa-sha256; c=relaxed/relaxed; d=1e100.net; s=20230601; t=1759983538; x=1760588338; h=cc:to:from:subject:message-id:date:x-gm-message-state:from:to:cc :subject:date:message-id:reply-to; bh=I81hIrDca1ow6OsUDegZ222FYSDooisx/pqqsYLFuvE=; b=KuQrr0vNpZ5u10NrJfEH1Bks/ltTX5RW6SBXufSIoCmr/NHoI1OIs7z8mCQm0/KFsL 2mbhxoyPTHNcn2NLp98j20M5+Jgcq5uAFZr79AIXHt3g0DWXvYqegC+Zaz11wm6tVKSs iBzMM160V1ibf0TnM7WFr8zgOWBAFWBEqOX4X8X0OC888uGIfjgSzWT3NPyzLjCe3KQ1 iMEVzOxu+5HmjaBwOO8kAaAfquqHJco3K43+GVWMeR6rf1XKJ0CCK6fS97z3muhcAmKs 9G5yCNIV7v1csKedaCILWu/3OC2J5P4S4/1Gz6olA0wtIC6O+0kZAZUKUIlj6MrpK6qJ BC6g== X-Gm-Message-State: AOJu0Yztgg753Ly/I9hDr5BtunguB+scdAGjp4v1ro+zaInWLsFR5DH0 T60m7noCnLLIMudtEGe+UMLwU0OoPwg2Tq1oqvcJuBTkhIlJIMpRIutfz952dE4nE+N4+/5Zpn4 IeEf4ubEV6S90vSGk2zXdUoJogOQLVngPDV/x X-Gm-Gg: ASbGncveYB1q3eF2NI56q9wpMgOh1GBXfTB1ZUluWAZodlft57NRxJE/yqUS21zG2tH MUIPyanxzsUOXlufTAU3ycqgaxB7Ere5+oGQgFGrw3OuW2WDJAZRXgpKjUK0NDwuTwDqgsLtAxt rf7oUxvnsyUW+tEisHzDDMDmLP+2+Bi6DgzKqTLNXwyp4nsVD8nqm/sVFObnFFx/IxZqtL83EMR vga8faP5r0q2npTxdRzE319/bVSa6NVRsq6TWRfYG3Dildgu8JRhG98MjcoOHdT3FGxS+6Zlyoa mPxXhLSB3LJr0s2lCnm4n6ZNGyS3V5oNoiMofKGKFxlr6qwJ3kW8CpasJkvkTxy/fezln9eIt7p 6Ng== X-Google-Smtp-Source: AGHT+IE36Tfji0Vff5Orh7O+aq/5wtn55prWmXmLeVX1ByRQBXp1elEwZXCSZqdeTIDV0RhhoYzbysASxZvc X-Received: by 2002:a05:6e02:3c05:b0:42f:8510:45a0 with SMTP id e9e14a558f8ab-42f87418e0emr51834955ab.29.1759983538604; Wed, 08 Oct 2025 21:18:58 -0700 (PDT) Received: from postal.iol.unh.edu (postal.iol.unh.edu. [132.177.123.84]) by smtp-relay.gmail.com with ESMTPS id 8926c6da1cb9f-57b5eaa9ad1sm1590445173.10.2025.10.08.21.18.58 (version=TLS1_2 cipher=ECDHE-ECDSA-AES128-GCM-SHA256 bits=128/128); Wed, 08 Oct 2025 21:18:58 -0700 (PDT) X-Relaying-Domain: iol.unh.edu Date: Wed, 08 Oct 2025 21:18:58 -0700 (PDT) Message-ID: <68e737b2.050a0220.7999c.650bSMTPIN_ADDED_MISSING@mx.google.com> Received: from [172.21.0.2] (unknown [172.18.0.240]) by postal.iol.unh.edu (Postfix) with ESMTP id 29EC06051830; Thu, 9 Oct 2025 00:18:58 -0400 (EDT) Subject: |FAILURE| [GIT MASTER] 62f583c49bf67dd4d6733ece14e55fe6839e66d1 From: dpdklab@iol.unh.edu To: Test Report Cc: dpdk-test-reports@iol.unh.edu, Xueming Li , Christian Ehrhardt , Kevin Traynor , Luca Boccassi Content-Type: text/plain X-BeenThere: test-report@dpdk.org X-Mailman-Version: 2.1.29 Precedence: list List-Id: automatic DPDK test reports List-Unsubscribe: , List-Archive: List-Post: List-Help: List-Subscribe: , Errors-To: test-report-bounces@dpdk.org _Testing issues_ Branch: tags/v23.11 62f583c49bf67dd4d6733ece14e55fe6839e66d1 --> testing issues Upstream job id: Generic-VM-DPDK-Compile-Meson#38871 Test environment and result as below: +---------------------+--------------------+-------------------------+-------------------+----------------------+ | Environment | dpdk_meson_compile | dpdk_llvm_clang_compile | dpdk_msvc_compile | dpdk_mingw64_compile | +=====================+====================+=========================+===================+======================+ | Ubuntu 20.04 | PASS | SKIPPED | SKIPPED | SKIPPED | +---------------------+--------------------+-------------------------+-------------------+----------------------+ | FreeBSD 14.2 | PASS | SKIPPED | SKIPPED | SKIPPED | +---------------------+--------------------+-------------------------+-------------------+----------------------+ | Windows Server 2022 | SKIPPED | FAIL | PASS | PASS | +---------------------+--------------------+-------------------------+-------------------+----------------------+ ==== 20 line log output for Windows Server 2022 (dpdk_llvm_clang_compile): ==== Compiler for C supports arguments -mavx512f: YES (cached) Compiler for C supports arguments -mavx512bw: YES (cached) Compiler for C supports arguments -mavx512dq: YES (cached) Compiler for C supports arguments -march=skylake-avx512: YES Message: drivers/common/idpf: Defining dependency "common_idpf" Message: drivers/bus/auxiliary: Defining dependency "bus_auxiliary" Compiler for C supports arguments -Wno-cast-qual: YES (cached) Compiler for C supports arguments -Wno-pointer-arith: YES (cached) Message: drivers/bus/pci: Defining dependency "bus_pci" Message: drivers/bus/vdev: Defining dependency "bus_vdev" Compiler for C supports arguments -std=c11: YES Compiler for C supports arguments -Wno-strict-prototypes: YES Compiler for C supports arguments -D_BSD_SOURCE: YES Compiler for C supports arguments -D_DEFAULT_SOURCE: YES Compiler for C supports arguments -D_XOPEN_SOURCE=600: YES Has header "mlx5devx.h" : YES drivers\common\mlx5\windows\meson.build:10:13: ERROR: C shared or static library 'mlx5devx' not found A full log can be found at C:\Users\builder\jenkins\workspace\Windows-Compile-DPDK-Native\dpdk\build\meson-logs\meson-log.txt ==== End log output ==== Ubuntu 20.04 Kernel: 4.19 Compiler: gcc gcc (Ubuntu 9.4.0-1ubuntu1~20.04.2) 9.4.0 FreeBSD 14.2 Kernel: 14.2-RELEASE Compiler: clang 18.1.6 Windows Server 2022 Kernel: 10.0.20348.2031 Compiler: clang 15.0.7, gcc 14.1.0 (MinGW), and MSVC VS 19.39.33521 To view detailed results, visit: https://lab.dpdk.org/results/dashboard/tarballs/35150/ UNH-IOL DPDK Community Lab To manage your email subscriptions, visit: https://lab.dpdk.org/results/dashboard/preferences/subscriptions/