automatic DPDK test reports
 help / color / mirror / Atom feed
* |SUCCESS| pw157352 [PATCH v1] net/mlx5: fix age checking crash
       [not found] <20251009022847.100823-1-rongweil@nvidia.com>
@ 2025-10-09  2:00 ` qemudev
  2025-10-09  2:05 ` qemudev
                   ` (18 subsequent siblings)
  19 siblings, 0 replies; 20+ messages in thread
From: qemudev @ 2025-10-09  2:00 UTC (permalink / raw)
  To: test-report

Test-Label: loongarch-compilation
Test-Status: SUCCESS
http://dpdk.org/patch/157352

_Compilation OK_

Submitter: Rongwei Liu <rongweil@nvidia.com>
Date: Thu, 9 Oct 2025 05:28:46 +0300
DPDK git baseline: Repo:dpdk-next-net-mlx
  Branch: for-next-net
  CommitID: 2374f33e1d964e100895fd294966380c46f0886d

157352 --> meson & ninja build successfully

Test environment and result as below:

+---------------------+----------------+
|     Environment     | compilation    |
+---------------------+----------------+
| Loongnix-Server 8.3 | PASS           |
+---------------------+----------------+

Loongnix-Server 8.3
    Kernel: 4.19.190+
    Compiler: gcc 8.3


^ permalink raw reply	[flat|nested] 20+ messages in thread

* |SUCCESS| pw157352 [PATCH v1] net/mlx5: fix age checking crash
       [not found] <20251009022847.100823-1-rongweil@nvidia.com>
  2025-10-09  2:00 ` |SUCCESS| pw157352 [PATCH v1] net/mlx5: fix age checking crash qemudev
@ 2025-10-09  2:05 ` qemudev
  2025-10-09  2:31 ` |WARNING| " checkpatch
                   ` (17 subsequent siblings)
  19 siblings, 0 replies; 20+ messages in thread
From: qemudev @ 2025-10-09  2:05 UTC (permalink / raw)
  To: test-report

Test-Label: loongarch-unit-testing
Test-Status: SUCCESS
http://dpdk.org/patch/157352

_Unit Testing PASS_

Submitter: Rongwei Liu <rongweil@nvidia.com>
Date: Thu, 9 Oct 2025 05:28:46 +0300
DPDK git baseline: Repo:dpdk-next-net-mlx
  Branch: for-next-net
  CommitID: 2374f33e1d964e100895fd294966380c46f0886d

157352 --> testing pass

Test environment and result as below:

+---------------------+----------------+
|     Environment     | dpdk_unit_test |
+---------------------+----------------+
| Loongnix-Server 8.3 | PASS           |
+---------------------+----------------+

Loongnix-Server 8.3
    Kernel: 4.19.190+
    Compiler: gcc 8.3


Test result details:
  1/120 DPDK:fast-tests / acl_autotest                            OK              3.45s
  2/120 DPDK:fast-tests / alarm_autotest                          OK              1.71s
  3/120 DPDK:fast-tests / argparse_autotest                       OK              0.68s
  4/120 DPDK:fast-tests / atomic_autotest                         OK              6.91s
  5/120 DPDK:fast-tests / bitcount_autotest                       OK              0.20s
  6/120 DPDK:fast-tests / bitmap_autotest                         OK              0.20s
  7/120 DPDK:fast-tests / bitops_autotest                         OK              1.70s
  8/120 DPDK:fast-tests / bitratestats_autotest                   OK              0.20s
  9/120 DPDK:fast-tests / bitset_autotest                         OK              2.91s
 10/120 DPDK:fast-tests / bpf_autotest                            OK              0.20s
 11/120 DPDK:fast-tests / bpf_convert_autotest                    OK              0.21s
 12/120 DPDK:fast-tests / byteorder_autotest                      OK              0.20s
 13/120 DPDK:fast-tests / cfgfile_autotest                        OK              0.20s
 14/120 DPDK:fast-tests / cksum_autotest                          OK              0.20s
 15/120 DPDK:fast-tests / cmdline_autotest                        OK              0.20s
 16/120 DPDK:fast-tests / common_autotest                         OK              1.08s
 17/120 DPDK:fast-tests / compressdev_autotest                    SKIP            0.06s   exit status 77
 18/120 DPDK:fast-tests / cpuflags_autotest                       OK              0.20s
 19/120 DPDK:fast-tests / crc_autotest                            OK              0.20s
 20/120 DPDK:fast-tests / user_delay_us                           OK              0.20s
 21/120 DPDK:fast-tests / debug_autotest                          OK             16.73s
 22/120 DPDK:fast-tests / devargs_autotest                        OK              0.21s
 23/120 DPDK:fast-tests / dispatcher_autotest                     OK              2.55s
 24/120 DPDK:fast-tests / distributor_autotest                    OK              1.20s
 25/120 DPDK:fast-tests / eal_flags_c_opt_autotest                OK              1.07s
 26/120 DPDK:fast-tests / eal_flags_main_opt_autotest             OK              0.23s
 27/120 DPDK:fast-tests / eal_flags_n_opt_autotest                OK              0.21s
 28/120 DPDK:fast-tests / eal_flags_hpet_autotest                 OK              0.14s
 29/120 DPDK:fast-tests / eal_flags_no_huge_autotest              OK              0.23s
 30/120 DPDK:fast-tests / eal_flags_a_opt_autotest                OK              0.32s
 31/120 DPDK:fast-tests / eal_flags_b_opt_autotest                OK              0.26s
 32/120 DPDK:fast-tests / eal_flags_vdev_opt_autotest             OK              0.21s
 33/120 DPDK:fast-tests / eal_flags_r_opt_autotest                OK              0.19s
 34/120 DPDK:fast-tests / eal_flags_mem_autotest                  OK              0.61s
 35/120 DPDK:fast-tests / eal_flags_file_prefix_autotest          OK             23.11s
 36/120 DPDK:fast-tests / eal_flags_misc_autotest                 OK              1.11s
 37/120 DPDK:fast-tests / eal_fs_autotest                         OK              0.20s
 38/120 DPDK:fast-tests / errno_autotest                          OK              0.20s
 39/120 DPDK:fast-tests / ethdev_link_status                      OK              0.20s
 40/120 DPDK:fast-tests / event_eth_tx_adapter_autotest           OK              1.68s
 41/120 DPDK:fast-tests / event_ring_autotest                     OK              0.21s
 42/120 DPDK:fast-tests / eventdev_common_autotest                OK              0.20s
 43/120 DPDK:fast-tests / eventdev_selftest_sw                    OK              7.24s
 44/120 DPDK:fast-tests / fbarray_autotest                        OK              0.21s
 45/120 DPDK:fast-tests / fib_autotest                            OK              1.06s
 46/120 DPDK:fast-tests / fib6_autotest                           OK              0.85s
 47/120 DPDK:fast-tests / func_reentrancy_autotest                OK              2.28s
 48/120 DPDK:fast-tests / graph_autotest                          OK              0.21s
 49/120 DPDK:fast-tests / node_list_dump                          OK              0.20s
 50/120 DPDK:fast-tests / graph_feature_arc_autotest              OK              0.21s
 51/120 DPDK:fast-tests / hash_autotest                           OK              0.83s
 52/120 DPDK:fast-tests / hash_readwrite_func_autotest            OK              6.60s
 53/120 DPDK:fast-tests / interrupt_autotest                      OK              1.51s
 54/120 DPDK:fast-tests / ipfrag_autotest                         OK              0.07s
 55/120 DPDK:fast-tests / ipsec_autotest                          SKIP            0.21s   exit status 77
 56/120 DPDK:fast-tests / kvargs_autotest                         OK              0.21s
 57/120 DPDK:fast-tests / latencystats_autotest                   OK              0.21s
 58/120 DPDK:fast-tests / lcore_var_autotest                      OK              0.35s
 59/120 DPDK:fast-tests / lcores_autotest                         OK              5.02s
 60/120 DPDK:fast-tests / logs_autotest                           OK              0.20s
 61/120 DPDK:fast-tests / lpm_autotest                            OK              2.35s
 62/120 DPDK:fast-tests / lpm6_autotest                           OK              5.44s
 63/120 DPDK:fast-tests / malloc_autotest                         OK             62.71s
 64/120 DPDK:fast-tests / mbuf_autotest                           OK              5.46s
 65/120 DPDK:fast-tests / mcslock_autotest                        OK              2.60s
 66/120 DPDK:fast-tests / member_autotest                         OK              1.41s
 67/120 DPDK:fast-tests / memcpy_autotest                         OK              7.06s
 68/120 DPDK:fast-tests / memory_autotest                         OK              0.08s
 69/120 DPDK:fast-tests / mempool_autotest                        OK              0.43s
 70/120 DPDK:fast-tests / memzone_autotest                        OK              0.14s
 71/120 DPDK:fast-tests / meter_autotest                          OK              0.20s
 72/120 DPDK:fast-tests / metrics_autotest                        OK              0.20s
 73/120 DPDK:fast-tests / multiprocess_autotest                   OK              0.18s
 74/120 DPDK:fast-tests / net_ether_autotest                      OK              0.87s
 75/120 DPDK:fast-tests / net_ipv6_autotest                       OK              0.20s
 76/120 DPDK:fast-tests / pcapng_autotest                         OK              6.49s
 77/120 DPDK:fast-tests / pdcp_autotest                           SKIP            0.06s   exit status 77
 78/120 DPDK:fast-tests / pdump_autotest                          OK              0.31s
 79/120 DPDK:fast-tests / per_lcore_autotest                      OK              0.30s
 80/120 DPDK:fast-tests / pflock_autotest                         OK              1.01s
 81/120 DPDK:fast-tests / pie_autotest                            OK              0.20s
 82/120 DPDK:fast-tests / ring_pmd_autotest                       OK              0.20s
 83/120 DPDK:fast-tests / power_autotest                          OK              0.20s
 84/120 DPDK:fast-tests / power_cpufreq_autotest                  SKIP            0.06s   exit status 77
 85/120 DPDK:fast-tests / power_intel_uncore_autotest             SKIP            0.20s   exit status 77
 86/120 DPDK:fast-tests / power_kvm_vm_autotest                   SKIP            0.06s   exit status 77
 87/120 DPDK:fast-tests / prefetch_autotest                       OK              0.20s
 88/120 DPDK:fast-tests / ptr_compress_autotest                   OK              0.20s
 89/120 DPDK:fast-tests / rawdev_autotest                         OK              0.20s
 90/120 DPDK:fast-tests / rcu_qsbr_autotest                       OK              0.74s
 91/120 DPDK:fast-tests / reorder_autotest                        OK              0.49s
 92/120 DPDK:fast-tests / rib_autotest                            OK              9.17s
 93/120 DPDK:fast-tests / rib6_autotest                           OK              9.20s
 94/120 DPDK:fast-tests / ring_autotest                           OK              0.58s
 95/120 DPDK:fast-tests / rwlock_test1_autotest                   OK              1.28s
 96/120 DPDK:fast-tests / rwlock_rda_autotest                     OK              5.53s
 97/120 DPDK:fast-tests / rwlock_rds_wrm_autotest                 OK              5.54s
 98/120 DPDK:fast-tests / rwlock_rde_wro_autotest                 OK              5.47s
 99/120 DPDK:fast-tests / sched_autotest                          OK              0.45s
100/120 DPDK:fast-tests / security_autotest                       OK              0.06s
101/120 DPDK:fast-tests / seqlock_autotest                        OK              2.50s
102/120 DPDK:fast-tests / service_autotest                        OK              3.13s
103/120 DPDK:fast-tests / soring_autotest                         OK              0.43s
104/120 DPDK:fast-tests / spinlock_autotest                       OK              0.51s
105/120 DPDK:fast-tests / stack_autotest                          OK              0.87s
106/120 DPDK:fast-tests / stack_lf_autotest                       SKIP            0.06s   exit status 77
107/120 DPDK:fast-tests / string_autotest                         OK              0.42s
108/120 DPDK:fast-tests / table_autotest                          OK              7.63s
109/120 DPDK:fast-tests / tailq_autotest                          OK              0.42s
110/120 DPDK:fast-tests / telemetry_data_autotest                 OK              0.43s
111/120 DPDK:fast-tests / telemetry_json_autotest                 OK              0.42s
112/120 DPDK:fast-tests / thash_autotest                          OK              0.44s
113/120 DPDK:fast-tests / threads_autotest                        OK              0.61s
114/120 DPDK:fast-tests / ticketlock_autotest                     OK              0.60s
115/120 DPDK:fast-tests / timer_autotest                          OK              3.96s
116/120 DPDK:fast-tests / trace_autotest                          OK              0.42s
117/120 DPDK:fast-tests / trace_autotest_with_traces              OK              0.43s
118/120 DPDK:fast-tests / vdev_autotest                           OK              0.42s
119/120 DPDK:fast-tests / version_autotest                        OK              0.43s
120/120 DPDK:fast-tests / telemetry_all                           OK             19.44s


Ok:                 113
Expected Fail:      0
Fail:               0
Unexpected Pass:    0
Skipped:            7
Timeout:            0


^ permalink raw reply	[flat|nested] 20+ messages in thread

* |WARNING| pw157352 [PATCH v1] net/mlx5: fix age checking crash
       [not found] <20251009022847.100823-1-rongweil@nvidia.com>
  2025-10-09  2:00 ` |SUCCESS| pw157352 [PATCH v1] net/mlx5: fix age checking crash qemudev
  2025-10-09  2:05 ` qemudev
@ 2025-10-09  2:31 ` checkpatch
  2025-10-09  3:06 ` |SUCCESS| pw157352 [PATCH] [v1] " dpdklab
                   ` (16 subsequent siblings)
  19 siblings, 0 replies; 20+ messages in thread
From: checkpatch @ 2025-10-09  2:31 UTC (permalink / raw)
  To: test-report; +Cc: Rongwei Liu

Test-Label: checkpatch
Test-Status: WARNING
http://dpdk.org/patch/157352

_coding style issues_


Warning in drivers/net/mlx5/mlx5_hws_cnt.c:
Warning in drivers/net/mlx5/mlx5_hws_cnt.h:
Using __atomic_xxx/__ATOMIC_XXX built-ins, prefer rte_atomic_xxx/rte_memory_order_xxx

^ permalink raw reply	[flat|nested] 20+ messages in thread

* |SUCCESS| pw157352 [PATCH] [v1] net/mlx5: fix age checking crash
       [not found] <20251009022847.100823-1-rongweil@nvidia.com>
                   ` (2 preceding siblings ...)
  2025-10-09  2:31 ` |WARNING| " checkpatch
@ 2025-10-09  3:06 ` dpdklab
  2025-10-09  3:07 ` |PENDING| " dpdklab
                   ` (15 subsequent siblings)
  19 siblings, 0 replies; 20+ messages in thread
From: dpdklab @ 2025-10-09  3:06 UTC (permalink / raw)
  To: Test Report; +Cc: dpdk-test-reports

Test-Label: iol-mellanox-Functional
Test-Status: SUCCESS
http://dpdk.org/patch/157352

_Functional Testing PASS_

Submitter: Rongwei Liu <rongweil@nvidia.com>
Date: Thursday, October 09 2025 02:28:46 
DPDK git baseline: Repo:dpdk-next-net-mlx
  Branch: master
  CommitID:2374f33e1d964e100895fd294966380c46f0886d

157352 --> functional testing pass

Upstream job id: Template-DPDK-DTS-Pipeline#2360

Test environment and result as below:

Ubuntu 24.04
Kernel: 6.8.0-55-generic
Compiler: gcc 13.3.0
NIC: Mellanox ConnectX-5 100000 Mbps

Aggregate Results by Test Suite
+---------------------------------+--------+
|           Test Suite            | Result |
+=================================+========+
| blocklist                       |  PASS  |
+---------------------------------+--------+
| promisc_support                 |  PASS  |
+---------------------------------+--------+
| uni_pkt                         |  PASS  |
+---------------------------------+--------+
| dynamic_config                  |  PASS  |
+---------------------------------+--------+
| hello_world                     |  PASS  |
+---------------------------------+--------+
| l2fwd                           |  PASS  |
+---------------------------------+--------+
| port_restart_config_persistency |  PASS  |
+---------------------------------+--------+
| softnic                         |  PASS  |
+---------------------------------+--------+
| vlan                            |  PASS  |
+---------------------------------+--------+


To view detailed results, visit:
https://lab.dpdk.org/results/dashboard/patchsets/34240/

UNH-IOL DPDK Community Lab

To manage your email subscriptions, visit: 
https://lab.dpdk.org/results/dashboard/preferences/subscriptions/

^ permalink raw reply	[flat|nested] 20+ messages in thread

* |PENDING| pw157352 [PATCH] [v1] net/mlx5: fix age checking crash
       [not found] <20251009022847.100823-1-rongweil@nvidia.com>
                   ` (3 preceding siblings ...)
  2025-10-09  3:06 ` |SUCCESS| pw157352 [PATCH] [v1] " dpdklab
@ 2025-10-09  3:07 ` dpdklab
  2025-10-09  3:10 ` |SUCCESS| " dpdklab
                   ` (14 subsequent siblings)
  19 siblings, 0 replies; 20+ messages in thread
From: dpdklab @ 2025-10-09  3:07 UTC (permalink / raw)
  To: Test Report; +Cc: dpdk-test-reports

Test-Label: iol-compile-amd64-testing
Test-Status: PENDING
http://dpdk.org/patch/157352

_Testing pending_

Submitter: Rongwei Liu <rongweil@nvidia.com>
Date: Thursday, October 09 2025 02:28:46 
DPDK git baseline: Repo:dpdk-next-net-mlx
  Branch: master
  CommitID:2374f33e1d964e100895fd294966380c46f0886d

157352 --> testing pending

Upstream job id: Generic-VM-DPDK-Compile-Meson#38868

Test environment and result as below:

+---------------------+--------------------+-------------------------+-------------------+
|     Environment     | dpdk_meson_compile | dpdk_llvm_clang_compile | dpdk_msvc_compile |
+=====================+====================+=========================+===================+
| FreeBSD 14.2        | PEND               | SKIPPED                 | SKIPPED           |
+---------------------+--------------------+-------------------------+-------------------+
| Ubuntu 20.04        | PASS               | SKIPPED                 | SKIPPED           |
+---------------------+--------------------+-------------------------+-------------------+
| Windows Server 2022 | SKIPPED            | PEND                    | PEND              |
+---------------------+--------------------+-------------------------+-------------------+


FreeBSD 14.2
	Kernel: 14.2-RELEASE
	Compiler: clang 18.1.6

Ubuntu 20.04
	Kernel: 4.19
	Compiler: gcc gcc (Ubuntu 9.4.0-1ubuntu1~20.04.2) 9.4.0

Windows Server 2022
	Kernel: 10.0.20348.2031
	Compiler: clang 15.0.7, gcc 14.1.0 (MinGW), and MSVC VS 19.39.33521

To view detailed results, visit:
https://lab.dpdk.org/results/dashboard/patchsets/34240/

UNH-IOL DPDK Community Lab

To manage your email subscriptions, visit: 
https://lab.dpdk.org/results/dashboard/preferences/subscriptions/

^ permalink raw reply	[flat|nested] 20+ messages in thread

* |SUCCESS| pw157352 [PATCH] [v1] net/mlx5: fix age checking crash
       [not found] <20251009022847.100823-1-rongweil@nvidia.com>
                   ` (4 preceding siblings ...)
  2025-10-09  3:07 ` |PENDING| " dpdklab
@ 2025-10-09  3:10 ` dpdklab
  2025-10-09  3:14 ` |PENDING| " dpdklab
                   ` (13 subsequent siblings)
  19 siblings, 0 replies; 20+ messages in thread
From: dpdklab @ 2025-10-09  3:10 UTC (permalink / raw)
  To: Test Report; +Cc: dpdk-test-reports

Test-Label: iol-marvell-Functional
Test-Status: SUCCESS
http://dpdk.org/patch/157352

_Functional Testing PASS_

Submitter: Rongwei Liu <rongweil@nvidia.com>
Date: Thursday, October 09 2025 02:28:46 
DPDK git baseline: Repo:dpdk-next-net-mlx
  Branch: master
  CommitID:2374f33e1d964e100895fd294966380c46f0886d

157352 --> functional testing pass

Upstream job id: Template-DTS-Pipeline#248542

Test environment and result as below:

Ubuntu 20.04.6
Kernel: 5.4.105
Compiler: gcc 9.4
NIC: Marvell CN106XX 50000 Mbps
Target: arm64-native-linuxapp-gcc

Aggregate Results by Test Suite
+----------------+--------+
|   Test Suite   | Result |
+================+========+
| cmdline        |  PASS  |
+----------------+--------+
| rxtx_callbacks |  PASS  |
+----------------+--------+


To view detailed results, visit:
https://lab.dpdk.org/results/dashboard/patchsets/34240/

UNH-IOL DPDK Community Lab

To manage your email subscriptions, visit: 
https://lab.dpdk.org/results/dashboard/preferences/subscriptions/

^ permalink raw reply	[flat|nested] 20+ messages in thread

* |PENDING| pw157352 [PATCH] [v1] net/mlx5: fix age checking crash
       [not found] <20251009022847.100823-1-rongweil@nvidia.com>
                   ` (5 preceding siblings ...)
  2025-10-09  3:10 ` |SUCCESS| " dpdklab
@ 2025-10-09  3:14 ` dpdklab
  2025-10-09  3:23 ` |SUCCESS| " dpdklab
                   ` (12 subsequent siblings)
  19 siblings, 0 replies; 20+ messages in thread
From: dpdklab @ 2025-10-09  3:14 UTC (permalink / raw)
  To: Test Report; +Cc: dpdk-test-reports

Test-Label: iol-sample-apps-testing
Test-Status: PENDING
http://dpdk.org/patch/157352

_Testing pending_

Submitter: Rongwei Liu <rongweil@nvidia.com>
Date: Thursday, October 09 2025 02:28:46 
DPDK git baseline: Repo:dpdk-next-net-mlx
  Branch: master
  CommitID:2374f33e1d964e100895fd294966380c46f0886d

157352 --> testing pending

Upstream job id: Template-DTS-Pipeline#248544

Test environment and result as below:

+--------------+----------------------+----------------------+
| Environment  | dpdk_fips_validation | compressdev_zlib_pmd |
+==============+======================+======================+
| Ubuntu 20.04 | PEND                 | SKIPPED              |
+--------------+----------------------+----------------------+
| Ubuntu 22.04 | SKIPPED              | PASS                 |
+--------------+----------------------+----------------------+


Ubuntu 20.04
	Kernel: 5.15
	Compiler: gcc gcc (Ubuntu 9.4.0-1ubuntu1~20.04.2) 9.4.0

Ubuntu 22.04
	Kernel: 5.15
	Compiler: gcc gcc (Ubuntu 11.4.0-1ubuntu1~22.04.2) 11.4.0

To view detailed results, visit:
https://lab.dpdk.org/results/dashboard/patchsets/34240/

UNH-IOL DPDK Community Lab

To manage your email subscriptions, visit: 
https://lab.dpdk.org/results/dashboard/preferences/subscriptions/

^ permalink raw reply	[flat|nested] 20+ messages in thread

* |SUCCESS| pw157352 [PATCH] [v1] net/mlx5: fix age checking crash
       [not found] <20251009022847.100823-1-rongweil@nvidia.com>
                   ` (6 preceding siblings ...)
  2025-10-09  3:14 ` |PENDING| " dpdklab
@ 2025-10-09  3:23 ` dpdklab
  2025-10-09  3:25 ` dpdklab
                   ` (11 subsequent siblings)
  19 siblings, 0 replies; 20+ messages in thread
From: dpdklab @ 2025-10-09  3:23 UTC (permalink / raw)
  To: Test Report; +Cc: dpdk-test-reports

Test-Label: iol-intel-Functional
Test-Status: SUCCESS
http://dpdk.org/patch/157352

_Functional Testing PASS_

Submitter: Rongwei Liu <rongweil@nvidia.com>
Date: Thursday, October 09 2025 02:28:46 
DPDK git baseline: Repo:dpdk-next-net-mlx
  Branch: master
  CommitID:2374f33e1d964e100895fd294966380c46f0886d

157352 --> functional testing pass

Upstream job id: Template-DTS-Pipeline#248545

Test environment and result as below:

Ubuntu 24.04 LTS
Kernel: 6.8.0-44-generic
Compiler: gcc 13.2.0
NIC: Intel Corporation Ethernet Controller XL710 for 40GbE QSFP+ 40 Mbps

Aggregate Results by Test Suite
+--------------------+--------+
|     Test Suite     | Result |
+====================+========+
| blocklist          |  PASS  |
+--------------------+--------+
| promisc_support    |  PASS  |
+--------------------+--------+
| uni_pkt            |  PASS  |
+--------------------+--------+
| dynamic_config     |  PASS  |
+--------------------+--------+
| dynamic_queue_conf |  PASS  |
+--------------------+--------+
| hello_world        |  PASS  |
+--------------------+--------+
| l2fwd              |  PASS  |
+--------------------+--------+
| softnic            |  PASS  |
+--------------------+--------+
| vlan               |  PASS  |
+--------------------+--------+


Ubuntu 24.04
Kernel: 6.8
Compiler: gcc gcc (Ubuntu 13.3.0-6ubuntu2~24.04) 13.3.0
NIC: Intel Corporation 4xxx Series QAT 0 Mbps

Aggregate Results by Test Suite
+----------------------------+--------+
|         Test Suite         | Result |
+============================+========+
| crypto_perf_cryptodev_perf |  PASS  |
+----------------------------+--------+


To view detailed results, visit:
https://lab.dpdk.org/results/dashboard/patchsets/34240/

UNH-IOL DPDK Community Lab

To manage your email subscriptions, visit: 
https://lab.dpdk.org/results/dashboard/preferences/subscriptions/

^ permalink raw reply	[flat|nested] 20+ messages in thread

* |SUCCESS| pw157352 [PATCH] [v1] net/mlx5: fix age checking crash
       [not found] <20251009022847.100823-1-rongweil@nvidia.com>
                   ` (7 preceding siblings ...)
  2025-10-09  3:23 ` |SUCCESS| " dpdklab
@ 2025-10-09  3:25 ` dpdklab
  2025-10-09  3:27 ` |FAILURE| pw157352 [PATCH v1] " 0-day Robot
                   ` (10 subsequent siblings)
  19 siblings, 0 replies; 20+ messages in thread
From: dpdklab @ 2025-10-09  3:25 UTC (permalink / raw)
  To: Test Report, Ali Alnubani; +Cc: dpdk-test-reports

Test-Label: iol-mellanox-Performance
Test-Status: SUCCESS
http://dpdk.org/patch/157352

_Performance Testing PASS_

Submitter: Rongwei Liu <rongweil@nvidia.com>
Date: Thursday, October 09 2025 02:28:46 
DPDK git baseline: Repo:dpdk-next-net-mlx
  Branch: master
  CommitID:2374f33e1d964e100895fd294966380c46f0886d

157352 --> performance testing pass

Upstream job id: Template-DTS-Pipeline#248532

Test environment and result as below:

Ubuntu 24.04
Kernel: 6.8
Compiler: gcc gcc (Ubuntu 13.3.0-6ubuntu2~24.04) 13.3.0
NIC: Mellanox ConnectX-6 Lx 25000 Mbps
Fail/Total: 0/6

Detail performance results: 
+------------+---------+----------+-------------+------------------------------+
| frame_size | txd/rxd | num_cpus | num_threads |  throughput difference from  |
|            |         |          |             |           expected           |
+============+=========+==========+=============+==============================+
| 64         | 1024    | 1        | 1           | 0.1%                         |
+------------+---------+----------+-------------+------------------------------+
| 128        | 1024    | 1        | 1           | 0.0%                         |
+------------+---------+----------+-------------+------------------------------+
| 256        | 1024    | 1        | 1           | 0.0%                         |
+------------+---------+----------+-------------+------------------------------+
| 512        | 1024    | 1        | 1           | -0.2%                        |
+------------+---------+----------+-------------+------------------------------+
| 1024       | 1024    | 1        | 1           | -0.1%                        |
+------------+---------+----------+-------------+------------------------------+
| 1518       | 1024    | 1        | 1           | 0.1%                         |
+------------+---------+----------+-------------+------------------------------+

Ubuntu 24.04
Kernel: 6.8
Compiler: gcc gcc (Ubuntu 13.3.0-6ubuntu2~24.04) 13.3.0
NIC: NVIDIA Mellanox ConnectX-7 100000 Mbps
Fail/Total: 0/6

Detail performance results: 
+------------+---------+----------+-------------+------------------------------+
| frame_size | txd/rxd | num_cpus | num_threads |  throughput difference from  |
|            |         |          |             |           expected           |
+============+=========+==========+=============+==============================+
| 64         | 1024    | 1        | 1           | -0.3%                        |
+------------+---------+----------+-------------+------------------------------+
| 128        | 1024    | 1        | 1           | -0.3%                        |
+------------+---------+----------+-------------+------------------------------+
| 256        | 1024    | 1        | 1           | 0.1%                         |
+------------+---------+----------+-------------+------------------------------+
| 512        | 1024    | 1        | 1           | -0.1%                        |
+------------+---------+----------+-------------+------------------------------+
| 1024       | 1024    | 1        | 1           | -0.1%                        |
+------------+---------+----------+-------------+------------------------------+
| 1518       | 1024    | 1        | 1           | 0.0%                         |
+------------+---------+----------+-------------+------------------------------+

To view detailed results, visit:
https://lab.dpdk.org/results/dashboard/patchsets/34240/

UNH-IOL DPDK Community Lab

To manage your email subscriptions, visit: 
https://lab.dpdk.org/results/dashboard/preferences/subscriptions/

^ permalink raw reply	[flat|nested] 20+ messages in thread

* |FAILURE| pw157352 [PATCH v1] net/mlx5: fix age checking crash
       [not found] <20251009022847.100823-1-rongweil@nvidia.com>
                   ` (8 preceding siblings ...)
  2025-10-09  3:25 ` dpdklab
@ 2025-10-09  3:27 ` 0-day Robot
  2025-10-09  3:27 ` |FAILURE| pw157352 [PATCH] [v1] " dpdklab
                   ` (9 subsequent siblings)
  19 siblings, 0 replies; 20+ messages in thread
From: 0-day Robot @ 2025-10-09  3:27 UTC (permalink / raw)
  To: test-report; +Cc: rongweil, robot

From: robot@bytheb.org

Test-Label: github-robot: build
Test-Status: FAILURE
http://patchwork.dpdk.org/patch/157352/

_github build: failed_
Build URL: https://github.com/ovsrobot/dpdk/actions/runs/18364004327

^ permalink raw reply	[flat|nested] 20+ messages in thread

* |FAILURE| pw157352 [PATCH] [v1] net/mlx5: fix age checking crash
       [not found] <20251009022847.100823-1-rongweil@nvidia.com>
                   ` (9 preceding siblings ...)
  2025-10-09  3:27 ` |FAILURE| pw157352 [PATCH v1] " 0-day Robot
@ 2025-10-09  3:27 ` dpdklab
  2025-10-09  3:28 ` |SUCCESS| " dpdklab
                   ` (8 subsequent siblings)
  19 siblings, 0 replies; 20+ messages in thread
From: dpdklab @ 2025-10-09  3:27 UTC (permalink / raw)
  To: Test Report; +Cc: dpdk-test-reports, Rongwei Liu

Test-Label: iol-compile-amd64-testing
Test-Status: FAILURE
http://dpdk.org/patch/157352

_Testing issues_

Submitter: Rongwei Liu <rongweil@nvidia.com>
Date: Thursday, October 09 2025 02:28:46 
DPDK git baseline: Repo:dpdk-next-net-mlx
  Branch: master
  CommitID:2374f33e1d964e100895fd294966380c46f0886d

157352 --> testing issues

Upstream job id: Windows-Compile-DPDK-VS#7142

Test environment and result as below:

+---------------------+--------------------+-------------------------+-------------------+----------------------+
|     Environment     | dpdk_meson_compile | dpdk_llvm_clang_compile | dpdk_msvc_compile | dpdk_mingw64_compile |
+=====================+====================+=========================+===================+======================+
| FreeBSD 14.2        | PASS               | SKIPPED                 | SKIPPED           | SKIPPED              |
+---------------------+--------------------+-------------------------+-------------------+----------------------+
| Ubuntu 20.04        | PASS               | SKIPPED                 | SKIPPED           | SKIPPED              |
+---------------------+--------------------+-------------------------+-------------------+----------------------+
| Windows Server 2022 | SKIPPED            | PASS                    | FAIL              | PEND                 |
+---------------------+--------------------+-------------------------+-------------------+----------------------+

==== 20 line log output for Windows Server 2022 (dpdk_msvc_compile): ====
\0C\0:\0\\0U\0s\0e\0r\0s\0\\0b\0u\0i\0l\0d\0e\0r\0\\0j\0e\0n\0k\0i\0n\0s\0\\0w\0o\0r\0k\0s\0p\0a\0c\0e\0\\0W\0i\0n\0d\0o\0w\0s\0-\0C\0o\0m\0p\0i\0l\0e\0-\0D\0P\0D\0K\0-\0V\0S\0\\0d\0p\0d\0k\0\\0d\0r\0i\0v\0e\0r\0s\0\\0n\0e\0t\0\\0m\0l\0x\05\0\\0m\0l\0x\05\0_\0h\0w\0s\0_\0c\0n\0t\0.\0h\0(\02\00\08\0)\0:\0 \0e\0r\0r\0o\0r\0 \0C\02\02\02\00\0:\0 \0t\0h\0e\0 \0f\0o\0l\0l\0o\0w\0i\0n\0g\0 \0w\0a\0r\0n\0i\0n\0g\0 \0i\0s\0 \0t\0r\0e\0a\0t\0e\0d\0 \0a\0s\0 \0a\0n\0 \0e\0r\0r\0o\0r\0
\0
\0C\0:\0\\0U\0s\0e\0r\0s\0\\0b\0u\0i\0l\0d\0e\0r\0\\0j\0e\0n\0k\0i\0n\0s\0\\0w\0o\0r\0k\0s\0p\0a\0c\0e\0\\0W\0i\0n\0d\0o\0w\0s\0-\0C\0o\0m\0p\0i\0l\0e\0-\0D\0P\0D\0K\0-\0V\0S\0\\0d\0p\0d\0k\0\\0d\0r\0i\0v\0e\0r\0s\0\\0n\0e\0t\0\\0m\0l\0x\05\0\\0m\0l\0x\05\0_\0h\0w\0s\0_\0c\0n\0t\0.\0h\0(\02\00\08\0)\0:\0 \0w\0a\0r\0n\0i\0n\0g\0 \0C\04\00\01\03\0:\0 \0'\0_\0_\0a\0t\0o\0m\0i\0c\0_\0l\0o\0a\0d\0_\0n\0'\0 \0u\0n\0d\0e\0f\0i\0n\0e\0d\0;\0 \0a\0s\0s\0u\0m\0i\0n\0g\0 \0e\0x\0t\0e\0r\0n\0 \0r\0e\0t\0u\0r\0n\0i\0n\0g\0 \0i\0n\0t\0
\0
\0C\0:\0\\0U\0s\0e\0r\0s\0\\0b\0u\0i\0l\0d\0e\0r\0\\0j\0e\0n\0k\0i\0n\0s\0\\0w\0o\0r\0k\0s\0p\0a\0c\0e\0\\0W\0i\0n\0d\0o\0w\0s\0-\0C\0o\0m\0p\0i\0l\0e\0-\0D\0P\0D\0K\0-\0V\0S\0\\0d\0p\0d\0k\0\\0d\0r\0i\0v\0e\0r\0s\0\\0n\0e\0t\0\\0m\0l\0x\05\0\\0m\0l\0x\05\0_\0h\0w\0s\0_\0c\0n\0t\0.\0h\0(\02\00\08\0)\0:\0 \0e\0r\0r\0o\0r\0 \0C\02\00\06\05\0:\0 \0'\0_\0_\0A\0T\0O\0M\0I\0C\0_\0A\0C\0Q\0U\0I\0R\0E\0'\0:\0 \0u\0n\0d\0e\0c\0l\0a\0r\0e\0d\0 \0i\0d\0e\0n\0t\0i\0f\0i\0e\0r\0
\0
\0C\0:\0\\0U\0s\0e\0r\0s\0\\0b\0u\0i\0l\0d\0e\0r\0\\0j\0e\0n\0k\0i\0n\0s\0\\0w\0o\0r\0k\0s\0p\0a\0c\0e\0\\0W\0i\0n\0d\0o\0w\0s\0-\0C\0o\0m\0p\0i\0l\0e\0-\0D\0P\0D\0K\0-\0V\0S\0\\0d\0p\0d\0k\0\\0d\0r\0i\0v\0e\0r\0s\0\\0n\0e\0t\0\\0m\0l\0x\05\0\\0m\0l\0x\05\0_\0h\0w\0s\0_\0c\0n\0t\0.\0h\0(\02\01\00\0)\0:\0 \0w\0a\0r\0n\0i\0n\0g\0 \0C\04\00\01\03\0:\0 \0'\0_\0_\0a\0t\0o\0m\0i\0c\0_\0s\0t\0o\0r\0e\0_\0n\0'\0 \0u\0n\0d\0e\0f\0i\0n\0e\0d\0;\0 \0a\0s\0s\0u\0m\0i\0n\0g\0 \0e\0x\0t\0e\0r\0n\0 \0r\0e\0t\0u\0r\0n\0i\0n\0g\0 \0i\0n\0t\0
\0
\0C\0:\0\\0U\0s\0e\0r\0s\0\\0b\0u\0i\0l\0d\0e\0r\0\\0j\0e\0n\0k\0i\0n\0s\0\\0w\0o\0r\0k\0s\0p\0a\0c\0e\0\\0W\0i\0n\0d\0o\0w\0s\0-\0C\0o\0m\0p\0i\0l\0e\0-\0D\0P\0D\0K\0-\0V\0S\0\\0d\0p\0d\0k\0\\0d\0r\0i\0v\0e\0r\0s\0\\0n\0e\0t\0\\0m\0l\0x\05\0\\0m\0l\0x\05\0_\0h\0w\0s\0_\0c\0n\0t\0.\0h\0(\02\01\00\0)\0:\0 \0e\0r\0r\0o\0r\0 \0C\02\00\06\05\0:\0 \0'\0_\0_\0A\0T\0O\0M\0I\0C\0_\0R\0E\0L\0E\0A\0S\0E\0'\0:\0 \0u\0n\0d\0e\0c\0l\0a\0r\0e\0d\0 \0i\0d\0e\0n\0t\0i\0f\0i\0e\0r\0
\0
\0C\0:\0\\0U\0s\0e\0r\0s\0\\0b\0u\0i\0l\0d\0e\0r\0\\0j\0e\0n\0k\0i\0n\0s\0\\0w\0o\0r\0k\0s\0p\0a\0c\0e\0\\0W\0i\0n\0d\0o\0w\0s\0-\0C\0o\0m\0p\0i\0l\0e\0-\0D\0P\0D\0K\0-\0V\0S\0\\0d\0p\0d\0k\0\\0d\0r\0i\0v\0e\0r\0s\0\\0n\0e\0t\0\\0m\0l\0x\05\0\\0m\0l\0x\05\0_\0h\0w\0s\0_\0c\0n\0t\0.\0h\0(\02\02\01\0)\0:\0 \0e\0r\0r\0o\0r\0 \0C\02\00\06\05\0:\0 \0'\0_\0_\0A\0T\0O\0M\0I\0C\0_\0R\0E\0L\0A\0X\0E\0D\0'\0:\0 \0u\0n\0d\0e\0c\0l\0a\0r\0e\0d\0 \0i\0d\0e\0n\0t\0i\0f\0i\0e\0r\0
\0
\0C\0:\0\\0U\0s\0e\0r\0s\0\\0b\0u\0i\0l\0d\0e\0r\0\\0j\0e\0n\0k\0i\0n\0s\0\\0w\0o\0r\0k\0s\0p\0a\0c\0e\0\\0W\0i\0n\0d\0o\0w\0s\0-\0C\0o\0m\0p\0i\0l\0e\0-\0D\0P\0D\0K\0-\0V\0S\0\\0d\0p\0d\0k\0\\0d\0r\0i\0v\0e\0r\0s\0\\0n\0e\0t\0\\0m\0l\0x\05\0\\0m\0l\0x\05\0_\0h\0w\0s\0_\0c\0n\0t\0.\0h\0(\02\03\00\0)\0:\0 \0e\0r\0r\0o\0r\0 \0C\02\00\06\05\0:\0 \0'\0_\0_\0A\0T\0O\0M\0I\0C\0_\0A\0C\0Q\0U\0I\0R\0E\0'\0:\0 \0u\0n\0d\0e\0c\0l\0a\0r\0e\0d\0 \0i\0d\0e\0n\0t\0i\0f\0i\0e\0r\0
\0
\0[\05\04\07\0/\08\07\04\0]\0 \0C\0o\0m\0p\0i\0l\0i\0n\0g\0 \0C\0 \0o\0b\0j\0e\0c\0t\0 \0d\0r\0i\0v\0e\0r\0s\0/\0l\0i\0b\0t\0m\0p\0_\0r\0t\0e\0_\0n\0e\0t\0_\0m\0l\0x\05\0.\0a\0.\0p\0/\0n\0e\0t\0_\0m\0l\0x\05\0_\0m\0l\0x\05\0_\0d\0r\0i\0v\0e\0r\0_\0e\0v\0e\0n\0t\0.\0c\0.\0o\0b\0j\0
\0
\0[\05\04\08\0/\08\07\04\0]\0 \0G\0e\0n\0e\0r\0a\0t\0i\0n\0g\0 \0d\0r\0i\0v\0e\0r\0s\0/\0r\0t\0e\0_\0n\0e\0t\0_\0i\0x\0g\0b\0e\0.\0p\0m\0d\0.\0c\0 \0w\0i\0t\0h\0 \0a\0 \0c\0u\0s\0t\0o\0m\0 \0c\0o\0m\0m\0a\0n\0d\0 \0(\0w\0r\0a\0p\0p\0e\0d\0 \0b\0y\0 \0m\0e\0s\0o\0n\0 \0t\0o\0 \0s\0e\0t\0 \0P\0A\0T\0H\0)\0
\0
\0[\05\04\09\0/\08\07\04\0]\0 \0C\0o\0m\0p\0i\0l\0i\0n\0g\0 \0C\0 \0o\0b\0j\0e\0c\0t\0 \0d\0r\0i\0v\0e\0r\0s\0/\0l\0i\0b\0t\0m\0p\0_\0r\0t\0e\0_\0n\0e\0t\0_\0m\0l\0x\05\0.\0a\0.\0p\0/\0n\0e\0t\0_\0m\0l\0x\05\0_\0m\0l\0x\05\0_\0d\0e\0v\0x\0.\0c\0.\0o\0b\0j\0
\0
\0[\05\05\00\0/\08\07\04\0]\0 \0C\0o\0m\0p\0i\0l\0i\0n\0g\0 \0C\0 \0o\0b\0j\0e\0c\0t\0 \0d\0r\0i\0v\0e\0r\0s\0/\0l\0i\0b\0t\0m\0p\0_\0r\0t\0e\0_\0n\0e\0t\0_\0m\0l\0x\05\0.\0a\0.\0p\0/\0n\0e\0t\0_\0m\0l\0x\05\0_\0m\0l\0x\05\0_\0f\0l\0o\0w\0_\0g\0e\0n\0e\0v\0e\0.\0c\0.\0o\0b\0j\0
\0
\0[\05\05\01\0/\08\07\04\0]\0 \0C\0o\0m\0p\0i\0l\0i\0n\0g\0 \0C\0 \0o\0b\0j\0e\0c\0t\0 \0d\0r\0i\0v\0e\0r\0s\0/\0l\0i\0b\0t\0m\0p\0_\0r\0t\0e\0_\0n\0e\0t\0_\0m\0l\0x\05\0.\0a\0.\0p\0/\0n\0e\0t\0_\0m\0l\0x\05\0_\0m\0l\0x\05\0_\0t\0x\0_\0m\0p\0w\0.\0c\0.\0o\0b\0j\0
\0
\0[\05\05\02\0/\08\07\04\0]\0 \0C\0o\0m\0p\0i\0l\0i\0n\0g\0 \0C\0 \0o\0b\0j\0e\0c\0t\0 \0d\0r\0i\0v\0e\0r\0s\0/\0l\0i\0b\0t\0m\0p\0_\0r\0t\0e\0_\0n\0e\0t\0_\0m\0l\0x\05\0.\0a\0.\0p\0/\0n\0e\0t\0_\0m\0l\0x\05\0_\0m\0l\0x\05\0_\0t\0x\0_\0t\0x\0p\0p\0.\0c\0.\0o\0b\0j\0
\0
\0[\05\05\03\0/\08\07\04\0]\0 \0C\0o\0m\0p\0i\0l\0i\0n\0g\0 \0C\0 \0o\0b\0j\0e\0c\0t\0 \0d\0r\0i\0v\0e\0r\0s\0/\0l\0i\0b\0t\0m\0p\0_\0r\0t\0e\0_\0n\0e\0t\0_\0m\0l\0x\05\0.\0a\0.\0p\0/\0n\0e\0t\0_\0m\0l\0x\05\0_\0m\0l\0x\05\0_\0t\0x\0_\0e\0m\0p\0w\0.\0c\0.\0o\0b\0j\0
\0
\0[\05\05\04\0/\08\07\04\0]\0 \0C\0o\0m\0p\0i\0l\0i\0n\0g\0 \0C\0 \0o\0b\0j\0e\0c\0t\0 \0d\0r\0i\0v\0e\0r\0s\0/\0l\0i\0b\0t\0m\0p\0_\0r\0t\0e\0_\0n\0e\0t\0_\0m\0l\0x\05\0.\0a\0.\0p\0/\0n\0e\0t\0_\0m\0l\0x\05\0_\0m\0l\0x\05\0_\0t\0x\0_\0n\0o\0m\0p\0w\0.\0c\0.\0o\0b\0j\0
\0
\0[\05\05\05\0/\08\07\04\0]\0 \0C\0o\0m\0p\0i\0l\0i\0n\0g\0 \0C\0 \0o\0b\0j\0e\0c\0t\0 \0d\0r\0i\0v\0e\0r\0s\0/\0l\0i\0b\0r\0t\0e\0_\0n\0e\0t\0_\0i\0a\0v\0f\0_\0b\0a\0s\0e\0_\0l\0i\0b\0.\0a\0.\0p\0/\0n\0e\0t\0_\0i\0n\0t\0e\0l\0_\0i\0c\0e\0_\0b\0a\0s\0e\0_\0i\0c\0e\0_\0f\0d\0i\0r\0.\0c\0.\0o\0b\0j\0
\0
\0n\0i\0n\0j\0a\0:\0 \0b\0u\0i\0l\0d\0 \0s\0t\0o\0p\0p\0e\0d\0:\0 \0s\0u\0b\0c\0o\0m\0m\0a\0n\0d\0 \0f\0a\0i\0l\0e\0d\0.\0
\0
\0I\0N\0F\0O\0:\0 \0a\0u\0t\0o\0d\0e\0t\0e\0c\0t\0i\0n\0g\0 \0b\0a\0c\0k\0e\0n\0d\0 \0a\0s\0 \0n\0i\0n\0j\0a\0
\0
\0I\0N\0F\0O\0:\0 \0c\0a\0l\0c\0u\0l\0a\0t\0i\0n\0g\0 \0b\0a\0c\0k\0e\0n\0d\0 \0c\0o\0m\0m\0a\0n\0d\0 \0t\0o\0 \0r\0u\0n\0:\0 \0"\0C\0:\0\\0P\0r\0o\0g\0r\0a\0m\0 \0F\0i\0l\0e\0s\0\\0M\0e\0s\0o\0n\0\\0n\0i\0n\0j\0a\0.\0E\0X\0E\0"\0 \0-\0C\0 \0C\0:\0/\0U\0s\0e\0r\0s\0/\0b\0u\0i\0l\0d\0e\0r\0/\0j\0e\0n\0k\0i\0n\0s\0/\0w\0o\0r\0k\0s\0p\0a\0c\0e\0/\0W\0i\0n\0d\0o\0w\0s\0-\0C\0o\0m\0p\0i\0l\0e\0-\0D\0P\0D\0K\0-\0V\0S\0/\0d\0p\0d\0k\0/\0b\0u\0i\0l\0d\0
\0
\0
==== End log output ====

FreeBSD 14.2
	Kernel: 14.2-RELEASE
	Compiler: clang 18.1.6

Ubuntu 20.04
	Kernel: 4.19
	Compiler: gcc gcc (Ubuntu 9.4.0-1ubuntu1~20.04.2) 9.4.0

Windows Server 2022
	Kernel: 10.0.20348.2031
	Compiler: clang 15.0.7, gcc 14.1.0 (MinGW), and MSVC VS 19.39.33521

To view detailed results, visit:
https://lab.dpdk.org/results/dashboard/patchsets/34240/

UNH-IOL DPDK Community Lab

To manage your email subscriptions, visit: 
https://lab.dpdk.org/results/dashboard/preferences/subscriptions/

^ permalink raw reply	[flat|nested] 20+ messages in thread

* |SUCCESS| pw157352 [PATCH] [v1] net/mlx5: fix age checking crash
       [not found] <20251009022847.100823-1-rongweil@nvidia.com>
                   ` (10 preceding siblings ...)
  2025-10-09  3:27 ` |FAILURE| pw157352 [PATCH] [v1] " dpdklab
@ 2025-10-09  3:28 ` dpdklab
  2025-10-09  3:28 ` dpdklab
                   ` (7 subsequent siblings)
  19 siblings, 0 replies; 20+ messages in thread
From: dpdklab @ 2025-10-09  3:28 UTC (permalink / raw)
  To: Test Report; +Cc: dpdk-test-reports

Test-Label: iol-intel-Performance
Test-Status: SUCCESS
http://dpdk.org/patch/157352

_Performance Testing PASS_

Submitter: Rongwei Liu <rongweil@nvidia.com>
Date: Thursday, October 09 2025 02:28:46 
DPDK git baseline: Repo:dpdk-next-net-mlx
  Branch: master
  CommitID:2374f33e1d964e100895fd294966380c46f0886d

157352 --> performance testing pass

Upstream job id: Template-DTS-Pipeline#248535

Test environment and result as below:

Ubuntu 22.04
Kernel: 5.15
Compiler: gcc gcc (Ubuntu 11.4.0-1ubuntu1~22.04.2) 11.4.0
NIC: Intel E810 100000 Mbps
Fail/Total: 0/2

Detail performance results: 
+------------+---------+----------+-------------+------------------------------+
| frame_size | txd/rxd | num_cpus | num_threads |  throughput difference from  |
|            |         |          |             |           expected           |
+============+=========+==========+=============+==============================+
| 64         | 512     | 1        | 1           | -0.6%                        |
+------------+---------+----------+-------------+------------------------------+
| 64         | 2048    | 1        | 1           | 0.5%                         |
+------------+---------+----------+-------------+------------------------------+

Ubuntu 20.04
Kernel: 5.4
Compiler: gcc gcc (Ubuntu 9.4.0-1ubuntu1~20.04.1) 9.4.0
NIC: Intel Corporation Ethernet Converged Network Adapter XL710-QDA2 40000 Mbps
Fail/Total: 0/4

Detail performance results: 
+----------+-------------+---------+------------+------------------------------+
| num_cpus | num_threads | txd/rxd | frame_size |  throughput difference from  |
|          |             |         |            |           expected           |
+==========+=============+=========+============+==============================+
| 1        | 2           | 512     | 64         | 0.8%                         |
+----------+-------------+---------+------------+------------------------------+
| 1        | 2           | 2048    | 64         | -0.2%                        |
+----------+-------------+---------+------------+------------------------------+
| 1        | 1           | 512     | 64         | -1.6%                        |
+----------+-------------+---------+------------+------------------------------+
| 1        | 1           | 2048    | 64         | -7.2%                        |
+----------+-------------+---------+------------+------------------------------+

Ubuntu 24.04
Kernel: 6.8
Compiler: gcc gcc (Ubuntu 13.3.0-6ubuntu2~24.04) 13.3.0
NIC: Intel E810 (Arm Grace Server) 100000 Mbps
Fail/Total: 0/2

Detail performance results: 
+------------+---------+----------+-------------+------------------------------+
| frame_size | txd/rxd | num_cpus | num_threads |  throughput difference from  |
|            |         |          |             |           expected           |
+============+=========+==========+=============+==============================+
| 64         | 512     | 1        | 1           | -0.3%                        |
+------------+---------+----------+-------------+------------------------------+
| 64         | 2048    | 1        | 1           | -0.4%                        |
+------------+---------+----------+-------------+------------------------------+

To view detailed results, visit:
https://lab.dpdk.org/results/dashboard/patchsets/34240/

UNH-IOL DPDK Community Lab

To manage your email subscriptions, visit: 
https://lab.dpdk.org/results/dashboard/preferences/subscriptions/

^ permalink raw reply	[flat|nested] 20+ messages in thread

* |SUCCESS| pw157352 [PATCH] [v1] net/mlx5: fix age checking crash
       [not found] <20251009022847.100823-1-rongweil@nvidia.com>
                   ` (11 preceding siblings ...)
  2025-10-09  3:28 ` |SUCCESS| " dpdklab
@ 2025-10-09  3:28 ` dpdklab
  2025-10-09  3:31 ` dpdklab
                   ` (6 subsequent siblings)
  19 siblings, 0 replies; 20+ messages in thread
From: dpdklab @ 2025-10-09  3:28 UTC (permalink / raw)
  To: Test Report; +Cc: dpdk-test-reports

Test-Label: iol-intel-Functional
Test-Status: SUCCESS
http://dpdk.org/patch/157352

_Functional Testing PASS_

Submitter: Rongwei Liu <rongweil@nvidia.com>
Date: Thursday, October 09 2025 02:28:46 
DPDK git baseline: Repo:dpdk-next-net-mlx
  Branch: master
  CommitID:2374f33e1d964e100895fd294966380c46f0886d

157352 --> functional testing pass

Upstream job id: Template-DTS-Pipeline#248539

Test environment and result as below:

Ubuntu 24.04 LTS
Kernel: 6.8.0-44-generic
Compiler: gcc 13.2.0
NIC: Intel Corporation Ethernet Controller XL710 for 40GbE QSFP+ 40 Mbps

Aggregate Results by Test Suite
+--------------------+--------+
|     Test Suite     | Result |
+====================+========+
| blocklist          |  PASS  |
+--------------------+--------+
| promisc_support    |  PASS  |
+--------------------+--------+
| uni_pkt            |  PASS  |
+--------------------+--------+
| dynamic_config     |  PASS  |
+--------------------+--------+
| dynamic_queue_conf |  PASS  |
+--------------------+--------+
| hello_world        |  PASS  |
+--------------------+--------+
| l2fwd              |  PASS  |
+--------------------+--------+
| softnic            |  PASS  |
+--------------------+--------+
| vlan               |  PASS  |
+--------------------+--------+


Ubuntu 24.04
Kernel: 6.8
Compiler: gcc gcc (Ubuntu 13.3.0-6ubuntu2~24.04) 13.3.0
NIC: Intel Corporation 4xxx Series QAT 0 Mbps

Aggregate Results by Test Suite
+----------------------------+--------+
|         Test Suite         | Result |
+============================+========+
| crypto_perf_cryptodev_perf |  PASS  |
+----------------------------+--------+


Ubuntu 20.04
Kernel: 5.4
Compiler: gcc gcc (Ubuntu 9.4.0-1ubuntu1~20.04.1) 9.4.0
NIC: Intel Corporation Ethernet Converged Network Adapter XL710-QDA2 40000 Mbps

Aggregate Results by Test Suite
+-----------------------------+--------+
|         Test Suite          | Result |
+=============================+========+
| unit_tests_mbuf             |  PASS  |
+-----------------------------+--------+
| vhost_virtio_user_interrupt |  PASS  |
+-----------------------------+--------+
| virtio_smoke                |  PASS  |
+-----------------------------+--------+


To view detailed results, visit:
https://lab.dpdk.org/results/dashboard/patchsets/34240/

UNH-IOL DPDK Community Lab

To manage your email subscriptions, visit: 
https://lab.dpdk.org/results/dashboard/preferences/subscriptions/

^ permalink raw reply	[flat|nested] 20+ messages in thread

* |SUCCESS| pw157352 [PATCH] [v1] net/mlx5: fix age checking crash
       [not found] <20251009022847.100823-1-rongweil@nvidia.com>
                   ` (12 preceding siblings ...)
  2025-10-09  3:28 ` dpdklab
@ 2025-10-09  3:31 ` dpdklab
  2025-10-09  3:31 ` |PENDING| " dpdklab
                   ` (5 subsequent siblings)
  19 siblings, 0 replies; 20+ messages in thread
From: dpdklab @ 2025-10-09  3:31 UTC (permalink / raw)
  To: Test Report; +Cc: dpdk-test-reports

Test-Label: iol-broadcom-Performance
Test-Status: SUCCESS
http://dpdk.org/patch/157352

_Performance Testing PASS_

Submitter: Rongwei Liu <rongweil@nvidia.com>
Date: Thursday, October 09 2025 02:28:46 
DPDK git baseline: Repo:dpdk-next-net-mlx
  Branch: master
  CommitID:2374f33e1d964e100895fd294966380c46f0886d

157352 --> performance testing pass

Upstream job id: Template-DTS-Pipeline#248537

Test environment and result as below:

Ubuntu 22.04
Kernel: 5.15
Compiler: gcc gcc (Ubuntu 11.4.0-1ubuntu1~22.04) 11.4.0
NIC: Broadcom Inc. and subsidiaries BCM57414 NetXtreme-E 10Gb/25Gb RDMA Ethernet Controller 16d7 25 Mbps
Fail/Total: 0/3

Detail performance results: 
+------------+---------+----------+-------------+------------------------------+
| frame_size | txd/rxd | num_cpus | num_threads |  throughput difference from  |
|            |         |          |             |           expected           |
+============+=========+==========+=============+==============================+
| 64         | 128     | 1        | 1           | 0.8%                         |
+------------+---------+----------+-------------+------------------------------+
| 64         | 512     | 1        | 1           | -1.3%                        |
+------------+---------+----------+-------------+------------------------------+
| 64         | 2048    | 1        | 1           | 0.2%                         |
+------------+---------+----------+-------------+------------------------------+

Ubuntu 22.04
Kernel: 5.15
Compiler: gcc gcc (Ubuntu 11.4.0-1ubuntu1~22.04.2) 11.4.0
NIC: Arm Broadcom Inc. brcm_57414 25000 Mbps
Fail/Total: 0/2

Detail performance results: 
+------------+---------+----------+-------------+------------------------------+
| frame_size | txd/rxd | num_cpus | num_threads |  throughput difference from  |
|            |         |          |             |           expected           |
+============+=========+==========+=============+==============================+
| 64         | 512     | 1        | 1           | -1.1%                        |
+------------+---------+----------+-------------+------------------------------+
| 64         | 2048    | 1        | 1           | -0.7%                        |
+------------+---------+----------+-------------+------------------------------+

To view detailed results, visit:
https://lab.dpdk.org/results/dashboard/patchsets/34240/

UNH-IOL DPDK Community Lab

To manage your email subscriptions, visit: 
https://lab.dpdk.org/results/dashboard/preferences/subscriptions/

^ permalink raw reply	[flat|nested] 20+ messages in thread

* |PENDING| pw157352 [PATCH] [v1] net/mlx5: fix age checking crash
       [not found] <20251009022847.100823-1-rongweil@nvidia.com>
                   ` (13 preceding siblings ...)
  2025-10-09  3:31 ` dpdklab
@ 2025-10-09  3:31 ` dpdklab
  2025-10-09  3:38 ` dpdklab
                   ` (4 subsequent siblings)
  19 siblings, 0 replies; 20+ messages in thread
From: dpdklab @ 2025-10-09  3:31 UTC (permalink / raw)
  To: Test Report; +Cc: dpdk-test-reports

Test-Label: iol-unit-arm64-testing
Test-Status: PENDING
http://dpdk.org/patch/157352

_Testing pending_

Submitter: Rongwei Liu <rongweil@nvidia.com>
Date: Thursday, October 09 2025 02:28:46 
DPDK git baseline: Repo:dpdk-next-net-mlx
  Branch: master
  CommitID:2374f33e1d964e100895fd294966380c46f0886d

157352 --> testing pending

Upstream job id: Aarch32-Unit-Test#7781

Test environment and result as below:

+------------------------------+------------------------------+--------------+---------------------------+----------------+
|         Environment          | cryptodev_sw_snow3g_autotest | lpm_autotest | cryptodev_sw_zuc_autotest | dpdk_unit_test |
+==============================+==============================+==============+===========================+================+
| Debian 12 (arm)              | PEND                         | SKIPPED      | PEND                      | SKIPPED        |
+------------------------------+------------------------------+--------------+---------------------------+----------------+
| Ubuntu 20.04                 | SKIPPED                      | PEND         | SKIPPED                   | PEND           |
+------------------------------+------------------------------+--------------+---------------------------+----------------+
| Ubuntu 24.04                 | SKIPPED                      | SKIPPED      | SKIPPED                   | PEND           |
+------------------------------+------------------------------+--------------+---------------------------+----------------+
| Fedora Linux 41              | SKIPPED                      | SKIPPED      | SKIPPED                   | PEND           |
+------------------------------+------------------------------+--------------+---------------------------+----------------+
| Ubuntu 22.04                 | SKIPPED                      | SKIPPED      | SKIPPED                   | PASS           |
+------------------------------+------------------------------+--------------+---------------------------+----------------+
| CentOS Stream 10             | SKIPPED                      | SKIPPED      | SKIPPED                   | PEND           |
+------------------------------+------------------------------+--------------+---------------------------+----------------+
| Fedora Linux 42              | SKIPPED                      | SKIPPED      | SKIPPED                   | PEND           |
+------------------------------+------------------------------+--------------+---------------------------+----------------+
| CentOS Stream 9              | SKIPPED                      | SKIPPED      | SKIPPED                   | PEND           |
+------------------------------+------------------------------+--------------+---------------------------+----------------+
| Fedora Linux 40              | SKIPPED                      | SKIPPED      | SKIPPED                   | PEND           |
+------------------------------+------------------------------+--------------+---------------------------+----------------+
| Debian GNU/Linux 12          | SKIPPED                      | SKIPPED      | SKIPPED                   | PEND           |
+------------------------------+------------------------------+--------------+---------------------------+----------------+
| Red Hat Enterprise Linux 9.5 | SKIPPED                      | SKIPPED      | SKIPPED                   | PEND           |
+------------------------------+------------------------------+--------------+---------------------------+----------------+


Debian 12 (arm)
	Kernel: Depends on container host
	Compiler: gcc (Debian 12.2.0-14) 12.2.0

Ubuntu 20.04
	Kernel: 5.4
	Compiler: gcc gcc (Ubuntu 9.4.0-1ubuntu1~20.04.2) 9.4.0

Ubuntu 24.04
	Kernel: 5.4
	Compiler: gcc gcc (Ubuntu 13.3.0-6ubuntu2~24.04) 13.3.0

Fedora Linux 41
	Kernel: 5.4
	Compiler: gcc gcc (GCC) 14.3.1 20250523 (Red Hat 14.3.1-1)

Ubuntu 22.04
	Kernel: 5.4
	Compiler: gcc gcc (Ubuntu 11.4.0-1ubuntu1~22.04) 11.4.0

CentOS Stream 10
	Kernel: 5.4
	Compiler: gcc gcc (GCC) 14.2.1 20250110 (Red Hat 14.2.1-8)

Fedora Linux 42
	Kernel: 5.4
	Compiler: clang gcc (GCC) 15.2.1 20250808 (Red Hat 15.2.1-1)

CentOS Stream 9
	Kernel: 5.4
	Compiler: gcc gcc (GCC) 11.5.0 20240719 (Red Hat 11.5.0-11)

Fedora Linux 40
	Kernel: 5.4
	Compiler: gcc gcc (GCC) 14.2.1 20240912 (Red Hat 14.2.1-3)

Debian GNU/Linux 12
	Kernel: 5.4
	Compiler: gcc gcc (Debian 12.2.0-14+deb12u1) 12.2.0

Red Hat Enterprise Linux 9.5
	Kernel: 5.4
	Compiler: gcc gcc (GCC) 11.5.0 20240719 (Red Hat 11.5.0-2)

To view detailed results, visit:
https://lab.dpdk.org/results/dashboard/patchsets/34240/

UNH-IOL DPDK Community Lab

To manage your email subscriptions, visit: 
https://lab.dpdk.org/results/dashboard/preferences/subscriptions/

^ permalink raw reply	[flat|nested] 20+ messages in thread

* |PENDING| pw157352 [PATCH] [v1] net/mlx5: fix age checking crash
       [not found] <20251009022847.100823-1-rongweil@nvidia.com>
                   ` (14 preceding siblings ...)
  2025-10-09  3:31 ` |PENDING| " dpdklab
@ 2025-10-09  3:38 ` dpdklab
  2025-10-09  3:40 ` |FAILURE| " dpdklab
                   ` (3 subsequent siblings)
  19 siblings, 0 replies; 20+ messages in thread
From: dpdklab @ 2025-10-09  3:38 UTC (permalink / raw)
  To: Test Report; +Cc: dpdk-test-reports

Test-Label: iol-unit-amd64-testing
Test-Status: PENDING
http://dpdk.org/patch/157352

_Testing pending_

Submitter: Rongwei Liu <rongweil@nvidia.com>
Date: Thursday, October 09 2025 02:28:46 
DPDK git baseline: Repo:dpdk-next-net-mlx
  Branch: master
  CommitID:2374f33e1d964e100895fd294966380c46f0886d

157352 --> testing pending

Upstream job id: Generic-VM-Unit-Test-DPDK#31674

Test environment and result as below:

+-------------------------------+----------------+
|          Environment          | dpdk_unit_test |
+===============================+================+
| CentOS Stream 10              | PEND           |
+-------------------------------+----------------+
| Debian GNU/Linux 12           | PEND           |
+-------------------------------+----------------+
| Fedora Linux 40               | PEND           |
+-------------------------------+----------------+
| Fedora Linux 41               | PEND           |
+-------------------------------+----------------+
| Fedora Linux 42               | PEND           |
+-------------------------------+----------------+
| Red Hat Enterprise Linux 9.5  | PEND           |
+-------------------------------+----------------+
| CentOS Stream 9               | PEND           |
+-------------------------------+----------------+
| Ubuntu 22.04                  | PEND           |
+-------------------------------+----------------+
| Red Hat Enterprise Linux 8.10 | PEND           |
+-------------------------------+----------------+
| Windows Server 2022           | PASS           |
+-------------------------------+----------------+
| Ubuntu 20.04                  | PEND           |
+-------------------------------+----------------+
| Ubuntu 24.04                  | PEND           |
+-------------------------------+----------------+


CentOS Stream 10
	Kernel: 5.15
	Compiler: gcc gcc (GCC) 14.2.1 20250110 (Red Hat 14.2.1-8)

Debian GNU/Linux 12
	Kernel: 5.15
	Compiler: gcc gcc (Debian 12.2.0-14+deb12u1) 12.2.0

Fedora Linux 40
	Kernel: 5.15
	Compiler: clang gcc (GCC) 14.2.1 20240912 (Red Hat 14.2.1-3)

Fedora Linux 41
	Kernel: 5.15
	Compiler: clang gcc (GCC) 14.3.1 20250523 (Red Hat 14.3.1-1)

Fedora Linux 42
	Kernel: 5.15
	Compiler: clang gcc (GCC) 15.2.1 20250808 (Red Hat 15.2.1-1)

Red Hat Enterprise Linux 9.5
	Kernel: 5.15
	Compiler: gcc gcc (GCC) 11.5.0 20240719 (Red Hat 11.5.0-2)

CentOS Stream 9
	Kernel: 5.15
	Compiler: gcc gcc (GCC) 11.5.0 20240719 (Red Hat 11.5.0-11)

Ubuntu 22.04
	Kernel: 5.15
	Compiler: gcc gcc (Ubuntu 11.4.0-1ubuntu1~22.04) 11.4.0

Red Hat Enterprise Linux 8.10
	Kernel: 5.15
	Compiler: gcc gcc (GCC) 8.5.0 20210514 (Red Hat 8.5.0-22)

Windows Server 2022
	Kernel: 10.0.20348.2031
	Compiler: clang 15.0.7, gcc 14.1.0 (MinGW), and MSVC VS 19.39.33521

Ubuntu 20.04
	Kernel: 5.15
	Compiler: gcc gcc (Ubuntu 9.4.0-1ubuntu1~20.04.2) 9.4.0

Ubuntu 24.04
	Kernel: 5.15
	Compiler: gcc gcc (Ubuntu 13.3.0-6ubuntu2~24.04) 13.3.0

To view detailed results, visit:
https://lab.dpdk.org/results/dashboard/patchsets/34240/

UNH-IOL DPDK Community Lab

To manage your email subscriptions, visit: 
https://lab.dpdk.org/results/dashboard/preferences/subscriptions/

^ permalink raw reply	[flat|nested] 20+ messages in thread

* |FAILURE| pw157352 [PATCH] [v1] net/mlx5: fix age checking crash
       [not found] <20251009022847.100823-1-rongweil@nvidia.com>
                   ` (15 preceding siblings ...)
  2025-10-09  3:38 ` dpdklab
@ 2025-10-09  3:40 ` dpdklab
  2025-10-09  3:50 ` |SUCCESS| " dpdklab
                   ` (2 subsequent siblings)
  19 siblings, 0 replies; 20+ messages in thread
From: dpdklab @ 2025-10-09  3:40 UTC (permalink / raw)
  To: Test Report; +Cc: dpdk-test-reports, Rongwei Liu

Test-Label: iol-compile-amd64-testing
Test-Status: FAILURE
http://dpdk.org/patch/157352

_Testing issues_

Submitter: Rongwei Liu <rongweil@nvidia.com>
Date: Thursday, October 09 2025 02:28:46 
DPDK git baseline: Repo:dpdk-next-net-mlx
  Branch: master
  CommitID:2374f33e1d964e100895fd294966380c46f0886d

157352 --> testing issues

Upstream job id: Windows-Compile-DPDK-Native#31504

Test environment and result as below:

+---------------------+--------------------+-------------------------+-------------------+----------------------+
|     Environment     | dpdk_meson_compile | dpdk_llvm_clang_compile | dpdk_msvc_compile | dpdk_mingw64_compile |
+=====================+====================+=========================+===================+======================+
| FreeBSD 14.2        | PASS               | SKIPPED                 | SKIPPED           | SKIPPED              |
+---------------------+--------------------+-------------------------+-------------------+----------------------+
| Ubuntu 20.04        | PASS               | SKIPPED                 | SKIPPED           | SKIPPED              |
+---------------------+--------------------+-------------------------+-------------------+----------------------+
| Windows Server 2022 | SKIPPED            | PASS                    | FAIL              | PASS                 |
+---------------------+--------------------+-------------------------+-------------------+----------------------+

==== 20 line log output for Windows Server 2022 (dpdk_msvc_compile): ====
\0C\0:\0\\0U\0s\0e\0r\0s\0\\0b\0u\0i\0l\0d\0e\0r\0\\0j\0e\0n\0k\0i\0n\0s\0\\0w\0o\0r\0k\0s\0p\0a\0c\0e\0\\0W\0i\0n\0d\0o\0w\0s\0-\0C\0o\0m\0p\0i\0l\0e\0-\0D\0P\0D\0K\0-\0V\0S\0\\0d\0p\0d\0k\0\\0d\0r\0i\0v\0e\0r\0s\0\\0n\0e\0t\0\\0m\0l\0x\05\0\\0m\0l\0x\05\0_\0h\0w\0s\0_\0c\0n\0t\0.\0h\0(\02\00\08\0)\0:\0 \0e\0r\0r\0o\0r\0 \0C\02\02\02\00\0:\0 \0t\0h\0e\0 \0f\0o\0l\0l\0o\0w\0i\0n\0g\0 \0w\0a\0r\0n\0i\0n\0g\0 \0i\0s\0 \0t\0r\0e\0a\0t\0e\0d\0 \0a\0s\0 \0a\0n\0 \0e\0r\0r\0o\0r\0
\0
\0C\0:\0\\0U\0s\0e\0r\0s\0\\0b\0u\0i\0l\0d\0e\0r\0\\0j\0e\0n\0k\0i\0n\0s\0\\0w\0o\0r\0k\0s\0p\0a\0c\0e\0\\0W\0i\0n\0d\0o\0w\0s\0-\0C\0o\0m\0p\0i\0l\0e\0-\0D\0P\0D\0K\0-\0V\0S\0\\0d\0p\0d\0k\0\\0d\0r\0i\0v\0e\0r\0s\0\\0n\0e\0t\0\\0m\0l\0x\05\0\\0m\0l\0x\05\0_\0h\0w\0s\0_\0c\0n\0t\0.\0h\0(\02\00\08\0)\0:\0 \0w\0a\0r\0n\0i\0n\0g\0 \0C\04\00\01\03\0:\0 \0'\0_\0_\0a\0t\0o\0m\0i\0c\0_\0l\0o\0a\0d\0_\0n\0'\0 \0u\0n\0d\0e\0f\0i\0n\0e\0d\0;\0 \0a\0s\0s\0u\0m\0i\0n\0g\0 \0e\0x\0t\0e\0r\0n\0 \0r\0e\0t\0u\0r\0n\0i\0n\0g\0 \0i\0n\0t\0
\0
\0C\0:\0\\0U\0s\0e\0r\0s\0\\0b\0u\0i\0l\0d\0e\0r\0\\0j\0e\0n\0k\0i\0n\0s\0\\0w\0o\0r\0k\0s\0p\0a\0c\0e\0\\0W\0i\0n\0d\0o\0w\0s\0-\0C\0o\0m\0p\0i\0l\0e\0-\0D\0P\0D\0K\0-\0V\0S\0\\0d\0p\0d\0k\0\\0d\0r\0i\0v\0e\0r\0s\0\\0n\0e\0t\0\\0m\0l\0x\05\0\\0m\0l\0x\05\0_\0h\0w\0s\0_\0c\0n\0t\0.\0h\0(\02\00\08\0)\0:\0 \0e\0r\0r\0o\0r\0 \0C\02\00\06\05\0:\0 \0'\0_\0_\0A\0T\0O\0M\0I\0C\0_\0A\0C\0Q\0U\0I\0R\0E\0'\0:\0 \0u\0n\0d\0e\0c\0l\0a\0r\0e\0d\0 \0i\0d\0e\0n\0t\0i\0f\0i\0e\0r\0
\0
\0C\0:\0\\0U\0s\0e\0r\0s\0\\0b\0u\0i\0l\0d\0e\0r\0\\0j\0e\0n\0k\0i\0n\0s\0\\0w\0o\0r\0k\0s\0p\0a\0c\0e\0\\0W\0i\0n\0d\0o\0w\0s\0-\0C\0o\0m\0p\0i\0l\0e\0-\0D\0P\0D\0K\0-\0V\0S\0\\0d\0p\0d\0k\0\\0d\0r\0i\0v\0e\0r\0s\0\\0n\0e\0t\0\\0m\0l\0x\05\0\\0m\0l\0x\05\0_\0h\0w\0s\0_\0c\0n\0t\0.\0h\0(\02\01\00\0)\0:\0 \0w\0a\0r\0n\0i\0n\0g\0 \0C\04\00\01\03\0:\0 \0'\0_\0_\0a\0t\0o\0m\0i\0c\0_\0s\0t\0o\0r\0e\0_\0n\0'\0 \0u\0n\0d\0e\0f\0i\0n\0e\0d\0;\0 \0a\0s\0s\0u\0m\0i\0n\0g\0 \0e\0x\0t\0e\0r\0n\0 \0r\0e\0t\0u\0r\0n\0i\0n\0g\0 \0i\0n\0t\0
\0
\0C\0:\0\\0U\0s\0e\0r\0s\0\\0b\0u\0i\0l\0d\0e\0r\0\\0j\0e\0n\0k\0i\0n\0s\0\\0w\0o\0r\0k\0s\0p\0a\0c\0e\0\\0W\0i\0n\0d\0o\0w\0s\0-\0C\0o\0m\0p\0i\0l\0e\0-\0D\0P\0D\0K\0-\0V\0S\0\\0d\0p\0d\0k\0\\0d\0r\0i\0v\0e\0r\0s\0\\0n\0e\0t\0\\0m\0l\0x\05\0\\0m\0l\0x\05\0_\0h\0w\0s\0_\0c\0n\0t\0.\0h\0(\02\01\00\0)\0:\0 \0e\0r\0r\0o\0r\0 \0C\02\00\06\05\0:\0 \0'\0_\0_\0A\0T\0O\0M\0I\0C\0_\0R\0E\0L\0E\0A\0S\0E\0'\0:\0 \0u\0n\0d\0e\0c\0l\0a\0r\0e\0d\0 \0i\0d\0e\0n\0t\0i\0f\0i\0e\0r\0
\0
\0C\0:\0\\0U\0s\0e\0r\0s\0\\0b\0u\0i\0l\0d\0e\0r\0\\0j\0e\0n\0k\0i\0n\0s\0\\0w\0o\0r\0k\0s\0p\0a\0c\0e\0\\0W\0i\0n\0d\0o\0w\0s\0-\0C\0o\0m\0p\0i\0l\0e\0-\0D\0P\0D\0K\0-\0V\0S\0\\0d\0p\0d\0k\0\\0d\0r\0i\0v\0e\0r\0s\0\\0n\0e\0t\0\\0m\0l\0x\05\0\\0m\0l\0x\05\0_\0h\0w\0s\0_\0c\0n\0t\0.\0h\0(\02\02\01\0)\0:\0 \0e\0r\0r\0o\0r\0 \0C\02\00\06\05\0:\0 \0'\0_\0_\0A\0T\0O\0M\0I\0C\0_\0R\0E\0L\0A\0X\0E\0D\0'\0:\0 \0u\0n\0d\0e\0c\0l\0a\0r\0e\0d\0 \0i\0d\0e\0n\0t\0i\0f\0i\0e\0r\0
\0
\0C\0:\0\\0U\0s\0e\0r\0s\0\\0b\0u\0i\0l\0d\0e\0r\0\\0j\0e\0n\0k\0i\0n\0s\0\\0w\0o\0r\0k\0s\0p\0a\0c\0e\0\\0W\0i\0n\0d\0o\0w\0s\0-\0C\0o\0m\0p\0i\0l\0e\0-\0D\0P\0D\0K\0-\0V\0S\0\\0d\0p\0d\0k\0\\0d\0r\0i\0v\0e\0r\0s\0\\0n\0e\0t\0\\0m\0l\0x\05\0\\0m\0l\0x\05\0_\0h\0w\0s\0_\0c\0n\0t\0.\0h\0(\02\03\00\0)\0:\0 \0e\0r\0r\0o\0r\0 \0C\02\00\06\05\0:\0 \0'\0_\0_\0A\0T\0O\0M\0I\0C\0_\0A\0C\0Q\0U\0I\0R\0E\0'\0:\0 \0u\0n\0d\0e\0c\0l\0a\0r\0e\0d\0 \0i\0d\0e\0n\0t\0i\0f\0i\0e\0r\0
\0
\0[\05\04\07\0/\08\07\04\0]\0 \0C\0o\0m\0p\0i\0l\0i\0n\0g\0 \0C\0 \0o\0b\0j\0e\0c\0t\0 \0d\0r\0i\0v\0e\0r\0s\0/\0l\0i\0b\0t\0m\0p\0_\0r\0t\0e\0_\0n\0e\0t\0_\0m\0l\0x\05\0.\0a\0.\0p\0/\0n\0e\0t\0_\0m\0l\0x\05\0_\0m\0l\0x\05\0_\0d\0r\0i\0v\0e\0r\0_\0e\0v\0e\0n\0t\0.\0c\0.\0o\0b\0j\0
\0
\0[\05\04\08\0/\08\07\04\0]\0 \0G\0e\0n\0e\0r\0a\0t\0i\0n\0g\0 \0d\0r\0i\0v\0e\0r\0s\0/\0r\0t\0e\0_\0n\0e\0t\0_\0i\0x\0g\0b\0e\0.\0p\0m\0d\0.\0c\0 \0w\0i\0t\0h\0 \0a\0 \0c\0u\0s\0t\0o\0m\0 \0c\0o\0m\0m\0a\0n\0d\0 \0(\0w\0r\0a\0p\0p\0e\0d\0 \0b\0y\0 \0m\0e\0s\0o\0n\0 \0t\0o\0 \0s\0e\0t\0 \0P\0A\0T\0H\0)\0
\0
\0[\05\04\09\0/\08\07\04\0]\0 \0C\0o\0m\0p\0i\0l\0i\0n\0g\0 \0C\0 \0o\0b\0j\0e\0c\0t\0 \0d\0r\0i\0v\0e\0r\0s\0/\0l\0i\0b\0t\0m\0p\0_\0r\0t\0e\0_\0n\0e\0t\0_\0m\0l\0x\05\0.\0a\0.\0p\0/\0n\0e\0t\0_\0m\0l\0x\05\0_\0m\0l\0x\05\0_\0d\0e\0v\0x\0.\0c\0.\0o\0b\0j\0
\0
\0[\05\05\00\0/\08\07\04\0]\0 \0C\0o\0m\0p\0i\0l\0i\0n\0g\0 \0C\0 \0o\0b\0j\0e\0c\0t\0 \0d\0r\0i\0v\0e\0r\0s\0/\0l\0i\0b\0t\0m\0p\0_\0r\0t\0e\0_\0n\0e\0t\0_\0m\0l\0x\05\0.\0a\0.\0p\0/\0n\0e\0t\0_\0m\0l\0x\05\0_\0m\0l\0x\05\0_\0f\0l\0o\0w\0_\0g\0e\0n\0e\0v\0e\0.\0c\0.\0o\0b\0j\0
\0
\0[\05\05\01\0/\08\07\04\0]\0 \0C\0o\0m\0p\0i\0l\0i\0n\0g\0 \0C\0 \0o\0b\0j\0e\0c\0t\0 \0d\0r\0i\0v\0e\0r\0s\0/\0l\0i\0b\0t\0m\0p\0_\0r\0t\0e\0_\0n\0e\0t\0_\0m\0l\0x\05\0.\0a\0.\0p\0/\0n\0e\0t\0_\0m\0l\0x\05\0_\0m\0l\0x\05\0_\0t\0x\0_\0m\0p\0w\0.\0c\0.\0o\0b\0j\0
\0
\0[\05\05\02\0/\08\07\04\0]\0 \0C\0o\0m\0p\0i\0l\0i\0n\0g\0 \0C\0 \0o\0b\0j\0e\0c\0t\0 \0d\0r\0i\0v\0e\0r\0s\0/\0l\0i\0b\0t\0m\0p\0_\0r\0t\0e\0_\0n\0e\0t\0_\0m\0l\0x\05\0.\0a\0.\0p\0/\0n\0e\0t\0_\0m\0l\0x\05\0_\0m\0l\0x\05\0_\0t\0x\0_\0t\0x\0p\0p\0.\0c\0.\0o\0b\0j\0
\0
\0[\05\05\03\0/\08\07\04\0]\0 \0C\0o\0m\0p\0i\0l\0i\0n\0g\0 \0C\0 \0o\0b\0j\0e\0c\0t\0 \0d\0r\0i\0v\0e\0r\0s\0/\0l\0i\0b\0t\0m\0p\0_\0r\0t\0e\0_\0n\0e\0t\0_\0m\0l\0x\05\0.\0a\0.\0p\0/\0n\0e\0t\0_\0m\0l\0x\05\0_\0m\0l\0x\05\0_\0t\0x\0_\0e\0m\0p\0w\0.\0c\0.\0o\0b\0j\0
\0
\0[\05\05\04\0/\08\07\04\0]\0 \0C\0o\0m\0p\0i\0l\0i\0n\0g\0 \0C\0 \0o\0b\0j\0e\0c\0t\0 \0d\0r\0i\0v\0e\0r\0s\0/\0l\0i\0b\0t\0m\0p\0_\0r\0t\0e\0_\0n\0e\0t\0_\0m\0l\0x\05\0.\0a\0.\0p\0/\0n\0e\0t\0_\0m\0l\0x\05\0_\0m\0l\0x\05\0_\0t\0x\0_\0n\0o\0m\0p\0w\0.\0c\0.\0o\0b\0j\0
\0
\0[\05\05\05\0/\08\07\04\0]\0 \0C\0o\0m\0p\0i\0l\0i\0n\0g\0 \0C\0 \0o\0b\0j\0e\0c\0t\0 \0d\0r\0i\0v\0e\0r\0s\0/\0l\0i\0b\0r\0t\0e\0_\0n\0e\0t\0_\0i\0a\0v\0f\0_\0b\0a\0s\0e\0_\0l\0i\0b\0.\0a\0.\0p\0/\0n\0e\0t\0_\0i\0n\0t\0e\0l\0_\0i\0c\0e\0_\0b\0a\0s\0e\0_\0i\0c\0e\0_\0f\0d\0i\0r\0.\0c\0.\0o\0b\0j\0
\0
\0n\0i\0n\0j\0a\0:\0 \0b\0u\0i\0l\0d\0 \0s\0t\0o\0p\0p\0e\0d\0:\0 \0s\0u\0b\0c\0o\0m\0m\0a\0n\0d\0 \0f\0a\0i\0l\0e\0d\0.\0
\0
\0I\0N\0F\0O\0:\0 \0a\0u\0t\0o\0d\0e\0t\0e\0c\0t\0i\0n\0g\0 \0b\0a\0c\0k\0e\0n\0d\0 \0a\0s\0 \0n\0i\0n\0j\0a\0
\0
\0I\0N\0F\0O\0:\0 \0c\0a\0l\0c\0u\0l\0a\0t\0i\0n\0g\0 \0b\0a\0c\0k\0e\0n\0d\0 \0c\0o\0m\0m\0a\0n\0d\0 \0t\0o\0 \0r\0u\0n\0:\0 \0"\0C\0:\0\\0P\0r\0o\0g\0r\0a\0m\0 \0F\0i\0l\0e\0s\0\\0M\0e\0s\0o\0n\0\\0n\0i\0n\0j\0a\0.\0E\0X\0E\0"\0 \0-\0C\0 \0C\0:\0/\0U\0s\0e\0r\0s\0/\0b\0u\0i\0l\0d\0e\0r\0/\0j\0e\0n\0k\0i\0n\0s\0/\0w\0o\0r\0k\0s\0p\0a\0c\0e\0/\0W\0i\0n\0d\0o\0w\0s\0-\0C\0o\0m\0p\0i\0l\0e\0-\0D\0P\0D\0K\0-\0V\0S\0/\0d\0p\0d\0k\0/\0b\0u\0i\0l\0d\0
\0
\0
==== End log output ====

FreeBSD 14.2
	Kernel: 14.2-RELEASE
	Compiler: clang 18.1.6

Ubuntu 20.04
	Kernel: 4.19
	Compiler: gcc gcc (Ubuntu 9.4.0-1ubuntu1~20.04.2) 9.4.0

Windows Server 2022
	Kernel: 10.0.20348.2031
	Compiler: clang 15.0.7, gcc 14.1.0 (MinGW), and MSVC VS 19.39.33521

To view detailed results, visit:
https://lab.dpdk.org/results/dashboard/patchsets/34240/

UNH-IOL DPDK Community Lab

To manage your email subscriptions, visit: 
https://lab.dpdk.org/results/dashboard/preferences/subscriptions/

^ permalink raw reply	[flat|nested] 20+ messages in thread

* |SUCCESS| pw157352 [PATCH] [v1] net/mlx5: fix age checking crash
       [not found] <20251009022847.100823-1-rongweil@nvidia.com>
                   ` (16 preceding siblings ...)
  2025-10-09  3:40 ` |FAILURE| " dpdklab
@ 2025-10-09  3:50 ` dpdklab
  2025-10-09  4:34 ` dpdklab
  2025-10-09  5:09 ` dpdklab
  19 siblings, 0 replies; 20+ messages in thread
From: dpdklab @ 2025-10-09  3:50 UTC (permalink / raw)
  To: Test Report; +Cc: dpdk-test-reports

Test-Label: iol-intel-Functional
Test-Status: SUCCESS
http://dpdk.org/patch/157352

_Functional Testing PASS_

Submitter: Rongwei Liu <rongweil@nvidia.com>
Date: Thursday, October 09 2025 02:28:46 
DPDK git baseline: Repo:dpdk-next-net-mlx
  Branch: master
  CommitID:2374f33e1d964e100895fd294966380c46f0886d

157352 --> functional testing pass

Upstream job id: Template-DTS-Pipeline#248541

Test environment and result as below:

Ubuntu 24.04 LTS
Kernel: 6.8.0-44-generic
Compiler: gcc 13.2.0
NIC: Intel Corporation Ethernet Controller XL710 for 40GbE QSFP+ 40 Mbps

Aggregate Results by Test Suite
+--------------------+--------+
|     Test Suite     | Result |
+====================+========+
| blocklist          |  PASS  |
+--------------------+--------+
| promisc_support    |  PASS  |
+--------------------+--------+
| uni_pkt            |  PASS  |
+--------------------+--------+
| dynamic_config     |  PASS  |
+--------------------+--------+
| dynamic_queue_conf |  PASS  |
+--------------------+--------+
| hello_world        |  PASS  |
+--------------------+--------+
| l2fwd              |  PASS  |
+--------------------+--------+
| softnic            |  PASS  |
+--------------------+--------+
| vlan               |  PASS  |
+--------------------+--------+


Ubuntu 24.04
Kernel: 6.8
Compiler: gcc gcc (Ubuntu 13.3.0-6ubuntu2~24.04) 13.3.0
NIC: Intel Corporation 4xxx Series QAT 0 Mbps

Aggregate Results by Test Suite
+----------------------------+--------+
|         Test Suite         | Result |
+============================+========+
| crypto_perf_cryptodev_perf |  PASS  |
+----------------------------+--------+


Ubuntu 22.04
Kernel: 5.15
Compiler: gcc gcc (Ubuntu 11.4.0-1ubuntu1~22.04.2) 11.4.0
NIC: Intel Corporation QAT 8970 0 Mbps

Aggregate Results by Test Suite
+----------------------------+--------+
|         Test Suite         | Result |
+============================+========+
| crypto_perf_cryptodev_perf |  PASS  |
+----------------------------+--------+


Ubuntu 20.04
Kernel: 5.4
Compiler: gcc gcc (Ubuntu 9.4.0-1ubuntu1~20.04.1) 9.4.0
NIC: Intel Corporation Ethernet Converged Network Adapter XL710-QDA2 40000 Mbps

Aggregate Results by Test Suite
+-----------------------------+--------+
|         Test Suite          | Result |
+=============================+========+
| unit_tests_mbuf             |  PASS  |
+-----------------------------+--------+
| vhost_virtio_user_interrupt |  PASS  |
+-----------------------------+--------+
| virtio_smoke                |  PASS  |
+-----------------------------+--------+


To view detailed results, visit:
https://lab.dpdk.org/results/dashboard/patchsets/34240/

UNH-IOL DPDK Community Lab

To manage your email subscriptions, visit: 
https://lab.dpdk.org/results/dashboard/preferences/subscriptions/

^ permalink raw reply	[flat|nested] 20+ messages in thread

* |SUCCESS| pw157352 [PATCH] [v1] net/mlx5: fix age checking crash
       [not found] <20251009022847.100823-1-rongweil@nvidia.com>
                   ` (17 preceding siblings ...)
  2025-10-09  3:50 ` |SUCCESS| " dpdklab
@ 2025-10-09  4:34 ` dpdklab
  2025-10-09  5:09 ` dpdklab
  19 siblings, 0 replies; 20+ messages in thread
From: dpdklab @ 2025-10-09  4:34 UTC (permalink / raw)
  To: Test Report; +Cc: dpdk-test-reports

Test-Label: iol-sample-apps-testing
Test-Status: SUCCESS
http://dpdk.org/patch/157352

_Testing PASS_

Submitter: Rongwei Liu <rongweil@nvidia.com>
Date: Thursday, October 09 2025 02:28:46 
DPDK git baseline: Repo:dpdk-next-net-mlx
  Branch: master
  CommitID:2374f33e1d964e100895fd294966380c46f0886d

157352 --> testing pass

Upstream job id: ACVP-FIPS-testing#11365

Test environment and result as below:

+--------------+----------------------+----------------------+
| Environment  | dpdk_fips_validation | compressdev_zlib_pmd |
+==============+======================+======================+
| Ubuntu 20.04 | PASS                 | SKIPPED              |
+--------------+----------------------+----------------------+
| Ubuntu 22.04 | SKIPPED              | PASS                 |
+--------------+----------------------+----------------------+


Ubuntu 20.04
	Kernel: 5.15
	Compiler: gcc gcc (Ubuntu 9.4.0-1ubuntu1~20.04.2) 9.4.0

Ubuntu 22.04
	Kernel: 5.15
	Compiler: gcc gcc (Ubuntu 11.4.0-1ubuntu1~22.04.2) 11.4.0

To view detailed results, visit:
https://lab.dpdk.org/results/dashboard/patchsets/34240/

UNH-IOL DPDK Community Lab

To manage your email subscriptions, visit: 
https://lab.dpdk.org/results/dashboard/preferences/subscriptions/

^ permalink raw reply	[flat|nested] 20+ messages in thread

* |SUCCESS| pw157352 [PATCH] [v1] net/mlx5: fix age checking crash
       [not found] <20251009022847.100823-1-rongweil@nvidia.com>
                   ` (18 preceding siblings ...)
  2025-10-09  4:34 ` dpdklab
@ 2025-10-09  5:09 ` dpdklab
  19 siblings, 0 replies; 20+ messages in thread
From: dpdklab @ 2025-10-09  5:09 UTC (permalink / raw)
  To: Test Report; +Cc: dpdk-test-reports

Test-Label: iol-unit-amd64-testing
Test-Status: SUCCESS
http://dpdk.org/patch/157352

_Testing PASS_

Submitter: Rongwei Liu <rongweil@nvidia.com>
Date: Thursday, October 09 2025 02:28:46 
DPDK git baseline: Repo:dpdk-next-net-mlx
  Branch: master
  CommitID:2374f33e1d964e100895fd294966380c46f0886d

157352 --> testing pass

Upstream job id: Generic-Unit-Test-DPDK#379733

Test environment and result as below:

+-------------------------------+----------------+
|          Environment          | dpdk_unit_test |
+===============================+================+
| CentOS Stream 10              | PASS           |
+-------------------------------+----------------+
| Debian GNU/Linux 12           | PASS           |
+-------------------------------+----------------+
| Fedora Linux 40               | PASS           |
+-------------------------------+----------------+
| Fedora Linux 41               | PASS           |
+-------------------------------+----------------+
| Fedora Linux 42               | PASS           |
+-------------------------------+----------------+
| Red Hat Enterprise Linux 9.5  | PASS           |
+-------------------------------+----------------+
| CentOS Stream 9               | PASS           |
+-------------------------------+----------------+
| Ubuntu 22.04                  | PASS           |
+-------------------------------+----------------+
| Red Hat Enterprise Linux 8.10 | PASS           |
+-------------------------------+----------------+
| Windows Server 2022           | PASS           |
+-------------------------------+----------------+
| Ubuntu 20.04                  | PASS           |
+-------------------------------+----------------+
| Ubuntu 24.04                  | PASS           |
+-------------------------------+----------------+


CentOS Stream 10
	Kernel: 5.15
	Compiler: gcc gcc (GCC) 14.2.1 20250110 (Red Hat 14.2.1-8)

Debian GNU/Linux 12
	Kernel: 5.15
	Compiler: gcc gcc (Debian 12.2.0-14+deb12u1) 12.2.0

Fedora Linux 40
	Kernel: 5.15
	Compiler: clang gcc (GCC) 14.2.1 20240912 (Red Hat 14.2.1-3)

Fedora Linux 41
	Kernel: 5.15
	Compiler: clang gcc (GCC) 14.3.1 20250523 (Red Hat 14.3.1-1)

Fedora Linux 42
	Kernel: 5.15
	Compiler: clang gcc (GCC) 15.2.1 20250808 (Red Hat 15.2.1-1)

Red Hat Enterprise Linux 9.5
	Kernel: 5.15
	Compiler: gcc gcc (GCC) 11.5.0 20240719 (Red Hat 11.5.0-2)

CentOS Stream 9
	Kernel: 5.15
	Compiler: gcc gcc (GCC) 11.5.0 20240719 (Red Hat 11.5.0-11)

Ubuntu 22.04
	Kernel: 5.15
	Compiler: gcc gcc (Ubuntu 11.4.0-1ubuntu1~22.04) 11.4.0

Red Hat Enterprise Linux 8.10
	Kernel: 5.15
	Compiler: gcc gcc (GCC) 8.5.0 20210514 (Red Hat 8.5.0-22)

Windows Server 2022
	Kernel: 10.0.20348.2031
	Compiler: clang 15.0.7, gcc 14.1.0 (MinGW), and MSVC VS 19.39.33521

Ubuntu 20.04
	Kernel: 5.15
	Compiler: gcc gcc (Ubuntu 9.4.0-1ubuntu1~20.04.2) 9.4.0

Ubuntu 24.04
	Kernel: 5.15
	Compiler: gcc gcc (Ubuntu 13.3.0-6ubuntu2~24.04) 13.3.0

To view detailed results, visit:
https://lab.dpdk.org/results/dashboard/patchsets/34240/

UNH-IOL DPDK Community Lab

To manage your email subscriptions, visit: 
https://lab.dpdk.org/results/dashboard/preferences/subscriptions/

^ permalink raw reply	[flat|nested] 20+ messages in thread

end of thread, other threads:[~2025-10-09  5:09 UTC | newest]

Thread overview: 20+ messages (download: mbox.gz / follow: Atom feed)
-- links below jump to the message on this page --
     [not found] <20251009022847.100823-1-rongweil@nvidia.com>
2025-10-09  2:00 ` |SUCCESS| pw157352 [PATCH v1] net/mlx5: fix age checking crash qemudev
2025-10-09  2:05 ` qemudev
2025-10-09  2:31 ` |WARNING| " checkpatch
2025-10-09  3:06 ` |SUCCESS| pw157352 [PATCH] [v1] " dpdklab
2025-10-09  3:07 ` |PENDING| " dpdklab
2025-10-09  3:10 ` |SUCCESS| " dpdklab
2025-10-09  3:14 ` |PENDING| " dpdklab
2025-10-09  3:23 ` |SUCCESS| " dpdklab
2025-10-09  3:25 ` dpdklab
2025-10-09  3:27 ` |FAILURE| pw157352 [PATCH v1] " 0-day Robot
2025-10-09  3:27 ` |FAILURE| pw157352 [PATCH] [v1] " dpdklab
2025-10-09  3:28 ` |SUCCESS| " dpdklab
2025-10-09  3:28 ` dpdklab
2025-10-09  3:31 ` dpdklab
2025-10-09  3:31 ` |PENDING| " dpdklab
2025-10-09  3:38 ` dpdklab
2025-10-09  3:40 ` |FAILURE| " dpdklab
2025-10-09  3:50 ` |SUCCESS| " dpdklab
2025-10-09  4:34 ` dpdklab
2025-10-09  5:09 ` dpdklab

This is a public inbox, see mirroring instructions
for how to clone and mirror all data and code used for this inbox;
as well as URLs for NNTP newsgroup(s).