From mboxrd@z Thu Jan 1 00:00:00 1970 Return-Path: Received: from mails.dpdk.org (mails.dpdk.org [217.70.189.124]) by inbox.dpdk.org (Postfix) with ESMTP id 7A7FE488EA for ; Thu, 9 Oct 2025 07:57:47 +0200 (CEST) Received: from mails.dpdk.org (localhost [127.0.0.1]) by mails.dpdk.org (Postfix) with ESMTP id 4CA6840277; Thu, 9 Oct 2025 07:57:47 +0200 (CEST) Received: from mail-pl1-f225.google.com (mail-pl1-f225.google.com [209.85.214.225]) by mails.dpdk.org (Postfix) with ESMTP id EFBB540277 for ; Thu, 9 Oct 2025 07:57:45 +0200 (CEST) Received: by mail-pl1-f225.google.com with SMTP id d9443c01a7336-2680cf68265so4333635ad.2 for ; Wed, 08 Oct 2025 22:57:45 -0700 (PDT) DKIM-Signature: v=1; a=rsa-sha256; c=relaxed/relaxed; d=iol.unh.edu; s=unh-iol; t=1759989465; x=1760594265; darn=dpdk.org; h=cc:to:from:subject:message-id:date:from:to:cc:subject:date :message-id:reply-to; bh=ViuOc0h7QNBaspMpgfnWMctmk+hW12Y5MV2bn+0F6bU=; b=R9UCVblrG8vZB4b8bO0Yj5ACC2gMNSJlCLXsT03wDfPDF5xe16pLELtup0FI+aPdrD V1nGbX3sdAw5cWnbCGW5HgQOHC5IhQbDUWXcN8hpYjs3x0ybn1LeL+hQIU7p/L17uWsk a7zwLxirLQdz+CFS+SiBZ/nkbrkWi4gi86JjY= X-Google-DKIM-Signature: v=1; a=rsa-sha256; c=relaxed/relaxed; d=1e100.net; s=20230601; t=1759989465; x=1760594265; h=cc:to:from:subject:message-id:date:x-gm-message-state:from:to:cc :subject:date:message-id:reply-to; bh=ViuOc0h7QNBaspMpgfnWMctmk+hW12Y5MV2bn+0F6bU=; b=iPCgMxzdMj/5/32JA5JI3XowPWtQg/CRIie8FFbbpVgQLBrVlY+8Hf2RiSfKpvTteM 304kfIi/DjUkQ/jH3d+iBHC7+91MRD4wAgrD1ZJG7y0kb/vqwudAyPwrLxBgQXPj8xLS CnUaXLsLlbxpiviPfnXpRtx29HBapeYk2JV6Xabj9r7i672Fgwwt3HuWGEgYi7OjsJzZ f1ZAUatJHYXS0wqnsXroY+WxG9YpLKEici1IFY5pU8RB/QREiqxb2fjtbuDHHbD3HAJL k7L2pZmSTmYi7PKxlTxc3u+zLU997lj5hoQfmAS6k30/43Zt+4SvrE/pVlNvziwjNydT 9yyQ== X-Gm-Message-State: AOJu0YxEIOtB8s60B2sGMKtCm3bHfoudKvD7RyhZjcruEZi76mZkVRFQ L8IuROti8UXNbnYb4oxpS0yG7QzAzlYkNgw3Ye9vJwXuZXmTq0uftXEbRTj8gXLmBp8f9udNvPF V3m4YdKqsKOsg0MciMr/BFt6sNXdgmHErQ3V8 X-Gm-Gg: ASbGnctZzs9vOzG2TPF2gjqgyaBEcgPnXIo4YgM2Q73HmHnb0YxSEELC5gAkfAYvfHe XurgyfaMlUmISCujG66+lO7QWaGgvrRr0+b6qKzY/zBVGvd+hmxgVY9LdDTVY0qsikpK7/PV8YF 1Miv7L9xVXoE68O/OGyouIkyFmfmAJoTnWMnrLcS4tYqct4ZU7BGOdUJ7ZQ/My7DVYuWthyzLXj MRYEAv0C3XHxlwvmSesrAN7GI5Wowe14gteibz2JXcwXKkXyb5K5PJQ5BMFn3EJOuQWxikEN7YQ PERBQ7gYItG2NhkqGNTS9mvEUuuYjzLzWAKfRUx/6BLdVp5knsoLraTdAbktijoqLeP32iF2mSP P1w== X-Google-Smtp-Source: AGHT+IFVVt+ygqU2uev/dduvQT/dp67QaIvToXYCrHgnFsl66oquoISEjV0ox7TT2DJW0srgrhSBiTAzBjCp X-Received: by 2002:a17:902:da85:b0:26a:f69a:4343 with SMTP id d9443c01a7336-29027216513mr73599285ad.4.1759989464917; Wed, 08 Oct 2025 22:57:44 -0700 (PDT) Received: from postal.iol.unh.edu (postal.iol.unh.edu. [132.177.123.84]) by smtp-relay.gmail.com with ESMTPS id d9443c01a7336-29034eed5a1sm1460495ad.47.2025.10.08.22.57.44 (version=TLS1_2 cipher=ECDHE-ECDSA-AES128-GCM-SHA256 bits=128/128); Wed, 08 Oct 2025 22:57:44 -0700 (PDT) X-Relaying-Domain: iol.unh.edu Date: Wed, 08 Oct 2025 22:57:44 -0700 (PDT) Message-ID: <68e74ed8.170a0220.388b9e.80eaSMTPIN_ADDED_MISSING@mx.google.com> Received: from [172.21.0.2] (unknown [172.18.0.240]) by postal.iol.unh.edu (Postfix) with ESMTP id 1564260003EA; Thu, 9 Oct 2025 01:57:44 -0400 (EDT) Subject: |FAILURE| [GIT MASTER] 62f583c49bf67dd4d6733ece14e55fe6839e66d1 From: dpdklab@iol.unh.edu To: Test Report Cc: dpdk-test-reports@iol.unh.edu, Xueming Li , Christian Ehrhardt , Kevin Traynor , Luca Boccassi Content-Type: text/plain X-BeenThere: test-report@dpdk.org X-Mailman-Version: 2.1.29 Precedence: list List-Id: automatic DPDK test reports List-Unsubscribe: , List-Archive: List-Post: List-Help: List-Subscribe: , Errors-To: test-report-bounces@dpdk.org _Testing issues_ Branch: tags/v23.11 62f583c49bf67dd4d6733ece14e55fe6839e66d1 --> testing issues Upstream job id: Generic-Unit-Test-DPDK#379769 Test environment and result as below: +-------------------------------+----------------+ | Environment | dpdk_unit_test | +===============================+================+ | CentOS Stream 9 | PASS | +-------------------------------+----------------+ | CentOS Stream 10 | PASS | +-------------------------------+----------------+ | Debian GNU/Linux 12 | PASS | +-------------------------------+----------------+ | Fedora Linux 40 | PASS | +-------------------------------+----------------+ | Fedora Linux 41 | PASS | +-------------------------------+----------------+ | Fedora Linux 42 | PASS | +-------------------------------+----------------+ | Red Hat Enterprise Linux 8.10 | PASS | +-------------------------------+----------------+ | Ubuntu 20.04 | PASS | +-------------------------------+----------------+ | Windows Server 2022 | FAIL | +-------------------------------+----------------+ | Red Hat Enterprise Linux 9.5 | PASS | +-------------------------------+----------------+ | Ubuntu 22.04 | PASS | +-------------------------------+----------------+ | Ubuntu 24.04 | PASS | +-------------------------------+----------------+ ==== Unit test summary for Windows Server 2022 (dpdk_unit_test): ==== Failed to get the unit test results. Displaying the unit test results is not supported for some environments, such as our aarch32 testing, where meson is not used to run the tests. Download the logs available on our CI site. ==== End log output ==== CentOS Stream 9 Kernel: 5.15 Compiler: gcc gcc (GCC) 11.5.0 20240719 (Red Hat 11.5.0-11) CentOS Stream 10 Kernel: 5.15 Compiler: gcc gcc (GCC) 14.2.1 20250110 (Red Hat 14.2.1-8) Debian GNU/Linux 12 Kernel: 5.15 Compiler: gcc gcc (Debian 12.2.0-14+deb12u1) 12.2.0 Fedora Linux 40 Kernel: 5.15 Compiler: gcc gcc (GCC) 14.2.1 20240912 (Red Hat 14.2.1-3) Fedora Linux 41 Kernel: 5.15 Compiler: gcc gcc (GCC) 14.3.1 20250523 (Red Hat 14.3.1-1) Fedora Linux 42 Kernel: 5.15 Compiler: gcc gcc (GCC) 15.2.1 20250808 (Red Hat 15.2.1-1) Red Hat Enterprise Linux 8.10 Kernel: 5.15 Compiler: gcc gcc (GCC) 8.5.0 20210514 (Red Hat 8.5.0-22) Ubuntu 20.04 Kernel: 5.15 Compiler: gcc gcc (Ubuntu 9.4.0-1ubuntu1~20.04.2) 9.4.0 Windows Server 2022 Kernel: 10.0.20348.2031 Compiler: clang 15.0.7, gcc 14.1.0 (MinGW), and MSVC VS 19.39.33521 Red Hat Enterprise Linux 9.5 Kernel: 5.15 Compiler: gcc gcc (GCC) 11.5.0 20240719 (Red Hat 11.5.0-2) Ubuntu 22.04 Kernel: 5.15 Compiler: gcc gcc (Ubuntu 11.4.0-1ubuntu1~22.04) 11.4.0 Ubuntu 24.04 Kernel: 5.15 Compiler: gcc gcc (Ubuntu 13.3.0-6ubuntu2~24.04) 13.3.0 To view detailed results, visit: https://lab.dpdk.org/results/dashboard/tarballs/35150/ UNH-IOL DPDK Community Lab To manage your email subscriptions, visit: https://lab.dpdk.org/results/dashboard/preferences/subscriptions/