From mboxrd@z Thu Jan 1 00:00:00 1970 Return-Path: Received: from mails.dpdk.org (mails.dpdk.org [217.70.189.124]) by inbox.dpdk.org (Postfix) with ESMTP id D623A488EF for ; Thu, 9 Oct 2025 10:09:07 +0200 (CEST) Received: from mails.dpdk.org (localhost [127.0.0.1]) by mails.dpdk.org (Postfix) with ESMTP id D05CC40277; Thu, 9 Oct 2025 10:09:07 +0200 (CEST) Received: from mail-pj1-f99.google.com (mail-pj1-f99.google.com [209.85.216.99]) by mails.dpdk.org (Postfix) with ESMTP id 3E31C40277 for ; Thu, 9 Oct 2025 10:09:07 +0200 (CEST) Received: by mail-pj1-f99.google.com with SMTP id 98e67ed59e1d1-330b0bb4507so663264a91.3 for ; Thu, 09 Oct 2025 01:09:07 -0700 (PDT) DKIM-Signature: v=1; a=rsa-sha256; c=relaxed/relaxed; d=iol.unh.edu; s=unh-iol; t=1759997346; x=1760602146; darn=dpdk.org; h=references:in-reply-to:cc:to:from:subject:message-id:date:from:to :cc:subject:date:message-id:reply-to; bh=eLiNB1g7ezK/9vQzE4rIP2gCSyvWX6q3V3JD3WixrB8=; b=dAYtBYrYTuAy4CVhAaRQ8gqlTvH7Y+hDDJ1dnv/bdUbVxd6eZe2Rhzfi5slRtl+StX T/OyscqlDjBbE6Da6DpZQ0/ACHw9rGyY5Wv5exFk31wjDBcEIdehZnQ8zyVVdlw7QrBG 2/z4ehUL0atms/AYTJIAbp/Qi8NDShbfCFrlo= X-Google-DKIM-Signature: v=1; a=rsa-sha256; c=relaxed/relaxed; d=1e100.net; s=20230601; t=1759997346; x=1760602146; h=references:in-reply-to:cc:to:from:subject:message-id:date :x-gm-message-state:from:to:cc:subject:date:message-id:reply-to; bh=eLiNB1g7ezK/9vQzE4rIP2gCSyvWX6q3V3JD3WixrB8=; b=TX9miaEMxDIrRYX8LgK52K7/EfdUg8V+Y57C/aAIb62diRqUyMUJSZDX8vMo3Yx47k 0XbjPTTNu/sBFw8/nac/v9sCpp8NrGMhgPPPMt+5TGP0jLPX+D7JSgA20q65doDgtdIX nNQgHDoZnB4bQh9s0LydVYe2PrHKN30n2I7/NpV4jjpYRTMSsnWBf71ysFVS9rNK9pUr UeXG7lCXPwGxsFZQxmHlVt0fgIMujJiog4zzxbf2qJeisSK6cMG7AxyxcNqSLucTOUr4 +pB3sLnWwDvxP+3GOr2Y7Rwxf1uj+t8qxj0NcsoaEkBycyE8w/1WD0Ha4QT8cGsmcZFl jpGw== X-Gm-Message-State: AOJu0YyYuyY589iR1ItXTkQENRf2H719xuxAZu0Z5A+PEPwsp6jhVJa8 zhfZScH5qsXoSVB7lSiJ0JJLvAJNl3QpG8YjobgnwClyIHGMEkA0TFEbR2BvC/lp1ch9aZZKAev GqT6kaWm5gz2ysu8RQRTV5F83oFqNHjPwOiSjRtIfoDR2 X-Gm-Gg: ASbGncvTPYKFyltBkZgXQRtaM3VtzGwe4yt7zZfZtD+Rl5KPrffx0BTAN2vVbPjthi3 gRcuiHyxvp9oOlFOtErNLJUc1kxu9/de1Jfz6US6XqHwxLpsjPrwCTWSw4W+4ZkCwLIpcUkHNDt UUtIirfRDjJC1/OKG0RIVyi/58wjPpzZuM1jYCSVxEC2xrPm7WGSpO1RPcZCIlRoX4Zzug//6fC ZYjl9qUyCo2f7mDoS6iyV16/e2B1rA4lBThiAzlZ9p047XX9kzBZ7+NS+XAd5ShRiDk9fN7+PdT I/kdvWyrtp66NevgFPQ6sn0LFpMj8kjmWpwbzHmr52OBqqR+LZeIOmeyM/Ziplc5heRe+2rcUNB cxg== X-Google-Smtp-Source: AGHT+IFApwi0DVi/vZoa7YtjGqsAQh5hYzIs+fRLXiFGsaHpwwDVpw4+bDSYoPsVh8SucUrgbqT9Wm/7gyyV X-Received: by 2002:a17:90a:e7c7:b0:32d:601d:f718 with SMTP id 98e67ed59e1d1-33b51393502mr8116617a91.31.1759997346284; Thu, 09 Oct 2025 01:09:06 -0700 (PDT) Received: from postal.iol.unh.edu (postal.iol.unh.edu. [132.177.123.84]) by smtp-relay.gmail.com with ESMTPS id 41be03b00d2f7-b6099990a5fsm1186880a12.2.2025.10.09.01.09.06 (version=TLS1_2 cipher=ECDHE-ECDSA-AES128-GCM-SHA256 bits=128/128); Thu, 09 Oct 2025 01:09:06 -0700 (PDT) X-Relaying-Domain: iol.unh.edu Date: Thu, 09 Oct 2025 01:09:06 -0700 (PDT) Message-ID: <68e76da2.630a0220.347a9f.96cdSMTPIN_ADDED_MISSING@mx.google.com> Received: from [172.21.0.2] (unknown [172.18.0.240]) by postal.iol.unh.edu (Postfix) with ESMTP id 765DF6051835; Thu, 9 Oct 2025 04:09:05 -0400 (EDT) Subject: |FAILURE| pw157353 [PATCH] [v2] net/mlx5: fix age checking crash From: dpdklab@iol.unh.edu To: Test Report Cc: dpdk-test-reports@iol.unh.edu, Rongwei Liu In-Reply-To: <20251009062924.138382-1-rongweil@nvidia.com> References: <20251009062924.138382-1-rongweil@nvidia.com> Content-Type: text/plain X-BeenThere: test-report@dpdk.org X-Mailman-Version: 2.1.29 Precedence: list List-Id: automatic DPDK test reports List-Unsubscribe: , List-Archive: List-Post: List-Help: List-Subscribe: , Errors-To: test-report-bounces@dpdk.org Test-Label: iol-compile-amd64-testing Test-Status: FAILURE http://dpdk.org/patch/157353 _Testing issues_ Submitter: Rongwei Liu Date: Thursday, October 09 2025 06:29:24 DPDK git baseline: Repo:dpdk-next-net-mlx Branch: master CommitID:2374f33e1d964e100895fd294966380c46f0886d 157353 --> testing issues Upstream job id: Windows-Compile-DPDK-VS#7146 Test environment and result as below: +---------------------+--------------------+-------------------+-------------------------+ | Environment | dpdk_meson_compile | dpdk_msvc_compile | dpdk_llvm_clang_compile | +=====================+====================+===================+=========================+ | Ubuntu 20.04 | PASS | SKIPPED | SKIPPED | +---------------------+--------------------+-------------------+-------------------------+ | FreeBSD 14.2 | PASS | SKIPPED | SKIPPED | +---------------------+--------------------+-------------------+-------------------------+ | Windows Server 2022 | SKIPPED | FAIL | PEND | +---------------------+--------------------+-------------------+-------------------------+ ==== 20 line log output for Windows Server 2022 (dpdk_msvc_compile): ==== C:\Users\builder\jenkins\workspace\Windows-Compile-DPDK-VS\dpdk\drivers\net\mlx5\mlx5_hws_cnt.h(208): error C2065: '__ATOMIC_ACQUIRE': undeclared identifier C:\Users\builder\jenkins\workspace\Windows-Compile-DPDK-VS\dpdk\drivers\net\mlx5\mlx5_hws_cnt.h(210): warning C4013: '__atomic_store_n' undefined; assuming extern returning int C:\Users\builder\jenkins\workspace\Windows-Compile-DPDK-VS\dpdk\drivers\net\mlx5\mlx5_hws_cnt.h(210): error C2065: '__ATOMIC_RELEASE': undeclared identifier C:\Users\builder\jenkins\workspace\Windows-Compile-DPDK-VS\dpdk\drivers\net\mlx5\mlx5_hws_cnt.h(221): error C2065: '__ATOMIC_RELAXED': undeclared identifier C:\Users\builder\jenkins\workspace\Windows-Compile-DPDK-VS\dpdk\drivers\net\mlx5\mlx5_hws_cnt.h(230): error C2065: '__ATOMIC_ACQUIRE': undeclared identifier C:\Users\builder\jenkins\workspace\Windows-Compile-DPDK-VS\dpdk\drivers\net\mlx5\mlx5_hws_cnt.h(468): error C2065: '__ATOMIC_RELAXED': undeclared identifier C:\Users\builder\jenkins\workspace\Windows-Compile-DPDK-VS\dpdk\drivers\net\mlx5\mlx5_hws_cnt.h(571): error C2065: '__ATOMIC_RELAXED': undeclared identifier [557/874] Compiling C object drivers/libtmp_rte_net_mlx5.a.p/net_mlx5_mlx5_flow_dv.c.obj [558/874] Compiling C object drivers/libtmp_rte_net_mlx5.a.p/net_mlx5_mlx5_ethdev.c.obj [559/874] Compiling C object drivers/libtmp_rte_net_mlx5.a.p/net_mlx5_mlx5_flow_flex.c.obj [560/874] Compiling C object drivers/libtmp_rte_net_mlx5.a.p/net_mlx5_mlx5_flow.c.obj [561/874] Compiling C object drivers/libtmp_rte_net_mlx5.a.p/net_mlx5_mlx5_tx_mpw.c.obj [562/874] Compiling C object drivers/libtmp_rte_net_mlx5.a.p/net_mlx5_mlx5_tx_txpp.c.obj [563/874] Compiling C object drivers/libtmp_rte_net_mlx5.a.p/net_mlx5_mlx5_tx_nompw.c.obj [564/874] Compiling C object drivers/libtmp_rte_net_mlx5.a.p/net_mlx5_mlx5_tx_empw.c.obj [565/874] Compiling C object drivers/librte_net_iavf_base_lib.a.p/net_intel_ice_base_ice_fdir.c.obj ninja: build stopped: subcommand failed. INFO: autodetecting backend as ninja INFO: calculating backend command to run: "C:\Program Files\Meson\ninja.EXE" -C C:/Users/builder/jenkins/workspace/Windows-Compile-DPDK-VS/dpdk/build ==== End log output ==== Ubuntu 20.04 Kernel: 4.19 Compiler: gcc gcc (Ubuntu 9.4.0-1ubuntu1~20.04.2) 9.4.0 FreeBSD 14.2 Kernel: 14.2-RELEASE Compiler: clang 18.1.6 Windows Server 2022 Kernel: 10.0.20348.2031 Compiler: clang 15.0.7, gcc 14.1.0 (MinGW), and MSVC VS 19.39.33521 To view detailed results, visit: https://lab.dpdk.org/results/dashboard/patchsets/34242/ UNH-IOL DPDK Community Lab To manage your email subscriptions, visit: https://lab.dpdk.org/results/dashboard/preferences/subscriptions/