automatic DPDK test reports
 help / color / mirror / Atom feed
From: dpdklab@iol.unh.edu
To: Test Report <test-report@dpdk.org>
Cc: dpdk-test-reports@iol.unh.edu, Rongwei Liu <rongweil@nvidia.com>
Subject: |FAILURE| pw157353 [PATCH] [v2] net/mlx5: fix age checking crash
Date: Thu, 09 Oct 2025 01:22:20 -0700 (PDT)	[thread overview]
Message-ID: <68e770bc.050a0220.46542.8bcdSMTPIN_ADDED_MISSING@mx.google.com> (raw)
In-Reply-To: <20251009062924.138382-1-rongweil@nvidia.com>

Test-Label: iol-compile-amd64-testing
Test-Status: FAILURE
http://dpdk.org/patch/157353

_Testing issues_

Submitter: Rongwei Liu <rongweil@nvidia.com>
Date: Thursday, October 09 2025 06:29:24 
DPDK git baseline: Repo:dpdk-next-net-mlx
  Branch: master
  CommitID:2374f33e1d964e100895fd294966380c46f0886d

157353 --> testing issues

Upstream job id: Windows-Compile-DPDK-Native#31514

Test environment and result as below:

+---------------------+--------------------+-------------------+-------------------------+----------------------+
|     Environment     | dpdk_meson_compile | dpdk_msvc_compile | dpdk_llvm_clang_compile | dpdk_mingw64_compile |
+=====================+====================+===================+=========================+======================+
| Ubuntu 20.04        | PASS               | SKIPPED           | SKIPPED                 | SKIPPED              |
+---------------------+--------------------+-------------------+-------------------------+----------------------+
| FreeBSD 14.2        | PASS               | SKIPPED           | SKIPPED                 | SKIPPED              |
+---------------------+--------------------+-------------------+-------------------------+----------------------+
| Windows Server 2022 | SKIPPED            | FAIL              | PASS                    | PASS                 |
+---------------------+--------------------+-------------------+-------------------------+----------------------+

==== 20 line log output for Windows Server 2022 (dpdk_msvc_compile): ====
\0C\0:\0\\0U\0s\0e\0r\0s\0\\0b\0u\0i\0l\0d\0e\0r\0\\0j\0e\0n\0k\0i\0n\0s\0\\0w\0o\0r\0k\0s\0p\0a\0c\0e\0\\0W\0i\0n\0d\0o\0w\0s\0-\0C\0o\0m\0p\0i\0l\0e\0-\0D\0P\0D\0K\0-\0V\0S\0\\0d\0p\0d\0k\0\\0d\0r\0i\0v\0e\0r\0s\0\\0n\0e\0t\0\\0m\0l\0x\05\0\\0m\0l\0x\05\0_\0h\0w\0s\0_\0c\0n\0t\0.\0h\0(\02\00\08\0)\0:\0 \0e\0r\0r\0o\0r\0 \0C\02\00\06\05\0:\0 \0'\0_\0_\0A\0T\0O\0M\0I\0C\0_\0A\0C\0Q\0U\0I\0R\0E\0'\0:\0 \0u\0n\0d\0e\0c\0l\0a\0r\0e\0d\0 \0i\0d\0e\0n\0t\0i\0f\0i\0e\0r\0
\0
\0C\0:\0\\0U\0s\0e\0r\0s\0\\0b\0u\0i\0l\0d\0e\0r\0\\0j\0e\0n\0k\0i\0n\0s\0\\0w\0o\0r\0k\0s\0p\0a\0c\0e\0\\0W\0i\0n\0d\0o\0w\0s\0-\0C\0o\0m\0p\0i\0l\0e\0-\0D\0P\0D\0K\0-\0V\0S\0\\0d\0p\0d\0k\0\\0d\0r\0i\0v\0e\0r\0s\0\\0n\0e\0t\0\\0m\0l\0x\05\0\\0m\0l\0x\05\0_\0h\0w\0s\0_\0c\0n\0t\0.\0h\0(\02\01\00\0)\0:\0 \0w\0a\0r\0n\0i\0n\0g\0 \0C\04\00\01\03\0:\0 \0'\0_\0_\0a\0t\0o\0m\0i\0c\0_\0s\0t\0o\0r\0e\0_\0n\0'\0 \0u\0n\0d\0e\0f\0i\0n\0e\0d\0;\0 \0a\0s\0s\0u\0m\0i\0n\0g\0 \0e\0x\0t\0e\0r\0n\0 \0r\0e\0t\0u\0r\0n\0i\0n\0g\0 \0i\0n\0t\0
\0
\0C\0:\0\\0U\0s\0e\0r\0s\0\\0b\0u\0i\0l\0d\0e\0r\0\\0j\0e\0n\0k\0i\0n\0s\0\\0w\0o\0r\0k\0s\0p\0a\0c\0e\0\\0W\0i\0n\0d\0o\0w\0s\0-\0C\0o\0m\0p\0i\0l\0e\0-\0D\0P\0D\0K\0-\0V\0S\0\\0d\0p\0d\0k\0\\0d\0r\0i\0v\0e\0r\0s\0\\0n\0e\0t\0\\0m\0l\0x\05\0\\0m\0l\0x\05\0_\0h\0w\0s\0_\0c\0n\0t\0.\0h\0(\02\01\00\0)\0:\0 \0e\0r\0r\0o\0r\0 \0C\02\00\06\05\0:\0 \0'\0_\0_\0A\0T\0O\0M\0I\0C\0_\0R\0E\0L\0E\0A\0S\0E\0'\0:\0 \0u\0n\0d\0e\0c\0l\0a\0r\0e\0d\0 \0i\0d\0e\0n\0t\0i\0f\0i\0e\0r\0
\0
\0C\0:\0\\0U\0s\0e\0r\0s\0\\0b\0u\0i\0l\0d\0e\0r\0\\0j\0e\0n\0k\0i\0n\0s\0\\0w\0o\0r\0k\0s\0p\0a\0c\0e\0\\0W\0i\0n\0d\0o\0w\0s\0-\0C\0o\0m\0p\0i\0l\0e\0-\0D\0P\0D\0K\0-\0V\0S\0\\0d\0p\0d\0k\0\\0d\0r\0i\0v\0e\0r\0s\0\\0n\0e\0t\0\\0m\0l\0x\05\0\\0m\0l\0x\05\0_\0h\0w\0s\0_\0c\0n\0t\0.\0h\0(\02\02\01\0)\0:\0 \0e\0r\0r\0o\0r\0 \0C\02\00\06\05\0:\0 \0'\0_\0_\0A\0T\0O\0M\0I\0C\0_\0R\0E\0L\0A\0X\0E\0D\0'\0:\0 \0u\0n\0d\0e\0c\0l\0a\0r\0e\0d\0 \0i\0d\0e\0n\0t\0i\0f\0i\0e\0r\0
\0
\0C\0:\0\\0U\0s\0e\0r\0s\0\\0b\0u\0i\0l\0d\0e\0r\0\\0j\0e\0n\0k\0i\0n\0s\0\\0w\0o\0r\0k\0s\0p\0a\0c\0e\0\\0W\0i\0n\0d\0o\0w\0s\0-\0C\0o\0m\0p\0i\0l\0e\0-\0D\0P\0D\0K\0-\0V\0S\0\\0d\0p\0d\0k\0\\0d\0r\0i\0v\0e\0r\0s\0\\0n\0e\0t\0\\0m\0l\0x\05\0\\0m\0l\0x\05\0_\0h\0w\0s\0_\0c\0n\0t\0.\0h\0(\02\03\00\0)\0:\0 \0e\0r\0r\0o\0r\0 \0C\02\00\06\05\0:\0 \0'\0_\0_\0A\0T\0O\0M\0I\0C\0_\0A\0C\0Q\0U\0I\0R\0E\0'\0:\0 \0u\0n\0d\0e\0c\0l\0a\0r\0e\0d\0 \0i\0d\0e\0n\0t\0i\0f\0i\0e\0r\0
\0
\0C\0:\0\\0U\0s\0e\0r\0s\0\\0b\0u\0i\0l\0d\0e\0r\0\\0j\0e\0n\0k\0i\0n\0s\0\\0w\0o\0r\0k\0s\0p\0a\0c\0e\0\\0W\0i\0n\0d\0o\0w\0s\0-\0C\0o\0m\0p\0i\0l\0e\0-\0D\0P\0D\0K\0-\0V\0S\0\\0d\0p\0d\0k\0\\0d\0r\0i\0v\0e\0r\0s\0\\0n\0e\0t\0\\0m\0l\0x\05\0\\0m\0l\0x\05\0_\0h\0w\0s\0_\0c\0n\0t\0.\0h\0(\04\06\08\0)\0:\0 \0e\0r\0r\0o\0r\0 \0C\02\00\06\05\0:\0 \0'\0_\0_\0A\0T\0O\0M\0I\0C\0_\0R\0E\0L\0A\0X\0E\0D\0'\0:\0 \0u\0n\0d\0e\0c\0l\0a\0r\0e\0d\0 \0i\0d\0e\0n\0t\0i\0f\0i\0e\0r\0
\0
\0C\0:\0\\0U\0s\0e\0r\0s\0\\0b\0u\0i\0l\0d\0e\0r\0\\0j\0e\0n\0k\0i\0n\0s\0\\0w\0o\0r\0k\0s\0p\0a\0c\0e\0\\0W\0i\0n\0d\0o\0w\0s\0-\0C\0o\0m\0p\0i\0l\0e\0-\0D\0P\0D\0K\0-\0V\0S\0\\0d\0p\0d\0k\0\\0d\0r\0i\0v\0e\0r\0s\0\\0n\0e\0t\0\\0m\0l\0x\05\0\\0m\0l\0x\05\0_\0h\0w\0s\0_\0c\0n\0t\0.\0h\0(\05\07\01\0)\0:\0 \0e\0r\0r\0o\0r\0 \0C\02\00\06\05\0:\0 \0'\0_\0_\0A\0T\0O\0M\0I\0C\0_\0R\0E\0L\0A\0X\0E\0D\0'\0:\0 \0u\0n\0d\0e\0c\0l\0a\0r\0e\0d\0 \0i\0d\0e\0n\0t\0i\0f\0i\0e\0r\0
\0
\0[\05\05\07\0/\08\07\04\0]\0 \0C\0o\0m\0p\0i\0l\0i\0n\0g\0 \0C\0 \0o\0b\0j\0e\0c\0t\0 \0d\0r\0i\0v\0e\0r\0s\0/\0l\0i\0b\0t\0m\0p\0_\0r\0t\0e\0_\0n\0e\0t\0_\0m\0l\0x\05\0.\0a\0.\0p\0/\0n\0e\0t\0_\0m\0l\0x\05\0_\0m\0l\0x\05\0_\0f\0l\0o\0w\0_\0d\0v\0.\0c\0.\0o\0b\0j\0
\0
\0[\05\05\08\0/\08\07\04\0]\0 \0C\0o\0m\0p\0i\0l\0i\0n\0g\0 \0C\0 \0o\0b\0j\0e\0c\0t\0 \0d\0r\0i\0v\0e\0r\0s\0/\0l\0i\0b\0t\0m\0p\0_\0r\0t\0e\0_\0n\0e\0t\0_\0m\0l\0x\05\0.\0a\0.\0p\0/\0n\0e\0t\0_\0m\0l\0x\05\0_\0m\0l\0x\05\0_\0e\0t\0h\0d\0e\0v\0.\0c\0.\0o\0b\0j\0
\0
\0[\05\05\09\0/\08\07\04\0]\0 \0C\0o\0m\0p\0i\0l\0i\0n\0g\0 \0C\0 \0o\0b\0j\0e\0c\0t\0 \0d\0r\0i\0v\0e\0r\0s\0/\0l\0i\0b\0t\0m\0p\0_\0r\0t\0e\0_\0n\0e\0t\0_\0m\0l\0x\05\0.\0a\0.\0p\0/\0n\0e\0t\0_\0m\0l\0x\05\0_\0m\0l\0x\05\0_\0f\0l\0o\0w\0_\0f\0l\0e\0x\0.\0c\0.\0o\0b\0j\0
\0
\0[\05\06\00\0/\08\07\04\0]\0 \0C\0o\0m\0p\0i\0l\0i\0n\0g\0 \0C\0 \0o\0b\0j\0e\0c\0t\0 \0d\0r\0i\0v\0e\0r\0s\0/\0l\0i\0b\0t\0m\0p\0_\0r\0t\0e\0_\0n\0e\0t\0_\0m\0l\0x\05\0.\0a\0.\0p\0/\0n\0e\0t\0_\0m\0l\0x\05\0_\0m\0l\0x\05\0_\0f\0l\0o\0w\0.\0c\0.\0o\0b\0j\0
\0
\0[\05\06\01\0/\08\07\04\0]\0 \0C\0o\0m\0p\0i\0l\0i\0n\0g\0 \0C\0 \0o\0b\0j\0e\0c\0t\0 \0d\0r\0i\0v\0e\0r\0s\0/\0l\0i\0b\0t\0m\0p\0_\0r\0t\0e\0_\0n\0e\0t\0_\0m\0l\0x\05\0.\0a\0.\0p\0/\0n\0e\0t\0_\0m\0l\0x\05\0_\0m\0l\0x\05\0_\0t\0x\0_\0m\0p\0w\0.\0c\0.\0o\0b\0j\0
\0
\0[\05\06\02\0/\08\07\04\0]\0 \0C\0o\0m\0p\0i\0l\0i\0n\0g\0 \0C\0 \0o\0b\0j\0e\0c\0t\0 \0d\0r\0i\0v\0e\0r\0s\0/\0l\0i\0b\0t\0m\0p\0_\0r\0t\0e\0_\0n\0e\0t\0_\0m\0l\0x\05\0.\0a\0.\0p\0/\0n\0e\0t\0_\0m\0l\0x\05\0_\0m\0l\0x\05\0_\0t\0x\0_\0t\0x\0p\0p\0.\0c\0.\0o\0b\0j\0
\0
\0[\05\06\03\0/\08\07\04\0]\0 \0C\0o\0m\0p\0i\0l\0i\0n\0g\0 \0C\0 \0o\0b\0j\0e\0c\0t\0 \0d\0r\0i\0v\0e\0r\0s\0/\0l\0i\0b\0t\0m\0p\0_\0r\0t\0e\0_\0n\0e\0t\0_\0m\0l\0x\05\0.\0a\0.\0p\0/\0n\0e\0t\0_\0m\0l\0x\05\0_\0m\0l\0x\05\0_\0t\0x\0_\0n\0o\0m\0p\0w\0.\0c\0.\0o\0b\0j\0
\0
\0[\05\06\04\0/\08\07\04\0]\0 \0C\0o\0m\0p\0i\0l\0i\0n\0g\0 \0C\0 \0o\0b\0j\0e\0c\0t\0 \0d\0r\0i\0v\0e\0r\0s\0/\0l\0i\0b\0t\0m\0p\0_\0r\0t\0e\0_\0n\0e\0t\0_\0m\0l\0x\05\0.\0a\0.\0p\0/\0n\0e\0t\0_\0m\0l\0x\05\0_\0m\0l\0x\05\0_\0t\0x\0_\0e\0m\0p\0w\0.\0c\0.\0o\0b\0j\0
\0
\0[\05\06\05\0/\08\07\04\0]\0 \0C\0o\0m\0p\0i\0l\0i\0n\0g\0 \0C\0 \0o\0b\0j\0e\0c\0t\0 \0d\0r\0i\0v\0e\0r\0s\0/\0l\0i\0b\0r\0t\0e\0_\0n\0e\0t\0_\0i\0a\0v\0f\0_\0b\0a\0s\0e\0_\0l\0i\0b\0.\0a\0.\0p\0/\0n\0e\0t\0_\0i\0n\0t\0e\0l\0_\0i\0c\0e\0_\0b\0a\0s\0e\0_\0i\0c\0e\0_\0f\0d\0i\0r\0.\0c\0.\0o\0b\0j\0
\0
\0n\0i\0n\0j\0a\0:\0 \0b\0u\0i\0l\0d\0 \0s\0t\0o\0p\0p\0e\0d\0:\0 \0s\0u\0b\0c\0o\0m\0m\0a\0n\0d\0 \0f\0a\0i\0l\0e\0d\0.\0
\0
\0I\0N\0F\0O\0:\0 \0a\0u\0t\0o\0d\0e\0t\0e\0c\0t\0i\0n\0g\0 \0b\0a\0c\0k\0e\0n\0d\0 \0a\0s\0 \0n\0i\0n\0j\0a\0
\0
\0I\0N\0F\0O\0:\0 \0c\0a\0l\0c\0u\0l\0a\0t\0i\0n\0g\0 \0b\0a\0c\0k\0e\0n\0d\0 \0c\0o\0m\0m\0a\0n\0d\0 \0t\0o\0 \0r\0u\0n\0:\0 \0"\0C\0:\0\\0P\0r\0o\0g\0r\0a\0m\0 \0F\0i\0l\0e\0s\0\\0M\0e\0s\0o\0n\0\\0n\0i\0n\0j\0a\0.\0E\0X\0E\0"\0 \0-\0C\0 \0C\0:\0/\0U\0s\0e\0r\0s\0/\0b\0u\0i\0l\0d\0e\0r\0/\0j\0e\0n\0k\0i\0n\0s\0/\0w\0o\0r\0k\0s\0p\0a\0c\0e\0/\0W\0i\0n\0d\0o\0w\0s\0-\0C\0o\0m\0p\0i\0l\0e\0-\0D\0P\0D\0K\0-\0V\0S\0/\0d\0p\0d\0k\0/\0b\0u\0i\0l\0d\0
\0
\0
==== End log output ====

Ubuntu 20.04
	Kernel: 4.19
	Compiler: gcc gcc (Ubuntu 9.4.0-1ubuntu1~20.04.2) 9.4.0

FreeBSD 14.2
	Kernel: 14.2-RELEASE
	Compiler: clang 18.1.6

Windows Server 2022
	Kernel: 10.0.20348.2031
	Compiler: clang 15.0.7, gcc 14.1.0 (MinGW), and MSVC VS 19.39.33521

To view detailed results, visit:
https://lab.dpdk.org/results/dashboard/patchsets/34242/

UNH-IOL DPDK Community Lab

To manage your email subscriptions, visit: 
https://lab.dpdk.org/results/dashboard/preferences/subscriptions/

  parent reply	other threads:[~2025-10-09  8:22 UTC|newest]

Thread overview: 23+ messages / expand[flat|nested]  mbox.gz  Atom feed  top
     [not found] <20251009062924.138382-1-rongweil@nvidia.com>
2025-10-09  6:11 ` |SUCCESS| pw157353 [PATCH v2] " qemudev
2025-10-09  6:16 ` qemudev
2025-10-09  6:32 ` |WARNING| " checkpatch
2025-10-09  7:13 ` |PENDING| pw157353 [PATCH] [v2] " dpdklab
2025-10-09  7:15 ` |SUCCESS| " dpdklab
2025-10-09  7:16 ` dpdklab
2025-10-09  7:20 ` dpdklab
2025-10-09  7:24 ` |PENDING| " dpdklab
2025-10-09  7:34 ` dpdklab
2025-10-09  7:35 ` |FAILURE| pw157353 [PATCH v2] " 0-day Robot
2025-10-09  7:37 ` |PENDING| pw157353 [PATCH] [v2] " dpdklab
2025-10-09  7:44 ` |SUCCESS| " dpdklab
2025-10-09  7:47 ` dpdklab
2025-10-09  7:51 ` dpdklab
2025-10-09  7:51 ` dpdklab
2025-10-09  8:09 ` |FAILURE| " dpdklab
2025-10-09  8:13 ` dpdklab
2025-10-09  8:14 ` |SUCCESS| " dpdklab
2025-10-09  8:21 ` dpdklab
2025-10-09  8:22 ` dpdklab [this message]
2025-10-09  8:26 ` dpdklab
2025-10-09  8:27 ` dpdklab
2025-10-09  8:33 ` dpdklab

Reply instructions:

You may reply publicly to this message via plain-text email
using any one of the following methods:

* Save the following mbox file, import it into your mail client,
  and reply-to-all from there: mbox

  Avoid top-posting and favor interleaved quoting:
  https://en.wikipedia.org/wiki/Posting_style#Interleaved_style

* Reply using the --to, --cc, and --in-reply-to
  switches of git-send-email(1):

  git send-email \
    --in-reply-to=68e770bc.050a0220.46542.8bcdSMTPIN_ADDED_MISSING@mx.google.com \
    --to=dpdklab@iol.unh.edu \
    --cc=dpdk-test-reports@iol.unh.edu \
    --cc=rongweil@nvidia.com \
    --cc=test-report@dpdk.org \
    /path/to/YOUR_REPLY

  https://kernel.org/pub/software/scm/git/docs/git-send-email.html

* If your mail client supports setting the In-Reply-To header
  via mailto: links, try the mailto: link
Be sure your reply has a Subject: header at the top and a blank line before the message body.
This is a public inbox, see mirroring instructions
for how to clone and mirror all data and code used for this inbox;
as well as URLs for NNTP newsgroup(s).