From mboxrd@z Thu Jan 1 00:00:00 1970 Return-Path: Received: from mails.dpdk.org (mails.dpdk.org [217.70.189.124]) by inbox.dpdk.org (Postfix) with ESMTP id 960F8488EF for ; Thu, 9 Oct 2025 10:22:22 +0200 (CEST) Received: from mails.dpdk.org (localhost [127.0.0.1]) by mails.dpdk.org (Postfix) with ESMTP id 909A440277; Thu, 9 Oct 2025 10:22:22 +0200 (CEST) Received: from mail-io1-f97.google.com (mail-io1-f97.google.com [209.85.166.97]) by mails.dpdk.org (Postfix) with ESMTP id 4390740277 for ; Thu, 9 Oct 2025 10:22:21 +0200 (CEST) Received: by mail-io1-f97.google.com with SMTP id ca18e2360f4ac-91122373653so25665539f.1 for ; Thu, 09 Oct 2025 01:22:21 -0700 (PDT) DKIM-Signature: v=1; a=rsa-sha256; c=relaxed/relaxed; d=iol.unh.edu; s=unh-iol; t=1759998140; x=1760602940; darn=dpdk.org; h=references:in-reply-to:cc:to:from:subject:message-id:date:from:to :cc:subject:date:message-id:reply-to; bh=FqMUko0nB4mIkX/E/eBHaeCGiewdcTn7IY2SH9WqoaM=; b=BSRB7rVlQ1phR4ChS+Hb/KjJVyInGHqsS78oiHvHj2yWAdUqzdJpG8ZFe920SqAqPl +qQNY5EvEHa+QpobIUdLMCGQeeL/fYjFkztCObsBYioEcnDwvlGEk/EzK6cAWWL4uknv zY0qEtQ+1YMU+oh+25DLs5Ls5I44I2ndD6EDM= X-Google-DKIM-Signature: v=1; a=rsa-sha256; c=relaxed/relaxed; d=1e100.net; s=20230601; t=1759998140; x=1760602940; h=references:in-reply-to:cc:to:from:subject:message-id:date :x-gm-message-state:from:to:cc:subject:date:message-id:reply-to; bh=FqMUko0nB4mIkX/E/eBHaeCGiewdcTn7IY2SH9WqoaM=; b=em5N7IAyIou7cYBjs0JvLpoS6Yk25qltOuhqo0pU30x9od6j51V7DaBrDxmRiwCcNW R6rfBeA297q/35K8QRKIPzKrMNaaOvnN8WJa8NGXcTtyOyqUBgZ0nTVtO5Xmx7qOdWc2 +94SBZRbRCvNOhYq90SCw0EKrHdPSVqZVMN4PWx4kkcPEBYl06LLxk1qbsvt9ZYoTBW/ 1NJr15BLMyrcFq0F0cbkPhZOPbpC1rh4v9RR3fc3hsVzCA9/6G3+Gwa3fV5kLpQLFD3w V8vbp7DC91vwObsf9poWb4pOCIsqyEf9cailpTbs9C9i0JZOEYXfh8PVtkMvxpeEJFnl Wg9Q== X-Gm-Message-State: AOJu0Yz2ofMwa64zOdlSqgDu1idujCtd3pNijn48+j91wX5m4UCta1nZ Gns0UzeugVpUtFh2uBtHiFX3InuSOL1hO+WBNvUf5S7xr7IOXZA4Q3dDW54cWuHI6qJeWgZVjLY 5+gZxM4WrLvYXt9tILQ/9SzQgyWv51Rzz2GyjXwiF3tUXP0UCiXEOEB+W8xmm X-Gm-Gg: ASbGncvDk4juByq0waez7Fiau3I4njKJOkDn2Z3YgQavfyvpHsOI2slnFZA+s71TQ1z pOdHnsuwt2xoYa/KpJB/cnscmhsSN7wc7c0hQ3WSh/gBgPSdHkEctJbQsw8h+LLyzeft4hZ0GCw RuseFTqnvH34XFM78FsIXGCI/n0CZ8PVYfkMqLd9MxGNAo77CIw+adrvVGsuFhblLqj7/0V/e1E /KGCwos25D0q0jQJqJjc8J/QNe5aZHBUFizjOZzM0PpAJbtoYkiV1ptcWYa3PNpBBGjlmz4wlxS GFtYYwlzI+MxKyMhtuDTeYeOJ7EdgDiZcC4NZAVUusF3ck5RC1ZEsKU= X-Google-Smtp-Source: AGHT+IH1WfPpE1TMbYxWDd/JibxpHn9poFBIq6vTWFYaxT9dMSpmavGKvuwhZBESIkRzpe55Bwusy3728BiI X-Received: by 2002:a05:6e02:1447:b0:427:709a:fc87 with SMTP id e9e14a558f8ab-42f874211ccmr48893525ab.24.1759998140525; Thu, 09 Oct 2025 01:22:20 -0700 (PDT) Received: from postal.iol.unh.edu (postal.iol.unh.edu. [2606:4100:3880:1234::84]) by smtp-relay.gmail.com with ESMTPS id 8926c6da1cb9f-57b5ed65f4esm1670260173.34.2025.10.09.01.22.20 (version=TLS1_2 cipher=ECDHE-ECDSA-AES128-GCM-SHA256 bits=128/128); Thu, 09 Oct 2025 01:22:20 -0700 (PDT) X-Relaying-Domain: iol.unh.edu Date: Thu, 09 Oct 2025 01:22:20 -0700 (PDT) Message-ID: <68e770bc.050a0220.46542.8bcdSMTPIN_ADDED_MISSING@mx.google.com> Received: from [172.21.0.2] (unknown [172.18.0.240]) by postal.iol.unh.edu (Postfix) with ESMTP id 180606051830; Thu, 9 Oct 2025 04:22:20 -0400 (EDT) Subject: |FAILURE| pw157353 [PATCH] [v2] net/mlx5: fix age checking crash From: dpdklab@iol.unh.edu To: Test Report Cc: dpdk-test-reports@iol.unh.edu, Rongwei Liu In-Reply-To: <20251009062924.138382-1-rongweil@nvidia.com> References: <20251009062924.138382-1-rongweil@nvidia.com> Content-Type: text/plain X-BeenThere: test-report@dpdk.org X-Mailman-Version: 2.1.29 Precedence: list List-Id: automatic DPDK test reports List-Unsubscribe: , List-Archive: List-Post: List-Help: List-Subscribe: , Errors-To: test-report-bounces@dpdk.org Test-Label: iol-compile-amd64-testing Test-Status: FAILURE http://dpdk.org/patch/157353 _Testing issues_ Submitter: Rongwei Liu Date: Thursday, October 09 2025 06:29:24 DPDK git baseline: Repo:dpdk-next-net-mlx Branch: master CommitID:2374f33e1d964e100895fd294966380c46f0886d 157353 --> testing issues Upstream job id: Windows-Compile-DPDK-Native#31514 Test environment and result as below: +---------------------+--------------------+-------------------+-------------------------+----------------------+ | Environment | dpdk_meson_compile | dpdk_msvc_compile | dpdk_llvm_clang_compile | dpdk_mingw64_compile | +=====================+====================+===================+=========================+======================+ | Ubuntu 20.04 | PASS | SKIPPED | SKIPPED | SKIPPED | +---------------------+--------------------+-------------------+-------------------------+----------------------+ | FreeBSD 14.2 | PASS | SKIPPED | SKIPPED | SKIPPED | +---------------------+--------------------+-------------------+-------------------------+----------------------+ | Windows Server 2022 | SKIPPED | FAIL | PASS | PASS | +---------------------+--------------------+-------------------+-------------------------+----------------------+ ==== 20 line log output for Windows Server 2022 (dpdk_msvc_compile): ==== C:\Users\builder\jenkins\workspace\Windows-Compile-DPDK-VS\dpdk\drivers\net\mlx5\mlx5_hws_cnt.h(208): error C2065: '__ATOMIC_ACQUIRE': undeclared identifier C:\Users\builder\jenkins\workspace\Windows-Compile-DPDK-VS\dpdk\drivers\net\mlx5\mlx5_hws_cnt.h(210): warning C4013: '__atomic_store_n' undefined; assuming extern returning int C:\Users\builder\jenkins\workspace\Windows-Compile-DPDK-VS\dpdk\drivers\net\mlx5\mlx5_hws_cnt.h(210): error C2065: '__ATOMIC_RELEASE': undeclared identifier C:\Users\builder\jenkins\workspace\Windows-Compile-DPDK-VS\dpdk\drivers\net\mlx5\mlx5_hws_cnt.h(221): error C2065: '__ATOMIC_RELAXED': undeclared identifier C:\Users\builder\jenkins\workspace\Windows-Compile-DPDK-VS\dpdk\drivers\net\mlx5\mlx5_hws_cnt.h(230): error C2065: '__ATOMIC_ACQUIRE': undeclared identifier C:\Users\builder\jenkins\workspace\Windows-Compile-DPDK-VS\dpdk\drivers\net\mlx5\mlx5_hws_cnt.h(468): error C2065: '__ATOMIC_RELAXED': undeclared identifier C:\Users\builder\jenkins\workspace\Windows-Compile-DPDK-VS\dpdk\drivers\net\mlx5\mlx5_hws_cnt.h(571): error C2065: '__ATOMIC_RELAXED': undeclared identifier [557/874] Compiling C object drivers/libtmp_rte_net_mlx5.a.p/net_mlx5_mlx5_flow_dv.c.obj [558/874] Compiling C object drivers/libtmp_rte_net_mlx5.a.p/net_mlx5_mlx5_ethdev.c.obj [559/874] Compiling C object drivers/libtmp_rte_net_mlx5.a.p/net_mlx5_mlx5_flow_flex.c.obj [560/874] Compiling C object drivers/libtmp_rte_net_mlx5.a.p/net_mlx5_mlx5_flow.c.obj [561/874] Compiling C object drivers/libtmp_rte_net_mlx5.a.p/net_mlx5_mlx5_tx_mpw.c.obj [562/874] Compiling C object drivers/libtmp_rte_net_mlx5.a.p/net_mlx5_mlx5_tx_txpp.c.obj [563/874] Compiling C object drivers/libtmp_rte_net_mlx5.a.p/net_mlx5_mlx5_tx_nompw.c.obj [564/874] Compiling C object drivers/libtmp_rte_net_mlx5.a.p/net_mlx5_mlx5_tx_empw.c.obj [565/874] Compiling C object drivers/librte_net_iavf_base_lib.a.p/net_intel_ice_base_ice_fdir.c.obj ninja: build stopped: subcommand failed. INFO: autodetecting backend as ninja INFO: calculating backend command to run: "C:\Program Files\Meson\ninja.EXE" -C C:/Users/builder/jenkins/workspace/Windows-Compile-DPDK-VS/dpdk/build ==== End log output ==== Ubuntu 20.04 Kernel: 4.19 Compiler: gcc gcc (Ubuntu 9.4.0-1ubuntu1~20.04.2) 9.4.0 FreeBSD 14.2 Kernel: 14.2-RELEASE Compiler: clang 18.1.6 Windows Server 2022 Kernel: 10.0.20348.2031 Compiler: clang 15.0.7, gcc 14.1.0 (MinGW), and MSVC VS 19.39.33521 To view detailed results, visit: https://lab.dpdk.org/results/dashboard/patchsets/34242/ UNH-IOL DPDK Community Lab To manage your email subscriptions, visit: https://lab.dpdk.org/results/dashboard/preferences/subscriptions/