From mboxrd@z Thu Jan 1 00:00:00 1970 Return-Path: Received: from mails.dpdk.org (mails.dpdk.org [217.70.189.124]) by inbox.dpdk.org (Postfix) with ESMTP id 02E34488F0 for ; Thu, 9 Oct 2025 12:35:12 +0200 (CEST) Received: from mails.dpdk.org (localhost [127.0.0.1]) by mails.dpdk.org (Postfix) with ESMTP id EFD5940277; Thu, 9 Oct 2025 12:35:11 +0200 (CEST) Received: from mail-oi1-f226.google.com (mail-oi1-f226.google.com [209.85.167.226]) by mails.dpdk.org (Postfix) with ESMTP id 48E7D40277 for ; Thu, 9 Oct 2025 12:35:10 +0200 (CEST) Received: by mail-oi1-f226.google.com with SMTP id 5614622812f47-43f5ec02724so174844b6e.2 for ; Thu, 09 Oct 2025 03:35:10 -0700 (PDT) DKIM-Signature: v=1; a=rsa-sha256; c=relaxed/relaxed; d=iol.unh.edu; s=unh-iol; t=1760006109; x=1760610909; darn=dpdk.org; h=references:in-reply-to:cc:to:from:subject:message-id:date:from:to :cc:subject:date:message-id:reply-to; bh=Uihz012bZhhKiKR2AUGpXvqi1iDOkn8ROJ/3ZipktmM=; b=OScO9K4BAYCaZwxOwHGp7kUgE3UjPcAtaGesqF1zqHG+TqzrfYCIS0iQxy0R72fPch fkwhgUtMnVKHEvFdG/nP0p8hzu0pe9o4gR4O10q+ZgGWWHn3+16/xNSQueBiRsh26+j8 JX7uXnT3qzrZNzPsHuaZWyPPDHi/mZCmeKRSs= X-Google-DKIM-Signature: v=1; a=rsa-sha256; c=relaxed/relaxed; d=1e100.net; s=20230601; t=1760006109; x=1760610909; h=references:in-reply-to:cc:to:from:subject:message-id:date :x-gm-message-state:from:to:cc:subject:date:message-id:reply-to; bh=Uihz012bZhhKiKR2AUGpXvqi1iDOkn8ROJ/3ZipktmM=; b=lY7UxpzVi8k+++dYgfJgiigptoVyxyO8DawrG1daIii9696hhDluSszc6QFgsbzLj9 fqfE/HYKUNz3K6UlwZj56zISvLioPP8+RzbDbtJVnKBGHOE3tVfIfCtJ/pYho8HMrVTc x9mNQuBAYeh7YZh0esuuFLL7+qX2fkbNImRRIBbbbLsQWzjYhdBJrZ1hwdO2/kEIiQQQ L0Pdpl28x/ePclT71ZQkVdzrJVA7Fs4j+Wjq41mtV1B+/MbkDw5ebgVa+z+PRHgMHs/y uq/Xb6vkgZ7mZ8iy00V/UqNKUWlL9I1VJDx4YmSnWU9PZaC8iFkuno6Yuiz7Rib6fPkq dWeQ== X-Gm-Message-State: AOJu0YyDo2/D109jeaGWcNete46qFKnOME4LtuGzYEKmYvp8v2Nug8Ng kg4UzzIWl1PX1IYAU2cKGVERrHXb9oi21uXjMjCXoLlpbMYXsM9a1ojNrvnA72xcDh6e6ZLWuiT 44P87OUHXSQdlTKkPXzFgZnwUgqK1MJBLwfYFZtAG0jmm X-Gm-Gg: ASbGncsIMgCm7xPW+tVotyEek3d6zBPXwN2RdR/wUNA1U29TGZDFVOxGsu2C6C9ITnw qyX8qjuqmSr07cQK3ql1Q7hGV5dJDA8gfEdnkk8xAczdKO6wFkX2vQdGbecWUPfRX2JrTqnXBUc Yp8dxbCqGfBODwtfNGC2GcJQf/VDD7HtsTT+T1U+rvTZacSIXxFc/ZK0nMr71XUvahb52aV2VHO /+4oHCIJ3zXZFNN/xM6+6d+dC+ynLrCU+6WDpp26hCx2cJRGOmNjciHa1BYTFNFcHLLF9HE3M2a GwvTPH08BXsPQQRkQk524ZFXjpPnRMtA3Gq2WtmbFHHyqtEW2lnmdybdvAYM0pCD/FlAKj81bDM hkg== X-Google-Smtp-Source: AGHT+IEX2Kx6Q89L+nhiQr3VZ+aGyW0PButlcrxsW5JKSwwUk4+K9daADL8kdsoDCj3H8s0Pp8L4UQeVAhVD X-Received: by 2002:a05:6808:d4f:b0:43f:4190:bcc1 with SMTP id 5614622812f47-4417b414f97mr3468379b6e.30.1760006109408; Thu, 09 Oct 2025 03:35:09 -0700 (PDT) Received: from postal.iol.unh.edu (postal.iol.unh.edu. [132.177.123.84]) by smtp-relay.gmail.com with ESMTPS id 006d021491bc7-64e18dd8863sm446355eaf.4.2025.10.09.03.35.09 (version=TLS1_2 cipher=ECDHE-ECDSA-AES128-GCM-SHA256 bits=128/128); Thu, 09 Oct 2025 03:35:09 -0700 (PDT) X-Relaying-Domain: iol.unh.edu Date: Thu, 09 Oct 2025 03:35:09 -0700 (PDT) Message-ID: <68e78fdd.050a0220.1d0205.82b8SMTPIN_ADDED_MISSING@mx.google.com> Received: from [172.21.0.2] (unknown [172.18.0.240]) by postal.iol.unh.edu (Postfix) with ESMTP id C51AC6051830; Thu, 9 Oct 2025 06:35:08 -0400 (EDT) Subject: |FAILURE| pw157352 [PATCH] [v1] net/mlx5: fix age checking crash From: dpdklab@iol.unh.edu To: Test Report Cc: dpdk-test-reports@iol.unh.edu, Rongwei Liu In-Reply-To: <20251009022847.100823-1-rongweil@nvidia.com> References: <20251009022847.100823-1-rongweil@nvidia.com> Content-Type: text/plain X-BeenThere: test-report@dpdk.org X-Mailman-Version: 2.1.29 Precedence: list List-Id: automatic DPDK test reports List-Unsubscribe: , List-Archive: List-Post: List-Help: List-Subscribe: , Errors-To: test-report-bounces@dpdk.org Test-Label: iol-compile-amd64-testing Test-Status: FAILURE http://dpdk.org/patch/157352 _Testing issues_ Submitter: Rongwei Liu Date: Thursday, October 09 2025 02:28:46 DPDK git baseline: Repo:dpdk-next-net-mlx Branch: master CommitID:2374f33e1d964e100895fd294966380c46f0886d 157352 --> testing issues Upstream job id: Generic-DPDK-Compile-Meson#432710 Test environment and result as below: +-------------------------------+--------------------+-------------------------+-------------------+----------------------+-------------------+------------------+ | Environment | dpdk_meson_compile | dpdk_llvm_clang_compile | dpdk_msvc_compile | dpdk_mingw64_compile | dpdk_compile_spdk | dpdk_compile_ovs | +===============================+====================+=========================+===================+======================+===================+==================+ | FreeBSD 14.2 | PASS | SKIPPED | SKIPPED | SKIPPED | SKIPPED | SKIPPED | +-------------------------------+--------------------+-------------------------+-------------------+----------------------+-------------------+------------------+ | Ubuntu 20.04 | PASS | SKIPPED | SKIPPED | SKIPPED | SKIPPED | SKIPPED | +-------------------------------+--------------------+-------------------------+-------------------+----------------------+-------------------+------------------+ | CentOS Stream 9 | PASS | SKIPPED | SKIPPED | SKIPPED | PASS | SKIPPED | +-------------------------------+--------------------+-------------------------+-------------------+----------------------+-------------------+------------------+ | CentOS Stream 10 | PASS | SKIPPED | SKIPPED | SKIPPED | SKIPPED | SKIPPED | +-------------------------------+--------------------+-------------------------+-------------------+----------------------+-------------------+------------------+ | Debian GNU/Linux 12 | PASS | SKIPPED | SKIPPED | SKIPPED | PASS | SKIPPED | +-------------------------------+--------------------+-------------------------+-------------------+----------------------+-------------------+------------------+ | Fedora Linux 42 | PASS | SKIPPED | SKIPPED | SKIPPED | PASS | PASS | +-------------------------------+--------------------+-------------------------+-------------------+----------------------+-------------------+------------------+ | openSUSE Leap 15.6 | PASS | SKIPPED | SKIPPED | SKIPPED | SKIPPED | SKIPPED | +-------------------------------+--------------------+-------------------------+-------------------+----------------------+-------------------+------------------+ | Red Hat Enterprise Linux 9.5 | PASS | SKIPPED | SKIPPED | SKIPPED | SKIPPED | SKIPPED | +-------------------------------+--------------------+-------------------------+-------------------+----------------------+-------------------+------------------+ | Red Hat Enterprise Linux 8.10 | PASS | SKIPPED | SKIPPED | SKIPPED | SKIPPED | SKIPPED | +-------------------------------+--------------------+-------------------------+-------------------+----------------------+-------------------+------------------+ | Ubuntu 22.04 | PASS | SKIPPED | SKIPPED | SKIPPED | PASS | SKIPPED | +-------------------------------+--------------------+-------------------------+-------------------+----------------------+-------------------+------------------+ | Ubuntu 24.04 | PASS | SKIPPED | SKIPPED | SKIPPED | PASS | PASS | +-------------------------------+--------------------+-------------------------+-------------------+----------------------+-------------------+------------------+ | Alpine Linux 3.22.0 | PASS | SKIPPED | SKIPPED | SKIPPED | SKIPPED | SKIPPED | +-------------------------------+--------------------+-------------------------+-------------------+----------------------+-------------------+------------------+ | Windows Server 2022 | SKIPPED | PASS | FAIL | PASS | SKIPPED | SKIPPED | +-------------------------------+--------------------+-------------------------+-------------------+----------------------+-------------------+------------------+ ==== 20 line log output for Windows Server 2022 (dpdk_msvc_compile): ==== C:\Users\builder\jenkins\workspace\Windows-Compile-DPDK-VS\dpdk\drivers\net\mlx5\mlx5_hws_cnt.h(208): error C2220: the following warning is treated as an error C:\Users\builder\jenkins\workspace\Windows-Compile-DPDK-VS\dpdk\drivers\net\mlx5\mlx5_hws_cnt.h(208): warning C4013: '__atomic_load_n' undefined; assuming extern returning int C:\Users\builder\jenkins\workspace\Windows-Compile-DPDK-VS\dpdk\drivers\net\mlx5\mlx5_hws_cnt.h(208): error C2065: '__ATOMIC_ACQUIRE': undeclared identifier C:\Users\builder\jenkins\workspace\Windows-Compile-DPDK-VS\dpdk\drivers\net\mlx5\mlx5_hws_cnt.h(210): warning C4013: '__atomic_store_n' undefined; assuming extern returning int C:\Users\builder\jenkins\workspace\Windows-Compile-DPDK-VS\dpdk\drivers\net\mlx5\mlx5_hws_cnt.h(210): error C2065: '__ATOMIC_RELEASE': undeclared identifier C:\Users\builder\jenkins\workspace\Windows-Compile-DPDK-VS\dpdk\drivers\net\mlx5\mlx5_hws_cnt.h(221): error C2065: '__ATOMIC_RELAXED': undeclared identifier C:\Users\builder\jenkins\workspace\Windows-Compile-DPDK-VS\dpdk\drivers\net\mlx5\mlx5_hws_cnt.h(230): error C2065: '__ATOMIC_ACQUIRE': undeclared identifier [547/874] Compiling C object drivers/libtmp_rte_net_mlx5.a.p/net_mlx5_mlx5_driver_event.c.obj [548/874] Generating drivers/rte_net_ixgbe.pmd.c with a custom command (wrapped by meson to set PATH) [549/874] Compiling C object drivers/libtmp_rte_net_mlx5.a.p/net_mlx5_mlx5_devx.c.obj [550/874] Compiling C object drivers/libtmp_rte_net_mlx5.a.p/net_mlx5_mlx5_flow_geneve.c.obj [551/874] Compiling C object drivers/libtmp_rte_net_mlx5.a.p/net_mlx5_mlx5_tx_mpw.c.obj [552/874] Compiling C object drivers/libtmp_rte_net_mlx5.a.p/net_mlx5_mlx5_tx_txpp.c.obj [553/874] Compiling C object drivers/libtmp_rte_net_mlx5.a.p/net_mlx5_mlx5_tx_empw.c.obj [554/874] Compiling C object drivers/libtmp_rte_net_mlx5.a.p/net_mlx5_mlx5_tx_nompw.c.obj [555/874] Compiling C object drivers/librte_net_iavf_base_lib.a.p/net_intel_ice_base_ice_fdir.c.obj ninja: build stopped: subcommand failed. INFO: autodetecting backend as ninja INFO: calculating backend command to run: "C:\Program Files\Meson\ninja.EXE" -C C:/Users/builder/jenkins/workspace/Windows-Compile-DPDK-VS/dpdk/build ==== End log output ==== FreeBSD 14.2 Kernel: 14.2-RELEASE Compiler: clang 18.1.6 Ubuntu 20.04 Kernel: 4.19 Compiler: gcc gcc (Ubuntu 9.4.0-1ubuntu1~20.04.2) 9.4.0 CentOS Stream 9 Kernel: 5.15 Compiler: gcc gcc (GCC) 11.5.0 20240719 (Red Hat 11.5.0-11) CentOS Stream 10 Kernel: 5.15 Compiler: gcc gcc (GCC) 14.2.1 20250110 (Red Hat 14.2.1-8) Debian GNU/Linux 12 Kernel: 5.15 Compiler: gcc gcc (Debian 12.2.0-14+deb12u1) 12.2.0 Fedora Linux 42 Kernel: 5.15 Compiler: clang gcc (GCC) 15.2.1 20250808 (Red Hat 15.2.1-1) openSUSE Leap 15.6 Kernel: 5.15 Compiler: gcc gcc (SUSE Linux) 7.5.0 Red Hat Enterprise Linux 9.5 Kernel: 5.15 Compiler: gcc gcc (GCC) 11.5.0 20240719 (Red Hat 11.5.0-2) Red Hat Enterprise Linux 8.10 Kernel: 5.15 Compiler: gcc gcc (GCC) 8.5.0 20210514 (Red Hat 8.5.0-22) Ubuntu 22.04 Kernel: 5.15 Compiler: gcc gcc (Ubuntu 11.4.0-1ubuntu1~22.04) 11.4.0 Ubuntu 24.04 Kernel: 5.15 Compiler: gcc gcc (Ubuntu 13.3.0-6ubuntu2~24.04) 13.3.0 Alpine Linux 3.22.0 Kernel: 5.15 Compiler: gcc gcc (Alpine 14.2.0) 14.2.0 Windows Server 2022 Kernel: 10.0.20348.2031 Compiler: clang 15.0.7, gcc 14.1.0 (MinGW), and MSVC VS 19.39.33521 To view detailed results, visit: https://lab.dpdk.org/results/dashboard/patchsets/34240/ UNH-IOL DPDK Community Lab To manage your email subscriptions, visit: https://lab.dpdk.org/results/dashboard/preferences/subscriptions/