From mboxrd@z Thu Jan 1 00:00:00 1970 Return-Path: Received: from mails.dpdk.org (mails.dpdk.org [217.70.189.124]) by inbox.dpdk.org (Postfix) with ESMTP id 911EB488F4 for ; Thu, 9 Oct 2025 21:49:47 +0200 (CEST) Received: from mails.dpdk.org (localhost [127.0.0.1]) by mails.dpdk.org (Postfix) with ESMTP id 68EE34027A; Thu, 9 Oct 2025 21:49:47 +0200 (CEST) Received: from mail-qk1-f228.google.com (mail-qk1-f228.google.com [209.85.222.228]) by mails.dpdk.org (Postfix) with ESMTP id 14D334027A for ; Thu, 9 Oct 2025 21:49:46 +0200 (CEST) Received: by mail-qk1-f228.google.com with SMTP id af79cd13be357-859b2ec0556so152156685a.0 for ; Thu, 09 Oct 2025 12:49:45 -0700 (PDT) DKIM-Signature: v=1; a=rsa-sha256; c=relaxed/relaxed; d=iol.unh.edu; s=unh-iol; t=1760039385; x=1760644185; darn=dpdk.org; h=cc:to:from:subject:message-id:date:from:to:cc:subject:date :message-id:reply-to; bh=BXD+J1TmAn42WL/F8bu17oH1n6IbW0NigwgCTQ5eFPI=; b=LSm/vpTotwSWcEfMe4MdUgBs2Gzjr2NKw+yowdkDWsLJg6HsV/QRor8l1SEg+r+6Tp bBdDX9DhRm8QSi+pTqbOjKKRd7ZbZ9fZjkPlSK1lWWACfbHNQ5JSmomsJQa3R0cQQeRA SP8rL/+RPPWQCvTtaTe2q2pibCZ5GxGnEwPqc= X-Google-DKIM-Signature: v=1; a=rsa-sha256; c=relaxed/relaxed; d=1e100.net; s=20230601; t=1760039385; x=1760644185; h=cc:to:from:subject:message-id:date:x-gm-message-state:from:to:cc :subject:date:message-id:reply-to; bh=BXD+J1TmAn42WL/F8bu17oH1n6IbW0NigwgCTQ5eFPI=; b=oE13tPVAmlhjPAlc4DL0ngYVKJJSausfj6SnZMQO+vJL6TzA8HGwihmq2jm6uzo7HR k54NfVXD8v7AixCGmqDmofEftGUQZ0k7K8P+or026mbYgKVGhvAQAx7ZKiYZ0/pSO5cf wpR6VrTHHqx5e2rBLKJ7bbh9YQNP866UGZcP6oB0/queoNvhE18xU8BCUpUsIIhapQhr BnWwx9gSsnrENrVhpAdfN0QE06z6xtQ5ZBZcdzM1rcfMTMSE0SrZUR6VeKNpEywRUqlz bQkdocQAcfxLUetwVIozlq17jAjYzLIxg/fYdz/4TVndRilP+GQbAIg0pzjNiPV50CdY 7Raw== X-Gm-Message-State: AOJu0YxJZ6koHZeCA3iJYmjuPzb5uhNwwfiJdtG3jvKPsbf9A+FkBRMk NetC5Awnp09mT/aYEgPJQKHciBUtaXpkdxaaozomNLUy5n61ATP/OsqVKDnY3gOuuoMBBVrtHyX f46UIg4Qt5cG8DALay5HnVWwonUHqbtW8JCBaBhHvVK861p+fB/oO X-Gm-Gg: ASbGnctqlawjwQ4A4UrtSdJy+0fw86P8n6uRqUYCcVjTCnkm8XzHVNVzXUmLMaOznFo +3Iyj6CT8MHPGq4z1HDYKqOR5dpt3Ar1Ffc9+en9x2D59dnR8LRlpDC8OUG2g0+qu2xY3jL9mRA jtN/NmoXw+Ud7MSfL5iJyl70s6ojyVW3NV6KPsv8vgvIFEWiZRbf2s2AkPnkKKKM2NdmY9Zdex9 j9fgWeh8b3+V9UVu6Pry2WrVwghQ1ZMMGFCE48yjRzTk7+zF9qrEl1HjIAtD8A2RA2URbFmvjBE 1HcE1JRqptJIl72Erkr+2m7TXjaWbB0fpV6rWflPqxjZulSYtL2cdq4= X-Google-Smtp-Source: AGHT+IGMXhf10lxlwmZmwYu8ArlRxD4uYOF4lfCCoeZOeriTucAVacu/H5HNHYC8E3ptQfusKqgT5uech3WO X-Received: by 2002:a05:620a:4802:b0:881:feb8:3e5a with SMTP id af79cd13be357-88350f578bfmr1065596485a.36.1760039385216; Thu, 09 Oct 2025 12:49:45 -0700 (PDT) Received: from postal.iol.unh.edu (postal.iol.unh.edu. [2606:4100:3880:1234::84]) by smtp-relay.gmail.com with ESMTPS id af79cd13be357-8849f7b7f04sm27940085a.1.2025.10.09.12.49.45 (version=TLS1_2 cipher=ECDHE-ECDSA-AES128-GCM-SHA256 bits=128/128); Thu, 09 Oct 2025 12:49:45 -0700 (PDT) X-Relaying-Domain: iol.unh.edu Date: Thu, 09 Oct 2025 12:49:45 -0700 (PDT) Message-ID: <68e811d9.050a0220.2a81b4.ecc9SMTPIN_ADDED_MISSING@mx.google.com> Received: from [172.21.0.2] (unknown [172.18.0.240]) by postal.iol.unh.edu (Postfix) with ESMTP id E6D67604D420; Thu, 9 Oct 2025 15:49:44 -0400 (EDT) Subject: |FAILURE| [GIT MASTER] 62f583c49bf67dd4d6733ece14e55fe6839e66d1 From: dpdklab@iol.unh.edu To: Test Report Cc: dpdk-test-reports@iol.unh.edu, Xueming Li , Christian Ehrhardt , Kevin Traynor , Luca Boccassi Content-Type: text/plain X-BeenThere: test-report@dpdk.org X-Mailman-Version: 2.1.29 Precedence: list List-Id: automatic DPDK test reports List-Unsubscribe: , List-Archive: List-Post: List-Help: List-Subscribe: , Errors-To: test-report-bounces@dpdk.org _Testing issues_ Branch: tags/v23.11 62f583c49bf67dd4d6733ece14e55fe6839e66d1 --> testing issues Upstream job id: Generic-Unit-Test-DPDK#379753 Test environment and result as below: +------------------------------+------------------------------+---------------------------+--------------+----------------+ | Environment | cryptodev_sw_snow3g_autotest | cryptodev_sw_zuc_autotest | lpm_autotest | dpdk_unit_test | +==============================+==============================+===========================+==============+================+ | Debian 12 (arm) | PASS | PASS | SKIPPED | SKIPPED | +------------------------------+------------------------------+---------------------------+--------------+----------------+ | Ubuntu 20.04 | SKIPPED | SKIPPED | PASS | PEND | +------------------------------+------------------------------+---------------------------+--------------+----------------+ | CentOS Stream 9 | SKIPPED | SKIPPED | SKIPPED | PASS | +------------------------------+------------------------------+---------------------------+--------------+----------------+ | Fedora Linux 40 | SKIPPED | SKIPPED | SKIPPED | PEND | +------------------------------+------------------------------+---------------------------+--------------+----------------+ | Debian GNU/Linux 12 | SKIPPED | SKIPPED | SKIPPED | PASS | +------------------------------+------------------------------+---------------------------+--------------+----------------+ | CentOS Stream 10 | SKIPPED | SKIPPED | SKIPPED | PEND | +------------------------------+------------------------------+---------------------------+--------------+----------------+ | Fedora Linux 41 | SKIPPED | SKIPPED | SKIPPED | PEND | +------------------------------+------------------------------+---------------------------+--------------+----------------+ | Fedora Linux 42 | SKIPPED | SKIPPED | SKIPPED | PEND | +------------------------------+------------------------------+---------------------------+--------------+----------------+ | Ubuntu 22.04 | SKIPPED | SKIPPED | SKIPPED | PEND | +------------------------------+------------------------------+---------------------------+--------------+----------------+ | Red Hat Enterprise Linux 9.5 | SKIPPED | SKIPPED | SKIPPED | PEND | +------------------------------+------------------------------+---------------------------+--------------+----------------+ | Ubuntu 24.04 | SKIPPED | SKIPPED | SKIPPED | PEND | +------------------------------+------------------------------+---------------------------+--------------+----------------+ Debian 12 (arm) Kernel: Depends on container host Compiler: gcc (Debian 12.2.0-14) 12.2.0 Ubuntu 20.04 Kernel: 5.4 Compiler: gcc gcc (Ubuntu 9.4.0-1ubuntu1~20.04.2) 9.4.0 CentOS Stream 9 Kernel: 5.4 Compiler: gcc gcc (GCC) 11.5.0 20240719 (Red Hat 11.5.0-11) Fedora Linux 40 Kernel: 5.4 Compiler: gcc gcc (GCC) 14.2.1 20240912 (Red Hat 14.2.1-3) Debian GNU/Linux 12 Kernel: 5.4 Compiler: gcc gcc (Debian 12.2.0-14+deb12u1) 12.2.0 CentOS Stream 10 Kernel: 5.4 Compiler: gcc gcc (GCC) 14.2.1 20250110 (Red Hat 14.2.1-8) Fedora Linux 41 Kernel: 5.4 Compiler: clang gcc (GCC) 14.3.1 20250523 (Red Hat 14.3.1-1) Fedora Linux 42 Kernel: 5.4 Compiler: gcc gcc (GCC) 15.2.1 20250808 (Red Hat 15.2.1-1) Ubuntu 22.04 Kernel: 5.15 Compiler: gcc gcc (Ubuntu 11.4.0-1ubuntu1~22.04.2) 11.4.0 Red Hat Enterprise Linux 9.5 Kernel: 5.4 Compiler: gcc gcc (GCC) 11.5.0 20240719 (Red Hat 11.5.0-2) Ubuntu 24.04 Kernel: 5.4 Compiler: gcc gcc (Ubuntu 13.3.0-6ubuntu2~24.04) 13.3.0 To view detailed results, visit: https://lab.dpdk.org/results/dashboard/tarballs/35150/ UNH-IOL DPDK Community Lab To manage your email subscriptions, visit: https://lab.dpdk.org/results/dashboard/preferences/subscriptions/