From mboxrd@z Thu Jan 1 00:00:00 1970 Return-Path: Received: from mails.dpdk.org (mails.dpdk.org [217.70.189.124]) by inbox.dpdk.org (Postfix) with ESMTP id 92A8E488F5 for ; Fri, 10 Oct 2025 00:44:11 +0200 (CEST) Received: from mails.dpdk.org (localhost [127.0.0.1]) by mails.dpdk.org (Postfix) with ESMTP id 8E23C402A0; Fri, 10 Oct 2025 00:44:11 +0200 (CEST) Received: from mail-yx1-f97.google.com (mail-yx1-f97.google.com [74.125.224.97]) by mails.dpdk.org (Postfix) with ESMTP id E57B0402A0 for ; Fri, 10 Oct 2025 00:44:10 +0200 (CEST) Received: by mail-yx1-f97.google.com with SMTP id 956f58d0204a3-63497c2a27dso1586275d50.1 for ; Thu, 09 Oct 2025 15:44:10 -0700 (PDT) DKIM-Signature: v=1; a=rsa-sha256; c=relaxed/relaxed; d=iol.unh.edu; s=unh-iol; t=1760049850; x=1760654650; darn=dpdk.org; h=cc:to:from:subject:message-id:date:from:to:cc:subject:date :message-id:reply-to; bh=fiMKCWsHAm/YyioBrRjSAeX5Sjx6OhbMqukGX5kai30=; b=eoOYc9ARJUL2d1UyHl8qeuD+a7TjhanqV1pKnSDZk1J5ca9aRDLXaqERI/WE7+CGDj nyeZp2a03DOANUWhlb3v/V/7W85OaUnguYSD09T1+Y+IgOx//DnHqngDsi7phXDvH3Y8 cMAl3JTNsKe2BE7EeP2gWli9tyFkV6zHi7zuU= X-Google-DKIM-Signature: v=1; a=rsa-sha256; c=relaxed/relaxed; d=1e100.net; s=20230601; t=1760049850; x=1760654650; h=cc:to:from:subject:message-id:date:x-gm-message-state:from:to:cc :subject:date:message-id:reply-to; bh=fiMKCWsHAm/YyioBrRjSAeX5Sjx6OhbMqukGX5kai30=; b=X7ztyQ9lHW//kXpNuZSdP/iX0lFRiExWeu94nz6MYsdIco92ysrMQxY+GtGhQrHvPK YYQ7VwWTZXZJSLCMdmuLIpWYf549MlBMXJP74KP8Yl4GXPb+dJ8XiwLBzSNVGgmF6UoB eveQeR/X6fCgQeGA+bynMbaBEzS+QsmmNifvGNNYyk5evuXfOe0B4N/ysCas/SZ4cGXw D/s77RE6dvWY5V1QJTvi2L3mw4oFJk6xjDUIKqQcv6FMUdblvcDM1scuxz2NV1L1N9qQ bo3nGEUcil2Jf+2YWfVaiAaKgvh6N4n6RgXyYo3SmM1FY+zygmJTPCrdIJgGl7farYir VoZA== X-Gm-Message-State: AOJu0YxHK4yciaiKpK/ZLVtvI/61RjjAYSSrfRUfDiVoe5HAlSz+HXC9 f6KqE0edwkQmWrphR3b3GmFBgXMw4PWb68Y+UAapYjCUJzgy5er8MWN0qqMDfH96h3rSakQiptw MJC1OjSJuzcYqVRG1eqXp9U2Sq8Z48yK8GXHqyyFcSXi9Ir97AbpY X-Gm-Gg: ASbGnctiGOrnA2sPPQmfAXSpsZpSq9lsqCjfckUbdjDRTIw8MPnS25dy9pj8xKXPbVe 01EsnNzX0BPBoX9VDR8Ti14yTgIGYs32n5w0YJFLVEmJ6GrBbqhFutVLgHlNxeJebqICyNXlae2 wNbXM/4zDU5zbdc/BpzckbQzz4VPEMQ74RO6E5n5S5OrnsdP/TxEfHmhTXYFqZxEkRX6G0Svry9 TPv0jSgl5KZ4ppptxbV3kizqfiz20MC9tLiDAXClfTGea/0yDDOH95OnoBL2Zo7h22p6Toh2oaY blTardkFINYZ2TVsaWX3l6XqauAEabTcYKcoiiL390sAxT+6BKLaX4s= X-Google-Smtp-Source: AGHT+IF0IqmTdcn7Zvm/HVdcyyH0GDD9fC59ls8dv9WiqSHYW+/vp4KnqnaaZHVlYzLPI8vexD2QZWGy6VqF X-Received: by 2002:a05:690c:7446:b0:781:32c:b359 with SMTP id 00721157ae682-781032cc069mr37365247b3.36.1760049850294; Thu, 09 Oct 2025 15:44:10 -0700 (PDT) Received: from postal.iol.unh.edu (postal.iol.unh.edu. [2606:4100:3880:1234::84]) by smtp-relay.gmail.com with ESMTPS id 00721157ae682-78106fac172sm433947b3.21.2025.10.09.15.44.10 (version=TLS1_2 cipher=ECDHE-ECDSA-AES128-GCM-SHA256 bits=128/128); Thu, 09 Oct 2025 15:44:10 -0700 (PDT) X-Relaying-Domain: iol.unh.edu Date: Thu, 09 Oct 2025 15:44:10 -0700 (PDT) Message-ID: <68e83aba.050a0220.c273a.2d9aSMTPIN_ADDED_MISSING@mx.google.com> Received: from [172.21.0.2] (unknown [172.18.0.240]) by postal.iol.unh.edu (Postfix) with ESMTP id 003746050A61; Thu, 9 Oct 2025 18:44:10 -0400 (EDT) Subject: |FAILURE| [GIT MASTER] 62f583c49bf67dd4d6733ece14e55fe6839e66d1 From: dpdklab@iol.unh.edu To: Test Report Cc: dpdk-test-reports@iol.unh.edu, Xueming Li , Christian Ehrhardt , Kevin Traynor , Luca Boccassi Content-Type: text/plain X-BeenThere: test-report@dpdk.org X-Mailman-Version: 2.1.29 Precedence: list List-Id: automatic DPDK test reports List-Unsubscribe: , List-Archive: List-Post: List-Help: List-Subscribe: , Errors-To: test-report-bounces@dpdk.org _Testing issues_ Branch: tags/v23.11 62f583c49bf67dd4d6733ece14e55fe6839e66d1 --> testing issues Upstream job id: Generic-DPDK-Compile-Meson#432967 Test environment and result as below: +------------------------------+--------------------+ | Environment | dpdk_meson_compile | +==============================+====================+ | Red Hat Enterprise Linux 9.5 | PASS | +------------------------------+--------------------+ | Ubuntu 20.04 | PASS | +------------------------------+--------------------+ | Fedora Linux 42 | PASS | +------------------------------+--------------------+ | Debian GNU/Linux 12 | PASS | +------------------------------+--------------------+ | Ubuntu 22.04 | PASS | +------------------------------+--------------------+ | CentOS Stream 9 | PASS | +------------------------------+--------------------+ | CentOS Stream 10 | PASS | +------------------------------+--------------------+ | Ubuntu 24.04 | PASS | +------------------------------+--------------------+ Red Hat Enterprise Linux 9.5 Kernel: 5.4 Compiler: gcc gcc (GCC) 11.5.0 20240719 (Red Hat 11.5.0-2) Ubuntu 20.04 Kernel: 5.15 Compiler: aarch64-linux-gnu-gcc gcc (Ubuntu 9.4.0-1ubuntu1~20.04.2) 9.4.0 Fedora Linux 42 Kernel: 5.4 Compiler: gcc gcc (GCC) 15.2.1 20250808 (Red Hat 15.2.1-1) Debian GNU/Linux 12 Kernel: 5.4 Compiler: gcc gcc (Debian 12.2.0-14+deb12u1) 12.2.0 Ubuntu 22.04 Kernel: 5.4 Compiler: gcc gcc (Ubuntu 11.4.0-1ubuntu1~22.04) 11.4.0 CentOS Stream 9 Kernel: 5.4 Compiler: gcc gcc (GCC) 11.5.0 20240719 (Red Hat 11.5.0-11) CentOS Stream 10 Kernel: 5.4 Compiler: gcc gcc (GCC) 14.2.1 20250110 (Red Hat 14.2.1-8) Ubuntu 24.04 Kernel: 5.4 Compiler: gcc gcc (Ubuntu 13.3.0-6ubuntu2~24.04) 13.3.0 To view detailed results, visit: https://lab.dpdk.org/results/dashboard/tarballs/35150/ UNH-IOL DPDK Community Lab To manage your email subscriptions, visit: https://lab.dpdk.org/results/dashboard/preferences/subscriptions/