From mboxrd@z Thu Jan 1 00:00:00 1970 Return-Path: Received: from mails.dpdk.org (mails.dpdk.org [217.70.189.124]) by inbox.dpdk.org (Postfix) with ESMTP id C065F488F6 for ; Fri, 10 Oct 2025 03:01:09 +0200 (CEST) Received: from mails.dpdk.org (localhost [127.0.0.1]) by mails.dpdk.org (Postfix) with ESMTP id A47D74014F; Fri, 10 Oct 2025 03:01:09 +0200 (CEST) Received: from mail-yw1-f228.google.com (mail-yw1-f228.google.com [209.85.128.228]) by mails.dpdk.org (Postfix) with ESMTP id A40F34014F for ; Fri, 10 Oct 2025 03:01:08 +0200 (CEST) Received: by mail-yw1-f228.google.com with SMTP id 00721157ae682-71d6051afbfso16521687b3.2 for ; Thu, 09 Oct 2025 18:01:08 -0700 (PDT) DKIM-Signature: v=1; a=rsa-sha256; c=relaxed/relaxed; d=iol.unh.edu; s=unh-iol; t=1760058068; x=1760662868; darn=dpdk.org; h=references:in-reply-to:cc:to:from:subject:message-id:date:from:to :cc:subject:date:message-id:reply-to; bh=8MQFcLYie0EuTDBdQJEVZSDsx1RatLfgmsGsgjgTK18=; b=gIbVLwtT+am46sud0ai+HKgtxUuMug2f+f7DEM6juD+HSJ/MEf2ZPVNSW9JSLBDUoB 9gBaq7wIR7CaHNV4OUSMhM3NBSWUmQX3MG92ZnOLePGCvDuqMbDoK3zuXLCk1s4sRpfZ Ov6oNS8nf8a85IFDxzTk9++s1APswKcMoCKp0= X-Google-DKIM-Signature: v=1; a=rsa-sha256; c=relaxed/relaxed; d=1e100.net; s=20230601; t=1760058068; x=1760662868; h=references:in-reply-to:cc:to:from:subject:message-id:date :x-gm-message-state:from:to:cc:subject:date:message-id:reply-to; bh=8MQFcLYie0EuTDBdQJEVZSDsx1RatLfgmsGsgjgTK18=; b=MkFq6PgTSAUsw37oBA0ofZcYKvbVdNw0WY4uPi6TjrnD4sgdCbbY1alyuuHnoa1Nz8 LXKrAxsVC+QlX5ef12yvPZK95z83Lb3hXlGb8z9hZiK41jqeHYWhcN2OSmieBD/KZoae BZ8NykYQCOrbMBF4MxEU5treAyKM6ZaGzP5gLAImKqLOp2MyF03KuIiZgkpxBji6XPgt oURsLoUeeIQMuyMqGHJKz6oa5M2nNCwSFhenOfH86ICybCiaRb1nUm1WYj9TwCpkvAhz UEM9hKMCRTp1u+Wnaez0pe+61YHi2AI08L9icUdaoPsEMSLwiPiF5HbkDxFJXRHHq7rj Pw9Q== X-Gm-Message-State: AOJu0YwZxkGnFL4EOLFBixmiHBigaFL3xY85dbhlr5XxZHIIcbJ38wE8 XnLtWYmfA5InTemr9Mb9oYfpq7WjLSovaZ6lgnuwIqewbhDEebD0i7/2xHpiukxDgq9hrRMj9xk IrbHK+TAitenXnGGhHs/ie+u6LWRvGroINFuQbHLOZrnA8HweWTdC2fJ9zys2 X-Gm-Gg: ASbGncsJn12buIBjoy9h1cNIXS6Oaqq2f8SITAxWIsMFQex7pMjjN6RQSZI1QzbUcrT xEArp3nQQdrWrIKBEQAkgQ2lVZAPvPShMV4Uy/7/48/RB+31UDa2jrrctUUuAwHItakHVeCX2u3 KoJfIS0BSQGtKjLXmtWFWBmiudiSl9G+g0P03D9RsuNOfxznm/7x0hv9qngwd4JsX5LuNbnKPlc BwNEPTKCQWW64MI5popJ/vxaNVfNdY5y0tZZIhDNOEuFUm5tdfQYQjN0WH0Fc1wHbJAtFNJdDAD eqklTiR8uC0ilg8RQIO3QMo4stxcul2So4h0sP9l4pzj94N5smWv7dM= X-Google-Smtp-Source: AGHT+IE6B9c6gaTWTTwlyRpmDxPPITaDOicZcnVEm0j2dJkfd2R1rPUd5ILyeL8wmNsuTlYQtCRdnbcp/1l1 X-Received: by 2002:a53:b84c:0:b0:635:4ed0:5725 with SMTP id 956f58d0204a3-63ccb903aabmr7326212d50.41.1760058067815; Thu, 09 Oct 2025 18:01:07 -0700 (PDT) Received: from postal.iol.unh.edu (postal.iol.unh.edu. [2606:4100:3880:1234::84]) by smtp-relay.gmail.com with ESMTPS id 956f58d0204a3-63cec049c26sm31407d50.11.2025.10.09.18.01.07 (version=TLS1_2 cipher=ECDHE-ECDSA-AES128-GCM-SHA256 bits=128/128); Thu, 09 Oct 2025 18:01:07 -0700 (PDT) X-Relaying-Domain: iol.unh.edu Date: Thu, 09 Oct 2025 18:01:07 -0700 (PDT) Message-ID: <68e85ad3.050a0220.23df43.1a76SMTPIN_ADDED_MISSING@mx.google.com> Received: from [172.21.0.2] (unknown [172.18.0.240]) by postal.iol.unh.edu (Postfix) with ESMTP id 797766050A61; Thu, 9 Oct 2025 21:01:07 -0400 (EDT) Subject: |FAILURE| pw157354 [PATCH] eal/riscv: optimize memcpy for small copi From: dpdklab@iol.unh.edu To: Test Report Cc: dpdk-test-reports@iol.unh.edu, Sun Yuechi In-Reply-To: <20251009063030.2776794-1-sunyuechi@iscas.ac.cn> References: <20251009063030.2776794-1-sunyuechi@iscas.ac.cn> Content-Type: text/plain X-BeenThere: test-report@dpdk.org X-Mailman-Version: 2.1.29 Precedence: list List-Id: automatic DPDK test reports List-Unsubscribe: , List-Archive: List-Post: List-Help: List-Subscribe: , Errors-To: test-report-bounces@dpdk.org Test-Label: iol-unit-arm64-testing Test-Status: FAILURE http://dpdk.org/patch/157354 _Testing issues_ Submitter: Sun Yuechi Date: Thursday, October 09 2025 06:30:30 DPDK git baseline: Repo:dpdk Branch: master CommitID:2b403dd8fb37d0ba13723e44ffc7ee2c2795f838 157354 --> testing issues Upstream job id: Generic-Unit-Test-DPDK#379832 Test environment and result as below: +------------------------------+---------------------------+--------------+------------------------------+----------------+ | Environment | cryptodev_sw_zuc_autotest | lpm_autotest | cryptodev_sw_snow3g_autotest | dpdk_unit_test | +==============================+===========================+==============+==============================+================+ | Debian 12 (arm) | PASS | SKIPPED | PASS | SKIPPED | +------------------------------+---------------------------+--------------+------------------------------+----------------+ | Ubuntu 20.04 | SKIPPED | PASS | SKIPPED | PASS | +------------------------------+---------------------------+--------------+------------------------------+----------------+ | CentOS Stream 9 | SKIPPED | SKIPPED | SKIPPED | PASS | +------------------------------+---------------------------+--------------+------------------------------+----------------+ | Fedora Linux 41 | SKIPPED | SKIPPED | SKIPPED | PASS | +------------------------------+---------------------------+--------------+------------------------------+----------------+ | Debian GNU/Linux 12 | SKIPPED | SKIPPED | SKIPPED | PASS | +------------------------------+---------------------------+--------------+------------------------------+----------------+ | Fedora Linux 40 | SKIPPED | SKIPPED | SKIPPED | PASS | +------------------------------+---------------------------+--------------+------------------------------+----------------+ | CentOS Stream 10 | SKIPPED | SKIPPED | SKIPPED | PASS | +------------------------------+---------------------------+--------------+------------------------------+----------------+ | Fedora Linux 42 | SKIPPED | SKIPPED | SKIPPED | PASS | +------------------------------+---------------------------+--------------+------------------------------+----------------+ | Ubuntu 24.04 | SKIPPED | SKIPPED | SKIPPED | PASS | +------------------------------+---------------------------+--------------+------------------------------+----------------+ | Ubuntu 22.04 | SKIPPED | SKIPPED | SKIPPED | PASS | +------------------------------+---------------------------+--------------+------------------------------+----------------+ | Red Hat Enterprise Linux 9.5 | SKIPPED | SKIPPED | SKIPPED | PASS | +------------------------------+---------------------------+--------------+------------------------------+----------------+ Debian 12 (arm) Kernel: Depends on container host Compiler: gcc (Debian 12.2.0-14) 12.2.0 Ubuntu 20.04 Kernel: 5.4 Compiler: gcc gcc (Ubuntu 9.4.0-1ubuntu1~20.04.2) 9.4.0 CentOS Stream 9 Kernel: 5.4 Compiler: gcc gcc (GCC) 11.5.0 20240719 (Red Hat 11.5.0-11) Fedora Linux 41 Kernel: 5.4 Compiler: gcc gcc (GCC) 14.3.1 20250523 (Red Hat 14.3.1-1) Debian GNU/Linux 12 Kernel: 5.4 Compiler: gcc gcc (Debian 12.2.0-14+deb12u1) 12.2.0 Fedora Linux 40 Kernel: 5.4 Compiler: gcc gcc (GCC) 14.2.1 20240912 (Red Hat 14.2.1-3) CentOS Stream 10 Kernel: 5.4 Compiler: gcc gcc (GCC) 14.2.1 20250110 (Red Hat 14.2.1-8) Fedora Linux 42 Kernel: 5.4 Compiler: gcc gcc (GCC) 15.2.1 20250808 (Red Hat 15.2.1-1) Ubuntu 24.04 Kernel: 5.4 Compiler: gcc gcc (Ubuntu 13.3.0-6ubuntu2~24.04) 13.3.0 Ubuntu 22.04 Kernel: 5.15 Compiler: gcc gcc (Ubuntu 11.4.0-1ubuntu1~22.04.2) 11.4.0 Red Hat Enterprise Linux 9.5 Kernel: 5.4 Compiler: gcc gcc (GCC) 11.5.0 20240719 (Red Hat 11.5.0-2) To view detailed results, visit: https://lab.dpdk.org/results/dashboard/patchsets/34241/ UNH-IOL DPDK Community Lab To manage your email subscriptions, visit: https://lab.dpdk.org/results/dashboard/preferences/subscriptions/