From mboxrd@z Thu Jan 1 00:00:00 1970 Return-Path: Received: from mails.dpdk.org (mails.dpdk.org [217.70.189.124]) by inbox.dpdk.org (Postfix) with ESMTP id 9728E488F8 for ; Fri, 10 Oct 2025 07:57:12 +0200 (CEST) Received: from mails.dpdk.org (localhost [127.0.0.1]) by mails.dpdk.org (Postfix) with ESMTP id 92DF44028C; Fri, 10 Oct 2025 07:57:12 +0200 (CEST) Received: from mail-il1-f227.google.com (mail-il1-f227.google.com [209.85.166.227]) by mails.dpdk.org (Postfix) with ESMTP id 732FC4028C for ; Fri, 10 Oct 2025 07:57:06 +0200 (CEST) Received: by mail-il1-f227.google.com with SMTP id e9e14a558f8ab-42f8e93c54eso15891725ab.1 for ; Thu, 09 Oct 2025 22:57:06 -0700 (PDT) DKIM-Signature: v=1; a=rsa-sha256; c=relaxed/relaxed; d=iol.unh.edu; s=unh-iol; t=1760075826; x=1760680626; darn=dpdk.org; h=cc:to:from:subject:message-id:date:from:to:cc:subject:date :message-id:reply-to; bh=p4TFHbUJTjj0/zlBKZWwVaml7hb0BXrYZUQo/ITBR6c=; b=hunZXqTJf0yRn4d0McB6DRyvrlxx3qSmqJ9Ci6Vfr4A1jq6aS3BrDHT2P0CTeN1UVh UYzsZVvjHKnfI2k8X/uaj/QFh+xj0dGTfiAB3YQV3wdXzJaIXPQfz8nm6yRcecoRmfaX Eiwwapoq575Z7OtV1acK3lO9fIpcS+T069wyA= X-Google-DKIM-Signature: v=1; a=rsa-sha256; c=relaxed/relaxed; d=1e100.net; s=20230601; t=1760075826; x=1760680626; h=cc:to:from:subject:message-id:date:x-gm-message-state:from:to:cc :subject:date:message-id:reply-to; bh=p4TFHbUJTjj0/zlBKZWwVaml7hb0BXrYZUQo/ITBR6c=; b=g7fqnf+Owme5LNqZspS9XQtnBvmsSBIrA/tOYR9BXX/KfECT0ay+pRMGNS13qm0n83 WpYGrvcal9mvCUjq9cNpX0W/xRMIjuVE69DqOVsbrH8wC5mggHL5EKi4Ao8wWqvR25cX 5/hfF3Wqv14WeUpwi/YHpOerpWvCSjz/ucATKP1BJ0NlT8/T86MEj0kfiJgvfkAED+v9 9dnfl2WYqiA2X9LMcOEWHoHoCChkhhmMfNcH9bqvXew0DYp3PBKgw7g24MKtPo2YRQqB wz8giAWMCbEFMbzNgQPjgy7M2VtPyHixfaLWX6OpC2ol5pSlaWfMfhMZlFHvPE2hQjvc lVtQ== X-Gm-Message-State: AOJu0YzyWZfYyylH8UxusNOjf0F4UKx8InJ/3NzekTou/MnU1LMdFQ/Q abQ4mGHwXBe5xQE6nyLRZ4u2U8RK5PiACL/RdH3eZD0qZyUqXB/RhLjo2+ckqzzy/o7YZ36pO00 Rvf5LBwdN4OY3uijIN3jKT8PNAdFE/1ze7dK+ X-Gm-Gg: ASbGnctUqu1L/gatlMVvLNr/UjAtezcBmBrgNJcpFWJVsCuMUJ5TzIm4UGKayXieDIq jQaLrat2nCnMUhCO8GI93uaQhrdeFxRTZDhdry42HcPhxyPuny1rSUQpxlCsYJVcnkuFTdAzJm9 BPdELC+02IhetAK19qDS6li9Pe2QY5y0EuprgKbl3P6bLMJBInhquJHrz17ScoFLncloLztMgRN CIgxoxeCXbjmujgZJlqdPANirxLJjaQj4Z0o9z7fgQ8hOf+ynrGYYqH8xG85/Xojckci3pa9rca cAuEJQZ88NXBDjCYI0HGzTf7lqPjtvDeKhnViao/XIjMR5ixX54EJchw6ED2C/leLQDoz39+ X-Google-Smtp-Source: AGHT+IE32veFA3xVuwRSBldzUPXI6Nv5+iyCw+RTcE78qDftw8z3Xm0WMqv7941f8OY2BogbW3VQBE1as/qS X-Received: by 2002:a05:6e02:1fca:b0:425:8d9b:c430 with SMTP id e9e14a558f8ab-42f873559d4mr115111025ab.6.1760075825570; Thu, 09 Oct 2025 22:57:05 -0700 (PDT) Received: from postal.iol.unh.edu (postal.iol.unh.edu. [132.177.123.84]) by smtp-relay.gmail.com with ESMTPS id 8926c6da1cb9f-58f6daf4ce5sm116773173.20.2025.10.09.22.57.05 (version=TLS1_2 cipher=ECDHE-ECDSA-AES128-GCM-SHA256 bits=128/128); Thu, 09 Oct 2025 22:57:05 -0700 (PDT) X-Relaying-Domain: iol.unh.edu Date: Thu, 09 Oct 2025 22:57:05 -0700 (PDT) Message-ID: <68e8a031.050a0220.170f1c.615dSMTPIN_ADDED_MISSING@mx.google.com> Received: from [172.21.0.3] (unknown [172.18.0.240]) by postal.iol.unh.edu (Postfix) with ESMTP id 396326051830; Fri, 10 Oct 2025 01:57:05 -0400 (EDT) Subject: |FAILURE| [GIT MASTER] 62f583c49bf67dd4d6733ece14e55fe6839e66d1 From: dpdklab@iol.unh.edu To: Test Report Cc: dpdk-test-reports@iol.unh.edu, Xueming Li , Christian Ehrhardt , Kevin Traynor , Luca Boccassi Content-Type: text/plain X-BeenThere: test-report@dpdk.org X-Mailman-Version: 2.1.29 Precedence: list List-Id: automatic DPDK test reports List-Unsubscribe: , List-Archive: List-Post: List-Help: List-Subscribe: , Errors-To: test-report-bounces@dpdk.org _Testing issues_ Branch: tags/v23.11 62f583c49bf67dd4d6733ece14e55fe6839e66d1 --> testing issues Upstream job id: Generic-Unit-Test-DPDK#380076 Test environment and result as below: +-------------------------------+----------------+ | Environment | dpdk_unit_test | +===============================+================+ | CentOS Stream 9 | PASS | +-------------------------------+----------------+ | Debian GNU/Linux 12 | PASS | +-------------------------------+----------------+ | CentOS Stream 10 | PASS | +-------------------------------+----------------+ | Fedora Linux 40 | PASS | +-------------------------------+----------------+ | Fedora Linux 41 | PASS | +-------------------------------+----------------+ | Fedora Linux 42 | PASS | +-------------------------------+----------------+ | Ubuntu 20.04 | PASS | +-------------------------------+----------------+ | Red Hat Enterprise Linux 8.10 | PASS | +-------------------------------+----------------+ | Red Hat Enterprise Linux 9.5 | PASS | +-------------------------------+----------------+ | Ubuntu 22.04 | PASS | +-------------------------------+----------------+ | Ubuntu 24.04 | PASS | +-------------------------------+----------------+ | Windows Server 2022 | FAIL | +-------------------------------+----------------+ ==== Unit test summary for Windows Server 2022 (dpdk_unit_test): ==== Failed to get the unit test results. Displaying the unit test results is not supported for some environments, such as our aarch32 testing, where meson is not used to run the tests. Download the logs available on our CI site. ==== End log output ==== CentOS Stream 9 Kernel: 5.15 Compiler: gcc gcc (GCC) 11.5.0 20240719 (Red Hat 11.5.0-11) Debian GNU/Linux 12 Kernel: 5.15 Compiler: gcc gcc (Debian 12.2.0-14+deb12u1) 12.2.0 CentOS Stream 10 Kernel: 5.15 Compiler: gcc gcc (GCC) 14.2.1 20250110 (Red Hat 14.2.1-8) Fedora Linux 40 Kernel: 5.15 Compiler: gcc gcc (GCC) 14.2.1 20240912 (Red Hat 14.2.1-3) Fedora Linux 41 Kernel: 5.15 Compiler: clang gcc (GCC) 14.3.1 20250523 (Red Hat 14.3.1-1) Fedora Linux 42 Kernel: 5.15 Compiler: gcc gcc (GCC) 15.2.1 20250808 (Red Hat 15.2.1-1) Ubuntu 20.04 Kernel: 5.15 Compiler: gcc gcc (Ubuntu 9.4.0-1ubuntu1~20.04.2) 9.4.0 Red Hat Enterprise Linux 8.10 Kernel: 5.15 Compiler: gcc gcc (GCC) 8.5.0 20210514 (Red Hat 8.5.0-22) Red Hat Enterprise Linux 9.5 Kernel: 5.15 Compiler: gcc gcc (GCC) 11.5.0 20240719 (Red Hat 11.5.0-2) Ubuntu 22.04 Kernel: 5.15 Compiler: gcc gcc (Ubuntu 11.4.0-1ubuntu1~22.04) 11.4.0 Ubuntu 24.04 Kernel: 5.15 Compiler: gcc gcc (Ubuntu 13.3.0-6ubuntu2~24.04) 13.3.0 Windows Server 2022 Kernel: 10.0.20348.2031 Compiler: clang 15.0.7, gcc 14.1.0 (MinGW), and MSVC VS 19.39.33521 To view detailed results, visit: https://lab.dpdk.org/results/dashboard/tarballs/35161/ UNH-IOL DPDK Community Lab To manage your email subscriptions, visit: https://lab.dpdk.org/results/dashboard/preferences/subscriptions/