From mboxrd@z Thu Jan 1 00:00:00 1970 Return-Path: Received: from mails.dpdk.org (mails.dpdk.org [217.70.189.124]) by inbox.dpdk.org (Postfix) with ESMTP id BBAF7488FD for ; Fri, 10 Oct 2025 11:25:11 +0200 (CEST) Received: from mails.dpdk.org (localhost [127.0.0.1]) by mails.dpdk.org (Postfix) with ESMTP id 9DC394027A; Fri, 10 Oct 2025 11:25:11 +0200 (CEST) Received: from mail-qv1-f97.google.com (mail-qv1-f97.google.com [209.85.219.97]) by mails.dpdk.org (Postfix) with ESMTP id 0A6824027A for ; Fri, 10 Oct 2025 11:25:11 +0200 (CEST) Received: by mail-qv1-f97.google.com with SMTP id 6a1803df08f44-78ed682e9d3so16495366d6.0 for ; Fri, 10 Oct 2025 02:25:10 -0700 (PDT) DKIM-Signature: v=1; a=rsa-sha256; c=relaxed/relaxed; d=iol.unh.edu; s=unh-iol; t=1760088310; x=1760693110; darn=dpdk.org; h=references:in-reply-to:cc:to:from:subject:message-id:date:from:to :cc:subject:date:message-id:reply-to; bh=zBBEX29vjDyBQ5IQKQIn6umepqirjk4B8nS2MOgoVio=; b=C/ZPLoeo4B3SdVLFhuWVWAODMP3SaAuQHOfSwi+mSJ/O/EdAdBlb00hB6Z3sNtfrpw MpBeJ3zAJ4X5YcoMFHeanHlpP1XoKAYGVSY6oJSScSZ/0RM31HSidUclTTmB/IcYFEE8 79LPqjYJtY1U6giDe8d5tyfGiEarnLLCHNh5Y= X-Google-DKIM-Signature: v=1; a=rsa-sha256; c=relaxed/relaxed; d=1e100.net; s=20230601; t=1760088310; x=1760693110; h=references:in-reply-to:cc:to:from:subject:message-id:date :x-gm-message-state:from:to:cc:subject:date:message-id:reply-to; bh=zBBEX29vjDyBQ5IQKQIn6umepqirjk4B8nS2MOgoVio=; b=G8etLujpGWPAIAunPIFLOkAvzdSgG3Qg2THVJG1UD/XVd8waftM9Ig2I23MkcUDwkf /rT7eFErC/yp54D5y2rweOgMQktIa4ykH9kNRy0gJdnpT04CGqDos0y0pByv6jZHmw/2 GoOtFgkzgug8dpz0AriqwMlrd3S89dQX9sWrXmReRO8qWiqNjJ6lS3Fl+SPhkNo9Mqh9 8eW/00tTBXLymVVCHUE8IPwwD36V6hHWYC9dDob+ebbjP4Bf5lHSu6qbkY3DSHtuAWnE /4vA/a178I9esRK3x8tUafG3ckxYKyyzJBNUsxNZ6M2wMcp0GhUrDDbp5FF510bRP1mN SIag== X-Gm-Message-State: AOJu0Yw5MPp5Fp/Wm5oSJ765qBsLOht3VdB4LYYh35qIic4x3UAV04cq bUZGg1YTFs35rONFgIptrsNKEsis4ht56BlvJBWPyvtl3CoBItgW8xwIwckGnuKToVQubXff4N3 F6emYmII2lnHKtd9ddDnBeIS5m5HCRXcxJYWrO2+QGaaJBL3xjt28 X-Gm-Gg: ASbGncuFOBqPAKzYJM2n8KgjAhpcC1djNHlnmYsOD28mmiW93etv3oNFDGaSMlbzSWF uN0AMxBZ/hfVahCEcUxKm3mz29kTFoMOlcr03daqkkWKJ2seAIRuSwbuPDFgReK0qUfCLpsqmu5 u4xTgKsC3/56mVijYm2VuKnrPOGw1W6E2td95HPzrNwLcvhSpC1usJ1NUhvpnohmLaNTV+rkcNg yL5ydvEL3BpHFLfPBpaLOcZ7nT1wd/F29Q/pYyTbZrCy+lZhID3eh04PyulpkfgzgniablTT4K7 ZMN+l8UwnNS+rmLRZSBN6pnWYBDc/zn24P8TgAaUAe6y1+Nvig== X-Google-Smtp-Source: AGHT+IFVw/1AkmxCLBatekC3gVJMrZ8lVVvz6/y1cqfp0URcGtGsQm1IWkmQ76qkt+n4VJyaIt5opO0CQMk1 X-Received: by 2002:a05:6214:258b:b0:77e:443f:dfab with SMTP id 6a1803df08f44-87b2ef6c869mr132416086d6.32.1760088310230; Fri, 10 Oct 2025 02:25:10 -0700 (PDT) Received: from postal.iol.unh.edu (postal.iol.unh.edu. [2606:4100:3880:1234::84]) by smtp-relay.gmail.com with ESMTPS id 6a1803df08f44-87bc345075csm1458576d6.8.2025.10.10.02.25.10 (version=TLS1_2 cipher=ECDHE-ECDSA-AES128-GCM-SHA256 bits=128/128); Fri, 10 Oct 2025 02:25:10 -0700 (PDT) X-Relaying-Domain: iol.unh.edu Date: Fri, 10 Oct 2025 02:25:10 -0700 (PDT) Message-ID: <68e8d0f6.050a0220.b270b.7b71SMTPIN_ADDED_MISSING@mx.google.com> Received: from [172.21.0.2] (unknown [172.18.0.240]) by postal.iol.unh.edu (Postfix) with ESMTP id BA18A6051830; Fri, 10 Oct 2025 05:25:09 -0400 (EDT) Subject: |FAILURE| pw157449-157443 [PATCH] [v2,54/54] net/bnxt/tf_ulp: remove From: dpdklab@iol.unh.edu To: Test Report Cc: dpdk-test-reports@iol.unh.edu, Manish Kurup In-Reply-To: <20251009221129.28256-55-manish.kurup@broadcom.com> References: <20251009221129.28256-55-manish.kurup@broadcom.com> Content-Type: text/plain X-BeenThere: test-report@dpdk.org X-Mailman-Version: 2.1.29 Precedence: list List-Id: automatic DPDK test reports List-Unsubscribe: , List-Archive: List-Post: List-Help: List-Subscribe: , Errors-To: test-report-bounces@dpdk.org Test-Label: iol-compile-amd64-testing Test-Status: FAILURE http://dpdk.org/patch/157443 _Testing issues_ Submitter: Manish Kurup Date: Thursday, October 09 2025 22:11:29 DPDK git baseline: Repo:dpdk-next-net-brcm Branch: master CommitID:1d627ea13aeec2bcccf27246e6be2508370d171e 157449-157443 --> testing issues Upstream job id: Windows-Compile-DPDK-Native#31533 Test environment and result as below: +-------------------------------+--------------------+-------------------+------------------+-------------------+-------------------------+ | Environment | dpdk_meson_compile | dpdk_compile_spdk | dpdk_compile_ovs | dpdk_msvc_compile | dpdk_llvm_clang_compile | +===============================+====================+===================+==================+===================+=========================+ | FreeBSD 14.2 | PASS | SKIPPED | SKIPPED | SKIPPED | SKIPPED | +-------------------------------+--------------------+-------------------+------------------+-------------------+-------------------------+ | Ubuntu 20.04 | PASS | SKIPPED | SKIPPED | SKIPPED | SKIPPED | +-------------------------------+--------------------+-------------------+------------------+-------------------+-------------------------+ | Debian GNU/Linux 12 | PASS | PASS | SKIPPED | SKIPPED | SKIPPED | +-------------------------------+--------------------+-------------------+------------------+-------------------+-------------------------+ | CentOS Stream 10 | PASS | SKIPPED | SKIPPED | SKIPPED | SKIPPED | +-------------------------------+--------------------+-------------------+------------------+-------------------+-------------------------+ | Fedora Linux 42 | PASS | PASS | PASS | SKIPPED | SKIPPED | +-------------------------------+--------------------+-------------------+------------------+-------------------+-------------------------+ | CentOS Stream 9 | PASS | PASS | SKIPPED | SKIPPED | SKIPPED | +-------------------------------+--------------------+-------------------+------------------+-------------------+-------------------------+ | openSUSE Leap 15.6 | PASS | SKIPPED | SKIPPED | SKIPPED | SKIPPED | +-------------------------------+--------------------+-------------------+------------------+-------------------+-------------------------+ | Red Hat Enterprise Linux 8.10 | PASS | SKIPPED | SKIPPED | SKIPPED | SKIPPED | +-------------------------------+--------------------+-------------------+------------------+-------------------+-------------------------+ | Red Hat Enterprise Linux 9.5 | PASS | SKIPPED | SKIPPED | SKIPPED | SKIPPED | +-------------------------------+--------------------+-------------------+------------------+-------------------+-------------------------+ | Ubuntu 24.04 | PASS | PASS | PASS | SKIPPED | SKIPPED | +-------------------------------+--------------------+-------------------+------------------+-------------------+-------------------------+ | Ubuntu 22.04 | PASS | PASS | SKIPPED | SKIPPED | SKIPPED | +-------------------------------+--------------------+-------------------+------------------+-------------------+-------------------------+ | Alpine Linux 3.22.0 | PASS | SKIPPED | SKIPPED | SKIPPED | SKIPPED | +-------------------------------+--------------------+-------------------+------------------+-------------------+-------------------------+ | Windows Server 2022 | SKIPPED | SKIPPED | SKIPPED | PASS | PASS | +-------------------------------+--------------------+-------------------+------------------+-------------------+-------------------------+ FreeBSD 14.2 Kernel: 14.2-RELEASE Compiler: clang 18.1.6 Ubuntu 20.04 Kernel: 4.19 Compiler: gcc gcc (Ubuntu 9.4.0-1ubuntu1~20.04.2) 9.4.0 Debian GNU/Linux 12 Kernel: 5.15 Compiler: gcc gcc (Debian 12.2.0-14+deb12u1) 12.2.0 CentOS Stream 10 Kernel: 5.15 Compiler: gcc gcc (GCC) 14.2.1 20250110 (Red Hat 14.2.1-8) Fedora Linux 42 Kernel: 5.15 Compiler: clang gcc (GCC) 15.2.1 20250808 (Red Hat 15.2.1-1) CentOS Stream 9 Kernel: 5.15 Compiler: gcc gcc (GCC) 11.5.0 20240719 (Red Hat 11.5.0-11) openSUSE Leap 15.6 Kernel: 5.15 Compiler: gcc gcc (SUSE Linux) 7.5.0 Red Hat Enterprise Linux 8.10 Kernel: 5.15 Compiler: gcc gcc (GCC) 8.5.0 20210514 (Red Hat 8.5.0-22) Red Hat Enterprise Linux 9.5 Kernel: 5.15 Compiler: gcc gcc (GCC) 11.5.0 20240719 (Red Hat 11.5.0-2) Ubuntu 24.04 Kernel: 5.15 Compiler: gcc gcc (Ubuntu 13.3.0-6ubuntu2~24.04) 13.3.0 Ubuntu 22.04 Kernel: 5.15 Compiler: gcc gcc (Ubuntu 11.4.0-1ubuntu1~22.04) 11.4.0 Alpine Linux 3.22.0 Kernel: 5.15 Compiler: gcc gcc (Alpine 14.2.0) 14.2.0 Windows Server 2022 Kernel: 10.0.20348.2031 Compiler: clang 15.0.7, gcc 14.1.0 (MinGW), and MSVC VS 19.39.33521 To view detailed results, visit: https://lab.dpdk.org/results/dashboard/patchsets/34247/ UNH-IOL DPDK Community Lab To manage your email subscriptions, visit: https://lab.dpdk.org/results/dashboard/preferences/subscriptions/