From mboxrd@z Thu Jan 1 00:00:00 1970 Return-Path: Received: from mails.dpdk.org (mails.dpdk.org [217.70.189.124]) by inbox.dpdk.org (Postfix) with ESMTP id 721D0488FE for ; Fri, 10 Oct 2025 12:23:31 +0200 (CEST) Received: from mails.dpdk.org (localhost [127.0.0.1]) by mails.dpdk.org (Postfix) with ESMTP id 4C6EE4027A; Fri, 10 Oct 2025 12:23:31 +0200 (CEST) Received: from mail-pf1-f226.google.com (mail-pf1-f226.google.com [209.85.210.226]) by mails.dpdk.org (Postfix) with ESMTP id AC14D4027A for ; Fri, 10 Oct 2025 12:23:29 +0200 (CEST) Received: by mail-pf1-f226.google.com with SMTP id d2e1a72fcca58-77f343231fcso1398974b3a.3 for ; Fri, 10 Oct 2025 03:23:29 -0700 (PDT) DKIM-Signature: v=1; a=rsa-sha256; c=relaxed/relaxed; d=iol.unh.edu; s=unh-iol; t=1760091809; x=1760696609; darn=dpdk.org; h=references:in-reply-to:cc:to:from:subject:message-id:date:from:to :cc:subject:date:message-id:reply-to; bh=ZS4EftTJEiFoTXnDyS25fNqHAEHUxWj880EFlo6UFpY=; b=dIVIkDXiyPXTcq6t3304bwzhKSYIVPpUUZBu9bONoeFiY3eEi+IY7g9kYhHFXr8nMg 2F2ZA8Jok4azMnea54Brok5IhRGKWztT5Hu0LlnMClrh6UzxMw3rl+c6G2Ta+52j4sin m57oIubaYwkhUPM+vu7PtPt51VFg1nnMVnhIM= X-Google-DKIM-Signature: v=1; a=rsa-sha256; c=relaxed/relaxed; d=1e100.net; s=20230601; t=1760091809; x=1760696609; h=references:in-reply-to:cc:to:from:subject:message-id:date :x-gm-message-state:from:to:cc:subject:date:message-id:reply-to; bh=ZS4EftTJEiFoTXnDyS25fNqHAEHUxWj880EFlo6UFpY=; b=rTScqNm+A8SUGcMDUjMBam9DBZm6cdu+DehS8fzo5JvZhpVkXoQ+D3wH4/98uyVm5j YmqSI3W0Wcc/gR+HWZUQa47QqCW+XN+1x0EDsOqOoNGnFm0VydaJX2oAYCoXAfRVq8y+ P0C8ujIMSxEkZbrVpZLEc3z8zXz3UjQM78lFKNPOV9uv0Sn42g4ZEzsII3o7sxp39sBt JFw04g0b2Mf/RtzwddLuAn9Nnt7QuWpjC4riyVe8DhyxLGza4Ox9hDDw4o5z16Ql1kzP Xn2RmSdijc3ND+u4COeIC0ucM1/MUmIe9QEu3OGfApDm/2fUf96RkyRBIM7SmcTcrSiH +Frw== X-Gm-Message-State: AOJu0YwcV68Ip39Wor/z4ex6zngsRlRWUGBWh75Eu8UmHOnlPbfpDLPa pSpWtDqT/tdBGe9QGjxKVdVkFcYQKyObewpxjK8ChpdprjqZGQr95zP5MljHP1StP3nncCx/KeU yEcASUxEB7wukzjan4tsO+lbmhehfOUuBUWnH X-Gm-Gg: ASbGncvUi0krcdj6SbgpFIe2Srft+1xVr/tfAff5bDjqG2Yi3ZRkPpV6VDOlD2PCF56 7mmylewLo+ge717pgtsff3x9UwUsPLpp2KPtxmWDaoV83F1f+aiMIgEChmbC80DjA0hOkUk46T+ XTQyV28Bl7CTHQ8/IbSTYgO6UEm0U5/63oE+Mmcv4glzyC9kDYTYUdEK7BnmaJuPmrEzN8SZkQf m08EnJSPlJI7JDyChLXiwZRHvpkA30OEKOiIn+KTmYPVw6/Bhn1mXONum8GOyj118DfVZhgGCdN T4fJW7Uwvwm0RnreHwZQmvaD7Rqbf8WZx/v8Gmvn6LsDgm2kaMGPkmVd15F0jBqzUUCObT2V X-Google-Smtp-Source: AGHT+IGPSFSnAcUc5VK9ewVsfrrtdNhe0gZ6lX62yl9HJ/60Wpl6Acvyi18sut9E0W0LtzpXKa1W7fXYUAab X-Received: by 2002:a05:6a21:33a2:b0:2fc:a1a1:480a with SMTP id adf61e73a8af0-32da83e072dmr15352772637.38.1760091808740; Fri, 10 Oct 2025 03:23:28 -0700 (PDT) Received: from postal.iol.unh.edu (postal.iol.unh.edu. [132.177.123.84]) by smtp-relay.gmail.com with ESMTPS id d2e1a72fcca58-7993086358fsm195108b3a.7.2025.10.10.03.23.28 (version=TLS1_2 cipher=ECDHE-ECDSA-AES128-GCM-SHA256 bits=128/128); Fri, 10 Oct 2025 03:23:28 -0700 (PDT) X-Relaying-Domain: iol.unh.edu Date: Fri, 10 Oct 2025 03:23:28 -0700 (PDT) Message-ID: <68e8dea0.050a0220.39bb23.a429SMTPIN_ADDED_MISSING@mx.google.com> Received: from [172.21.0.3] (unknown [172.18.0.240]) by postal.iol.unh.edu (Postfix) with ESMTP id E0F466051830; Fri, 10 Oct 2025 06:23:27 -0400 (EDT) Subject: |FAILURE| pw157449-157443 [PATCH] [v2,54/54] net/bnxt/tf_ulp: remove From: dpdklab@iol.unh.edu To: Test Report Cc: dpdk-test-reports@iol.unh.edu, Manish Kurup In-Reply-To: <20251009221129.28256-55-manish.kurup@broadcom.com> References: <20251009221129.28256-55-manish.kurup@broadcom.com> Content-Type: text/plain X-BeenThere: test-report@dpdk.org X-Mailman-Version: 2.1.29 Precedence: list List-Id: automatic DPDK test reports List-Unsubscribe: , List-Archive: List-Post: List-Help: List-Subscribe: , Errors-To: test-report-bounces@dpdk.org Test-Label: iol-compile-amd64-testing Test-Status: FAILURE http://dpdk.org/patch/157443 _Testing issues_ Submitter: Manish Kurup Date: Thursday, October 09 2025 22:11:29 DPDK git baseline: Repo:dpdk-next-net-brcm Branch: master CommitID:1d627ea13aeec2bcccf27246e6be2508370d171e 157449-157443 --> testing issues Upstream job id: Windows-Compile-DPDK-Native#31534 Test environment and result as below: +-------------------------------+--------------------+-------------------+------------------+-------------------+-------------------------+----------------------+ | Environment | dpdk_meson_compile | dpdk_compile_spdk | dpdk_compile_ovs | dpdk_msvc_compile | dpdk_llvm_clang_compile | dpdk_mingw64_compile | +===============================+====================+===================+==================+===================+=========================+======================+ | FreeBSD 14.2 | PASS | SKIPPED | SKIPPED | SKIPPED | SKIPPED | SKIPPED | +-------------------------------+--------------------+-------------------+------------------+-------------------+-------------------------+----------------------+ | Ubuntu 20.04 | PASS | SKIPPED | SKIPPED | SKIPPED | SKIPPED | SKIPPED | +-------------------------------+--------------------+-------------------+------------------+-------------------+-------------------------+----------------------+ | Debian GNU/Linux 12 | PASS | PASS | SKIPPED | SKIPPED | SKIPPED | SKIPPED | +-------------------------------+--------------------+-------------------+------------------+-------------------+-------------------------+----------------------+ | CentOS Stream 10 | PASS | SKIPPED | SKIPPED | SKIPPED | SKIPPED | SKIPPED | +-------------------------------+--------------------+-------------------+------------------+-------------------+-------------------------+----------------------+ | Fedora Linux 42 | PASS | PASS | PASS | SKIPPED | SKIPPED | SKIPPED | +-------------------------------+--------------------+-------------------+------------------+-------------------+-------------------------+----------------------+ | CentOS Stream 9 | PASS | PASS | SKIPPED | SKIPPED | SKIPPED | SKIPPED | +-------------------------------+--------------------+-------------------+------------------+-------------------+-------------------------+----------------------+ | openSUSE Leap 15.6 | PASS | SKIPPED | SKIPPED | SKIPPED | SKIPPED | SKIPPED | +-------------------------------+--------------------+-------------------+------------------+-------------------+-------------------------+----------------------+ | Red Hat Enterprise Linux 8.10 | PASS | SKIPPED | SKIPPED | SKIPPED | SKIPPED | SKIPPED | +-------------------------------+--------------------+-------------------+------------------+-------------------+-------------------------+----------------------+ | Red Hat Enterprise Linux 9.5 | PASS | SKIPPED | SKIPPED | SKIPPED | SKIPPED | SKIPPED | +-------------------------------+--------------------+-------------------+------------------+-------------------+-------------------------+----------------------+ | Ubuntu 24.04 | PASS | PASS | PASS | SKIPPED | SKIPPED | SKIPPED | +-------------------------------+--------------------+-------------------+------------------+-------------------+-------------------------+----------------------+ | Ubuntu 22.04 | PASS | PASS | SKIPPED | SKIPPED | SKIPPED | SKIPPED | +-------------------------------+--------------------+-------------------+------------------+-------------------+-------------------------+----------------------+ | Alpine Linux 3.22.0 | PASS | SKIPPED | SKIPPED | SKIPPED | SKIPPED | SKIPPED | +-------------------------------+--------------------+-------------------+------------------+-------------------+-------------------------+----------------------+ | Windows Server 2022 | SKIPPED | SKIPPED | SKIPPED | PASS | PASS | PASS | +-------------------------------+--------------------+-------------------+------------------+-------------------+-------------------------+----------------------+ FreeBSD 14.2 Kernel: 14.2-RELEASE Compiler: clang 18.1.6 Ubuntu 20.04 Kernel: 4.19 Compiler: gcc gcc (Ubuntu 9.4.0-1ubuntu1~20.04.2) 9.4.0 Debian GNU/Linux 12 Kernel: 5.15 Compiler: gcc gcc (Debian 12.2.0-14+deb12u1) 12.2.0 CentOS Stream 10 Kernel: 5.15 Compiler: gcc gcc (GCC) 14.2.1 20250110 (Red Hat 14.2.1-8) Fedora Linux 42 Kernel: 5.15 Compiler: clang gcc (GCC) 15.2.1 20250808 (Red Hat 15.2.1-1) CentOS Stream 9 Kernel: 5.15 Compiler: gcc gcc (GCC) 11.5.0 20240719 (Red Hat 11.5.0-11) openSUSE Leap 15.6 Kernel: 5.15 Compiler: gcc gcc (SUSE Linux) 7.5.0 Red Hat Enterprise Linux 8.10 Kernel: 5.15 Compiler: gcc gcc (GCC) 8.5.0 20210514 (Red Hat 8.5.0-22) Red Hat Enterprise Linux 9.5 Kernel: 5.15 Compiler: gcc gcc (GCC) 11.5.0 20240719 (Red Hat 11.5.0-2) Ubuntu 24.04 Kernel: 5.15 Compiler: gcc gcc (Ubuntu 13.3.0-6ubuntu2~24.04) 13.3.0 Ubuntu 22.04 Kernel: 5.15 Compiler: gcc gcc (Ubuntu 11.4.0-1ubuntu1~22.04) 11.4.0 Alpine Linux 3.22.0 Kernel: 5.15 Compiler: gcc gcc (Alpine 14.2.0) 14.2.0 Windows Server 2022 Kernel: 10.0.20348.2031 Compiler: clang 15.0.7, gcc 14.1.0 (MinGW), and MSVC VS 19.39.33521 To view detailed results, visit: https://lab.dpdk.org/results/dashboard/patchsets/34247/ UNH-IOL DPDK Community Lab To manage your email subscriptions, visit: https://lab.dpdk.org/results/dashboard/preferences/subscriptions/