automatic DPDK test reports
 help / color / mirror / Atom feed
From: dpdklab@iol.unh.edu
To: Test Report <test-report@dpdk.org>
Cc: dpdk-test-reports@iol.unh.edu, Manish Kurup <manish.kurup@broadcom.com>
Subject: |FAILURE| pw157449-157443 [PATCH] [v2,54/54] net/bnxt/tf_ulp: remove
Date: Fri, 10 Oct 2025 04:48:32 -0700 (PDT)	[thread overview]
Message-ID: <68e8f290.050a0220.27748d.9146SMTPIN_ADDED_MISSING@mx.google.com> (raw)
In-Reply-To: <20251009221129.28256-55-manish.kurup@broadcom.com>

Test-Label: iol-compile-arm64-testing
Test-Status: FAILURE
http://dpdk.org/patch/157443

_Testing issues_

Submitter: Manish Kurup <manish.kurup@broadcom.com>
Date: Thursday, October 09 2025 22:11:29 
DPDK git baseline: Repo:dpdk-next-net-brcm
  Branch: master
  CommitID:1d627ea13aeec2bcccf27246e6be2508370d171e

157449-157443 --> testing issues

Upstream job id: Generic-DPDK-Compile-Meson#433114

Test environment and result as below:

+------------------------------+--------------------+
|         Environment          | dpdk_meson_compile |
+==============================+====================+
| Ubuntu 20.04                 | FAIL               |
+------------------------------+--------------------+
| Red Hat Enterprise Linux 9.5 | PASS               |
+------------------------------+--------------------+
| Fedora Linux 42              | PASS               |
+------------------------------+--------------------+
| Ubuntu 22.04                 | PASS               |
+------------------------------+--------------------+
| Debian GNU/Linux 12          | PASS               |
+------------------------------+--------------------+
| CentOS Stream 9              | PASS               |
+------------------------------+--------------------+
| Ubuntu 24.04                 | PASS               |
+------------------------------+--------------------+
| CentOS Stream 10             | PASS               |
+------------------------------+--------------------+

==== 20 line log output for Ubuntu 20.04 (dpdk_meson_compile): ====
|  ^~~~~~~~~~~~~~~~~~~~~~~~~~~~~~~~~~~~~~~~~~~~~~~~~~~~
../drivers/net/bnxt/tf_core/v3/tfc_mpc_debug.c:1151:2: note: in definition of macro 'STATS_METER_FMT'
1151 |  "\tMeter pkt count:%016ld Meter byte count:%016ld\n"
|  ^~~~~~~~~~~~~~~~~~~~~~~~~~~~~~~~~~~~~~~~~~~~~~~~~~~~
../drivers/net/bnxt/tf_core/v3/tfc_mpc_debug.c:1151:50: note: format string is defined here
1151 |  "\tMeter pkt count:%016ld Meter byte count:%016ld\n"
|                                             ~~~~~^
|                                                  |
|                                                  long int
|                                             %016lld
../drivers/net/bnxt/tf_core/v3/tfc_mpc_debug.c: In function 'bucket_decode':
../drivers/net/bnxt/tf_core/v3/tfc_mpc_debug.c:1243:13: error: cast to pointer from integer of different size [-Werror=int-to-pointer-cast]
1243 |    em_ptr = (uint8_t *)get_address(lkup_mem_cfg,
|             ^
../drivers/net/bnxt/tf_core/v3/tfc_mpc_debug.c: In function 'tfc_em_show':
../drivers/net/bnxt/tf_core/v3/tfc_mpc_debug.c:1369:16: error: cast to pointer from integer of different size [-Werror=int-to-pointer-cast]
1369 |   bucket_ptr = (uint8_t *)get_address(lkup_mem_cfg, bucket_offset);
|                ^
cc1: all warnings being treated as errors
ninja: build stopped: subcommand failed.
==== End log output ====

Ubuntu 20.04
	Kernel: 5.15
	Compiler: aarch64-linux-gnu-gcc gcc (Ubuntu 9.4.0-1ubuntu1~20.04.2) 9.4.0

Red Hat Enterprise Linux 9.5
	Kernel: 5.4
	Compiler: gcc gcc (GCC) 11.5.0 20240719 (Red Hat 11.5.0-2)

Fedora Linux 42
	Kernel: 5.4
	Compiler: gcc gcc (GCC) 15.2.1 20250808 (Red Hat 15.2.1-1)

Ubuntu 22.04
	Kernel: 5.4
	Compiler: gcc gcc (Ubuntu 11.4.0-1ubuntu1~22.04) 11.4.0

Debian GNU/Linux 12
	Kernel: 5.4
	Compiler: gcc gcc (Debian 12.2.0-14+deb12u1) 12.2.0

CentOS Stream 9
	Kernel: 5.4
	Compiler: gcc gcc (GCC) 11.5.0 20240719 (Red Hat 11.5.0-11)

Ubuntu 24.04
	Kernel: 5.4
	Compiler: gcc gcc (Ubuntu 13.3.0-6ubuntu2~24.04) 13.3.0

CentOS Stream 10
	Kernel: 5.4
	Compiler: gcc gcc (GCC) 14.2.1 20250110 (Red Hat 14.2.1-8)

To view detailed results, visit:
https://lab.dpdk.org/results/dashboard/patchsets/34247/

UNH-IOL DPDK Community Lab

To manage your email subscriptions, visit: 
https://lab.dpdk.org/results/dashboard/preferences/subscriptions/

      parent reply	other threads:[~2025-10-10 11:48 UTC|newest]

Thread overview: 20+ messages / expand[flat|nested]  mbox.gz  Atom feed  top
     [not found] <20251009221129.28256-55-manish.kurup@broadcom.com>
2025-10-10  6:35 ` |SUCCESS| pw157449-157443 [PATCH v2 54/54] net/bnxt/tf_ulp: remove Truflow DEBUG code qemudev
2025-10-10  6:40 ` qemudev
2025-10-10  7:08 ` |SUCCESS| pw157443 " checkpatch
2025-10-10  7:45 ` |PENDING| pw157449-157443 [PATCH] [v2,54/54] net/bnxt/tf_ulp: remove dpdklab
2025-10-10  7:49 ` |SUCCESS| " dpdklab
2025-10-10  7:53 ` dpdklab
2025-10-10  7:57 ` dpdklab
2025-10-10  8:20 ` dpdklab
2025-10-10  8:21 ` |PENDING| " dpdklab
2025-10-10  8:26 ` dpdklab
2025-10-10  8:47 ` |FAILURE| pw157443 [PATCH v2 54/54] net/bnxt/tf_ulp: remove Truflow DEBUG code 0-day Robot
2025-10-10  8:51 ` |SUCCESS| pw157449-157443 [PATCH] [v2,54/54] net/bnxt/tf_ulp: remove dpdklab
2025-10-10  9:04 ` dpdklab
2025-10-10  9:08 ` dpdklab
2025-10-10  9:25 ` |FAILURE| " dpdklab
2025-10-10  9:35 ` |SUCCESS| " dpdklab
2025-10-10  9:52 ` dpdklab
2025-10-10 10:09 ` dpdklab
2025-10-10 10:23 ` |FAILURE| " dpdklab
2025-10-10 11:48 ` dpdklab [this message]

Reply instructions:

You may reply publicly to this message via plain-text email
using any one of the following methods:

* Save the following mbox file, import it into your mail client,
  and reply-to-all from there: mbox

  Avoid top-posting and favor interleaved quoting:
  https://en.wikipedia.org/wiki/Posting_style#Interleaved_style

* Reply using the --to, --cc, and --in-reply-to
  switches of git-send-email(1):

  git send-email \
    --in-reply-to=68e8f290.050a0220.27748d.9146SMTPIN_ADDED_MISSING@mx.google.com \
    --to=dpdklab@iol.unh.edu \
    --cc=dpdk-test-reports@iol.unh.edu \
    --cc=manish.kurup@broadcom.com \
    --cc=test-report@dpdk.org \
    /path/to/YOUR_REPLY

  https://kernel.org/pub/software/scm/git/docs/git-send-email.html

* If your mail client supports setting the In-Reply-To header
  via mailto: links, try the mailto: link
Be sure your reply has a Subject: header at the top and a blank line before the message body.
This is a public inbox, see mirroring instructions
for how to clone and mirror all data and code used for this inbox;
as well as URLs for NNTP newsgroup(s).