From mboxrd@z Thu Jan 1 00:00:00 1970 Return-Path: Received: from mails.dpdk.org (mails.dpdk.org [217.70.189.124]) by inbox.dpdk.org (Postfix) with ESMTP id 6FB8F488FE for ; Fri, 10 Oct 2025 13:48:34 +0200 (CEST) Received: from mails.dpdk.org (localhost [127.0.0.1]) by mails.dpdk.org (Postfix) with ESMTP id 684B54026F; Fri, 10 Oct 2025 13:48:34 +0200 (CEST) Received: from mail-il1-f225.google.com (mail-il1-f225.google.com [209.85.166.225]) by mails.dpdk.org (Postfix) with ESMTP id 2CC7F4026F for ; Fri, 10 Oct 2025 13:48:33 +0200 (CEST) Received: by mail-il1-f225.google.com with SMTP id e9e14a558f8ab-42f94689e73so13510985ab.0 for ; Fri, 10 Oct 2025 04:48:33 -0700 (PDT) DKIM-Signature: v=1; a=rsa-sha256; c=relaxed/relaxed; d=iol.unh.edu; s=unh-iol; t=1760096912; x=1760701712; darn=dpdk.org; h=references:in-reply-to:cc:to:from:subject:message-id:date:from:to :cc:subject:date:message-id:reply-to; bh=2vqiKQga2xHPKwiAtXk/o7NzBMeZ1oQ4bA4ZfCc23Oc=; b=hEF+vrv+H5sviBWoX1BuDJgragHjcFm+rv/a7+slxh1BXqDoxRUc8g0nWWsN6+a8Pq NgO6ZoBimT30h+HpsWPadyHWJL7dPRsv0JozeV7tkhIe2KmJzdxAH+a7o68AMrilSvIt DFOG4jdXLe6DC7x4wFznb7SmMndttdxXQxlAY= X-Google-DKIM-Signature: v=1; a=rsa-sha256; c=relaxed/relaxed; d=1e100.net; s=20230601; t=1760096912; x=1760701712; h=references:in-reply-to:cc:to:from:subject:message-id:date :x-gm-message-state:from:to:cc:subject:date:message-id:reply-to; bh=2vqiKQga2xHPKwiAtXk/o7NzBMeZ1oQ4bA4ZfCc23Oc=; b=XJ05f9pAw/t154Df4nuw8sWBonTh90t+MZnX5hkkauHWBJE8o/SNn6QOdeM2hHQxn5 krGNw7Qb9QHXsOHaVvKxVUI+8gToTvDMr0vYNqDdhTqkL5rS+hA/Xbr3T5yU3L1xGOnb MIY8rAb5FUlNR0hteSGjXLaOzYjcC1/6Wha2i9wt/v8iuqAO5ZSRj1eLmULVUFDDKmEd +/lFkZqfSHg1N+LOUmPrXsEtRs5IPurNsyVaD/0crXjVMJOLsZPmCY6f7KcFySJrgq9W jOa+vBzokDR5r1t+H1doOkR8yZu8pTejqBvMC/7W5TT8jJ5TDC9oa+F/ur0UatzRzvSf RKfw== X-Gm-Message-State: AOJu0YwwOoZYThpH7cl8AzALaKHmcsWoKIF32fXoSPuWyIch+gf3YzGS pSdiFVEg2D7dLIya0Lgaofwnwna2r9+kZucOLrX1pa/gNse06/VRu4I66Lii21hl9/DRpwr36q/ 4fsYC6411phOx+j5pb6FhW8xP09VlU67wA6BbmmwYM1yX6d09l9Wi X-Gm-Gg: ASbGncutJX/AK84cTjdr+NSUjQCmr/GKfJSIX6hBwpXSgjXjDkNvjX7lHDSyvfYAvNo eNBbjRfFc9dBmGmyj/ORrqo2VYE+0vNmvsgoVRAoVx7CbkIwFJ3b9G2Oij8JLd6r4MgYkLDznnu CKPNAMTJMq5oxP309yIix7qdH/7Ml48AdTi/w2zL/1vilea6DSLsvh4ksSXGCpOjjjmt3Fc5mBq DPhlL7HzUh3zeBSyh9XRPevn5xl3dbcmF5OCqTncdVdvLvyoBy4scABuZqz2lMAixvKSZLGPQpI jeat62SijPaEWMrsljGHbgQ8gKY1ZZNfjbmOV7bP5c156ZEmtg== X-Google-Smtp-Source: AGHT+IE79Xgu2hG/6DlNH3G0RUBVX0wpozywpunBBz+KlZiQfOqvtqu+gzBQDMX9deR9JwnFTCiXvrMeqAGD X-Received: by 2002:a05:6e02:3046:b0:42f:9d17:c363 with SMTP id e9e14a558f8ab-42f9d17c39cmr24098615ab.13.1760096912344; Fri, 10 Oct 2025 04:48:32 -0700 (PDT) Received: from postal.iol.unh.edu (postal.iol.unh.edu. [2606:4100:3880:1234::84]) by smtp-relay.gmail.com with ESMTPS id 8926c6da1cb9f-58f71e1db42sm175587173.40.2025.10.10.04.48.32 (version=TLS1_2 cipher=ECDHE-ECDSA-AES128-GCM-SHA256 bits=128/128); Fri, 10 Oct 2025 04:48:32 -0700 (PDT) X-Relaying-Domain: iol.unh.edu Date: Fri, 10 Oct 2025 04:48:32 -0700 (PDT) Message-ID: <68e8f290.050a0220.27748d.9146SMTPIN_ADDED_MISSING@mx.google.com> Received: from [172.21.0.2] (unknown [172.18.0.240]) by postal.iol.unh.edu (Postfix) with ESMTP id DD1136051830; Fri, 10 Oct 2025 07:48:31 -0400 (EDT) Subject: |FAILURE| pw157449-157443 [PATCH] [v2,54/54] net/bnxt/tf_ulp: remove From: dpdklab@iol.unh.edu To: Test Report Cc: dpdk-test-reports@iol.unh.edu, Manish Kurup In-Reply-To: <20251009221129.28256-55-manish.kurup@broadcom.com> References: <20251009221129.28256-55-manish.kurup@broadcom.com> Content-Type: text/plain X-BeenThere: test-report@dpdk.org X-Mailman-Version: 2.1.29 Precedence: list List-Id: automatic DPDK test reports List-Unsubscribe: , List-Archive: List-Post: List-Help: List-Subscribe: , Errors-To: test-report-bounces@dpdk.org Test-Label: iol-compile-arm64-testing Test-Status: FAILURE http://dpdk.org/patch/157443 _Testing issues_ Submitter: Manish Kurup Date: Thursday, October 09 2025 22:11:29 DPDK git baseline: Repo:dpdk-next-net-brcm Branch: master CommitID:1d627ea13aeec2bcccf27246e6be2508370d171e 157449-157443 --> testing issues Upstream job id: Generic-DPDK-Compile-Meson#433114 Test environment and result as below: +------------------------------+--------------------+ | Environment | dpdk_meson_compile | +==============================+====================+ | Ubuntu 20.04 | FAIL | +------------------------------+--------------------+ | Red Hat Enterprise Linux 9.5 | PASS | +------------------------------+--------------------+ | Fedora Linux 42 | PASS | +------------------------------+--------------------+ | Ubuntu 22.04 | PASS | +------------------------------+--------------------+ | Debian GNU/Linux 12 | PASS | +------------------------------+--------------------+ | CentOS Stream 9 | PASS | +------------------------------+--------------------+ | Ubuntu 24.04 | PASS | +------------------------------+--------------------+ | CentOS Stream 10 | PASS | +------------------------------+--------------------+ ==== 20 line log output for Ubuntu 20.04 (dpdk_meson_compile): ==== | ^~~~~~~~~~~~~~~~~~~~~~~~~~~~~~~~~~~~~~~~~~~~~~~~~~~~ ../drivers/net/bnxt/tf_core/v3/tfc_mpc_debug.c:1151:2: note: in definition of macro 'STATS_METER_FMT' 1151 | "\tMeter pkt count:%016ld Meter byte count:%016ld\n" | ^~~~~~~~~~~~~~~~~~~~~~~~~~~~~~~~~~~~~~~~~~~~~~~~~~~~ ../drivers/net/bnxt/tf_core/v3/tfc_mpc_debug.c:1151:50: note: format string is defined here 1151 | "\tMeter pkt count:%016ld Meter byte count:%016ld\n" | ~~~~~^ | | | long int | %016lld ../drivers/net/bnxt/tf_core/v3/tfc_mpc_debug.c: In function 'bucket_decode': ../drivers/net/bnxt/tf_core/v3/tfc_mpc_debug.c:1243:13: error: cast to pointer from integer of different size [-Werror=int-to-pointer-cast] 1243 | em_ptr = (uint8_t *)get_address(lkup_mem_cfg, | ^ ../drivers/net/bnxt/tf_core/v3/tfc_mpc_debug.c: In function 'tfc_em_show': ../drivers/net/bnxt/tf_core/v3/tfc_mpc_debug.c:1369:16: error: cast to pointer from integer of different size [-Werror=int-to-pointer-cast] 1369 | bucket_ptr = (uint8_t *)get_address(lkup_mem_cfg, bucket_offset); | ^ cc1: all warnings being treated as errors ninja: build stopped: subcommand failed. ==== End log output ==== Ubuntu 20.04 Kernel: 5.15 Compiler: aarch64-linux-gnu-gcc gcc (Ubuntu 9.4.0-1ubuntu1~20.04.2) 9.4.0 Red Hat Enterprise Linux 9.5 Kernel: 5.4 Compiler: gcc gcc (GCC) 11.5.0 20240719 (Red Hat 11.5.0-2) Fedora Linux 42 Kernel: 5.4 Compiler: gcc gcc (GCC) 15.2.1 20250808 (Red Hat 15.2.1-1) Ubuntu 22.04 Kernel: 5.4 Compiler: gcc gcc (Ubuntu 11.4.0-1ubuntu1~22.04) 11.4.0 Debian GNU/Linux 12 Kernel: 5.4 Compiler: gcc gcc (Debian 12.2.0-14+deb12u1) 12.2.0 CentOS Stream 9 Kernel: 5.4 Compiler: gcc gcc (GCC) 11.5.0 20240719 (Red Hat 11.5.0-11) Ubuntu 24.04 Kernel: 5.4 Compiler: gcc gcc (Ubuntu 13.3.0-6ubuntu2~24.04) 13.3.0 CentOS Stream 10 Kernel: 5.4 Compiler: gcc gcc (GCC) 14.2.1 20250110 (Red Hat 14.2.1-8) To view detailed results, visit: https://lab.dpdk.org/results/dashboard/patchsets/34247/ UNH-IOL DPDK Community Lab To manage your email subscriptions, visit: https://lab.dpdk.org/results/dashboard/preferences/subscriptions/