From mboxrd@z Thu Jan 1 00:00:00 1970 Return-Path: Received: from mails.dpdk.org (mails.dpdk.org [217.70.189.124]) by inbox.dpdk.org (Postfix) with ESMTP id 3E24648906 for ; Sat, 11 Oct 2025 06:31:59 +0200 (CEST) Received: from mails.dpdk.org (localhost [127.0.0.1]) by mails.dpdk.org (Postfix) with ESMTP id 392F44021E; Sat, 11 Oct 2025 06:31:59 +0200 (CEST) Received: from mail-pg1-f226.google.com (mail-pg1-f226.google.com [209.85.215.226]) by mails.dpdk.org (Postfix) with ESMTP id 1491F4003C for ; Sat, 11 Oct 2025 06:31:58 +0200 (CEST) Received: by mail-pg1-f226.google.com with SMTP id 41be03b00d2f7-b5579235200so1755589a12.3 for ; Fri, 10 Oct 2025 21:31:57 -0700 (PDT) DKIM-Signature: v=1; a=rsa-sha256; c=relaxed/relaxed; d=iol.unh.edu; s=unh-iol; t=1760157117; x=1760761917; darn=dpdk.org; h=cc:to:from:subject:message-id:date:from:to:cc:subject:date :message-id:reply-to; bh=hasF10lLHGmQgZuSEly7fX9xF/1ndhteOmB0DDsZsYI=; b=TxJLykoyk1+OcY8YNo6SsqOCXalEVM3vP/9nAccNgjTSWWI86graWATOyxFS4cyCB5 qyEFIRue4wndkStbfl5AGIPWRG0fw5efWWrdgQOVPFeDXKv298xs57bHQhEcdHHooVkS QsCkkvF+fOz7l3t84VS30S5o3BrOuEWznqCEE= X-Google-DKIM-Signature: v=1; a=rsa-sha256; c=relaxed/relaxed; d=1e100.net; s=20230601; t=1760157117; x=1760761917; h=cc:to:from:subject:message-id:date:x-gm-message-state:from:to:cc :subject:date:message-id:reply-to; bh=hasF10lLHGmQgZuSEly7fX9xF/1ndhteOmB0DDsZsYI=; b=F6G5n3VFX+URf8H2BoT2YuSsa3DNmnLtjog1NYe6v+MFP3eYH2deVty2DNtIV8OLFo 0hvIs1EWku4KduTlpjZ5QhJ+7LZlrH+ufuzkpBLqaGBd8HtNX09Xp+eoFgZk6PGQmblA UON8zUVgoFkpUoV3/NVkI10P7VjR1VzGqRrCSIVO3E0D2iPWtHrMKr+y1glU1qrpyjCK KpbK4ZVI6UEjWYkY5zNAgBOwC/ISLsqW9GPtrs5TlYG8HMKP62jgu+ZFvnIElWxlGeFZ Kc6VycDkYkKOZFlvzw7719iVfFp4iOdMT//ZFB24BAIHDaM31WoHABU51iBaVQIkAknL jgEA== X-Gm-Message-State: AOJu0YyKRX0LZRK73H/KC0XJbn0ApVhYDsJmeFOLHAezbvJA3rmyFIjp gmxcgd9trjseVFMcnnqt3vUCffPmvHMe9Lwokiw1Bg6lD5KUuIifubKa80hU/ck9IvOzCCKoiNg ESFdQ0kHO0UUbZOGpG3CEMy4asReuk/TZjTxYLcReLmxr0gTC/NXr X-Gm-Gg: ASbGnctRH4XTz3yhfpAmbOCbrRrleLqzYjB0id8iAUvqxzJ2KEhMOyUs9hxWCY94oJY EdyXO5zcNiDieneXvRBh/aQjgGC4+d6CA96w68QvnvT2ZwvJoSsKSUMFR/jSKy5mmm9XZ/k49Hi pCDqnq714KeK1Ca07mezMqFjzBXX0uLCJEe65MJS2iPeXANn86AO+wanVlzAMbayOh32dTaGvWc Ly4U0xA0G5BX9UWlxqeg8K30EqeYj4sWK1g2O0irflO27MxslyijaYQlcVnMilY+qVtoFAQK0Jy C8Eh7Ew/YnOSaIu4ZYLOcIvjFsFSqUCE0sbLM2TiL5p64kYRLQ== X-Google-Smtp-Source: AGHT+IG+00+zmKvhUiNfeCpqFy1tcUHG4b0l4QgQDy5b9P7J8dShMSkXeyFgbIDNzBrhGiNrsZkXR1zryn1J X-Received: by 2002:a17:902:ce81:b0:288:ea7a:56b5 with SMTP id d9443c01a7336-2902723b882mr201935305ad.15.1760157117233; Fri, 10 Oct 2025 21:31:57 -0700 (PDT) Received: from postal.iol.unh.edu (postal.iol.unh.edu. [2606:4100:3880:1234::84]) by smtp-relay.gmail.com with ESMTPS id d9443c01a7336-29034ef023esm5636455ad.36.2025.10.10.21.31.57 (version=TLS1_2 cipher=ECDHE-ECDSA-AES128-GCM-SHA256 bits=128/128); Fri, 10 Oct 2025 21:31:57 -0700 (PDT) X-Relaying-Domain: iol.unh.edu Date: Fri, 10 Oct 2025 21:31:57 -0700 (PDT) Message-ID: <68e9ddbd.170a0220.1ce63.c973SMTPIN_ADDED_MISSING@mx.google.com> Received: from [172.21.0.2] (unknown [172.18.0.240]) by postal.iol.unh.edu (Postfix) with ESMTP id 6CBE96051830; Sat, 11 Oct 2025 00:31:56 -0400 (EDT) Subject: |FAILURE| [GIT MASTER] 3b43ce3f4a54468e7ef65760c2fd7b4d6ee6d9fc From: dpdklab@iol.unh.edu To: Test Report Cc: dpdk-test-reports@iol.unh.edu, Xueming Li , Christian Ehrhardt , Kevin Traynor , Luca Boccassi Content-Type: text/plain X-BeenThere: test-report@dpdk.org X-Mailman-Version: 2.1.29 Precedence: list List-Id: automatic DPDK test reports List-Unsubscribe: , List-Archive: List-Post: List-Help: List-Subscribe: , Errors-To: test-report-bounces@dpdk.org _Testing issues_ Branch: tags/v22.11 3b43ce3f4a54468e7ef65760c2fd7b4d6ee6d9fc --> testing issues Upstream job id: Generic-Unit-Test-DPDK#380340 Test environment and result as below: +-----------------+---------------------------+------------------------------+--------------+----------------+ | Environment | cryptodev_sw_zuc_autotest | cryptodev_sw_snow3g_autotest | lpm_autotest | dpdk_unit_test | +=================+===========================+==============================+==============+================+ | Debian 12 (arm) | PASS | PASS | SKIPPED | SKIPPED | +-----------------+---------------------------+------------------------------+--------------+----------------+ | Ubuntu 20.04 | SKIPPED | SKIPPED | FAIL | SKIPPED | +-----------------+---------------------------+------------------------------+--------------+----------------+ | Ubuntu 22.04 | SKIPPED | SKIPPED | SKIPPED | PEND | +-----------------+---------------------------+------------------------------+--------------+----------------+ ==== 20 line log output for Ubuntu 20.04 (lpm_autotest): ==== [671/690] Compiling C object 'app/test/3062f5d@@dpdk-test@exe/test_threads.c.o'. [672/690] Compiling C object 'app/test/3062f5d@@dpdk-test@exe/test_thash.c.o'. [673/690] Compiling C object 'app/test/3062f5d@@dpdk-test@exe/test_thash_perf.c.o'. [674/690] Compiling C object 'app/test/3062f5d@@dpdk-test@exe/test_timer.c.o'. [675/690] Compiling C object 'app/test/3062f5d@@dpdk-test@exe/test_timer_perf.c.o'. [676/690] Compiling C object 'app/test/3062f5d@@dpdk-test@exe/test_timer_racecond.c.o'. [677/690] Compiling C object 'app/test/3062f5d@@dpdk-test@exe/test_timer_secondary.c.o'. [678/690] Compiling C object 'app/test/3062f5d@@dpdk-test@exe/test_ticketlock.c.o'. [679/690] Compiling C object 'app/test/3062f5d@@dpdk-test@exe/test_trace.c.o'. [680/690] Compiling C object 'app/test/3062f5d@@dpdk-test@exe/test_trace_register.c.o'. [681/690] Compiling C object 'app/test/3062f5d@@dpdk-test@exe/test_version.c.o'. [682/690] Compiling C object 'app/test/3062f5d@@dpdk-test@exe/test_ring.c.o'. [683/690] Compiling C object 'app/test/3062f5d@@dpdk-test@exe/test_telemetry_json.c.o'. [684/690] Compiling C object 'app/test/3062f5d@@dpdk-test@exe/test_telemetry_data.c.o'. [685/690] Compiling C object 'app/test/3062f5d@@dpdk-test@exe/test_pcapng.c.o'. [686/690] Compiling C object 'app/test/3062f5d@@dpdk-test@exe/virtual_pmd.c.o'. [687/690] Compiling C object 'app/test/3062f5d@@dpdk-test@exe/test_bpf.c.o'. [688/690] Compiling C object 'app/test/3062f5d@@dpdk-test@exe/test_compressdev.c.o'. [689/690] Compiling C object 'app/test/3062f5d@@dpdk-test@exe/test_trace_perf.c.o'. [690/690] Linking target app/test/dpdk-test. ==== End log output ==== Debian 12 (arm) Kernel: Depends on container host Compiler: gcc (Debian 12.2.0-14) 12.2.0 Ubuntu 20.04 Kernel: 5.4 Compiler: gcc gcc (Ubuntu 9.4.0-1ubuntu1~20.04.2) 9.4.0 Ubuntu 22.04 Kernel: 5.15 Compiler: gcc gcc (Ubuntu 11.4.0-1ubuntu1~22.04.2) 11.4.0 To view detailed results, visit: https://lab.dpdk.org/results/dashboard/tarballs/35171/ UNH-IOL DPDK Community Lab To manage your email subscriptions, visit: https://lab.dpdk.org/results/dashboard/preferences/subscriptions/