From mboxrd@z Thu Jan 1 00:00:00 1970 Return-Path: Received: from mails.dpdk.org (mails.dpdk.org [217.70.189.124]) by inbox.dpdk.org (Postfix) with ESMTP id 08EFC48906 for ; Sat, 11 Oct 2025 06:53:28 +0200 (CEST) Received: from mails.dpdk.org (localhost [127.0.0.1]) by mails.dpdk.org (Postfix) with ESMTP id C6C1D4003C; Sat, 11 Oct 2025 06:53:28 +0200 (CEST) Received: from mail-io1-f100.google.com (mail-io1-f100.google.com [209.85.166.100]) by mails.dpdk.org (Postfix) with ESMTP id 190DB4003C for ; Sat, 11 Oct 2025 06:53:27 +0200 (CEST) Received: by mail-io1-f100.google.com with SMTP id ca18e2360f4ac-91122373653so107159739f.1 for ; Fri, 10 Oct 2025 21:53:26 -0700 (PDT) DKIM-Signature: v=1; a=rsa-sha256; c=relaxed/relaxed; d=iol.unh.edu; s=unh-iol; t=1760158406; x=1760763206; darn=dpdk.org; h=cc:to:from:subject:message-id:date:from:to:cc:subject:date :message-id:reply-to; bh=ULM2/LWnJEivIaTA1r+5z6bITf7MuetVEiKvAL4UJv8=; b=PwjTKMUkRfjUlP2ZsCdPJYjyV1D7YsPQPAGbC+cTeLyXI6W0/gG6HnszbcUZ2JD1cK mYGw71pe/Z9Ns7Gc+a7Ev+7Chmpt/Gz5Qg6XnkOnIWhX4THiL5yLaDkXNaXavdYmkZ+c C4ztfILabYCpPgsNXdGZqv1bi4G+grn0zP540= X-Google-DKIM-Signature: v=1; a=rsa-sha256; c=relaxed/relaxed; d=1e100.net; s=20230601; t=1760158406; x=1760763206; h=cc:to:from:subject:message-id:date:x-gm-message-state:from:to:cc :subject:date:message-id:reply-to; bh=ULM2/LWnJEivIaTA1r+5z6bITf7MuetVEiKvAL4UJv8=; b=Li7GwFiTpvzNEL9/1xTtaFGGPDiG8N1Z9xurUT5EwtHqoO7wsji+EDF+mSwxFJazNv WYsloVCRrG717jKjbQk18gxIzBhye5SMOfbmgQu4RxGOepLTb/fvl3wgAGQdIFBcD7cB 5Psy9QFdWCa6hoiNjB5wAYEnmcpsl5mg2s4FPpRGU9gl2mllOBU73XuF5ZXHJp3Gshqb FjLxgtKsKgb5fIM1yB3OtpwGKnpEUUsifv37Efn8q6YttifPs+nAmK+CRhH/BlwWiCu7 GEpgy+lLgimIqvf6XLm4MV57uiXtb+LsglwtzKNSNs2OBOFA0FabhquKilBG3BfUJm5H usQQ== X-Gm-Message-State: AOJu0YzfJ/X6SaxKXFPp4dMnjRf/igj2t+/3JJz2NE3sSB4Z4AdKI/14 oTW3DZKwleHDbKSrdxvu0+VG5wmAjDUaXyr5JWjujNQQ6WAL6vwWTtX3o7m5EHzkl5lXFnaUe4N cYvNKGecFE8sqswP11rS9dzkORh+QdB95ieaq X-Gm-Gg: ASbGncu6b5IYIHdMKbNMMrBAVmqZZcJS2r+r0OovzxKYeSazXjHbiWTFYH2ZGTtOU56 sHJRFc2B+gYJ8vHqiwTFF1/SIadopsiyxHuuC+KwSDle8fA8fX8u+H7K5U+XC6oGEyq7hI/UtPY 3m86YKFJthKWwgpAgt04R8al30UWUbGYpp8Y/8JOXKGUsBMPtJ6ajhFB0YczCkbraR3ZPfrCvDX Y4a2s5/ihX9xVlZXcTvERvBbOX+uRg4qvaG8eJXlxQ0LD4fvfkC5HO34fxZM1xVE0DLltwM+tOj Ya+reJUXPFdYhlQ+3JVkxS1ABjCQMFB4fd+VtdVmNCOA8fIjB38Gajq0P8zOc1tkXzsC2nlI X-Google-Smtp-Source: AGHT+IG5pFEZsztIwRAxcPxtHCWl3VqWDv4oKYkIznK4ZhaeSpWNXbuBsR3WaGle3QnpUaBBCnPYbbTiSQmU X-Received: by 2002:a05:6e02:1707:b0:425:e850:b2e3 with SMTP id e9e14a558f8ab-42f874537cemr158492415ab.32.1760158406184; Fri, 10 Oct 2025 21:53:26 -0700 (PDT) Received: from postal.iol.unh.edu (postal.iol.unh.edu. [132.177.123.84]) by smtp-relay.gmail.com with ESMTPS id 8926c6da1cb9f-58f6d041f33sm357395173.5.2025.10.10.21.53.26 (version=TLS1_2 cipher=ECDHE-ECDSA-AES128-GCM-SHA256 bits=128/128); Fri, 10 Oct 2025 21:53:26 -0700 (PDT) X-Relaying-Domain: iol.unh.edu Date: Fri, 10 Oct 2025 21:53:26 -0700 (PDT) Message-ID: <68e9e2c6.050a0220.178276.22a6SMTPIN_ADDED_MISSING@mx.google.com> Received: from [172.21.0.4] (unknown [172.18.0.240]) by postal.iol.unh.edu (Postfix) with ESMTP id ACD3C6051830; Sat, 11 Oct 2025 00:53:25 -0400 (EDT) Subject: |FAILURE| [GIT MASTER] 3b43ce3f4a54468e7ef65760c2fd7b4d6ee6d9fc From: dpdklab@iol.unh.edu To: Test Report Cc: dpdk-test-reports@iol.unh.edu, Xueming Li , Christian Ehrhardt , Kevin Traynor , Luca Boccassi Content-Type: text/plain X-BeenThere: test-report@dpdk.org X-Mailman-Version: 2.1.29 Precedence: list List-Id: automatic DPDK test reports List-Unsubscribe: , List-Archive: List-Post: List-Help: List-Subscribe: , Errors-To: test-report-bounces@dpdk.org _Testing issues_ Branch: tags/v22.11 3b43ce3f4a54468e7ef65760c2fd7b4d6ee6d9fc --> testing issues Upstream job id: Aarch32-Unit-Test#7803 Test environment and result as below: +-----------------+---------------------------+------------------------------+--------------+----------------+ | Environment | cryptodev_sw_zuc_autotest | cryptodev_sw_snow3g_autotest | lpm_autotest | dpdk_unit_test | +=================+===========================+==============================+==============+================+ | Debian 12 (arm) | PASS | PASS | SKIPPED | SKIPPED | +-----------------+---------------------------+------------------------------+--------------+----------------+ | Ubuntu 20.04 | SKIPPED | SKIPPED | FAIL | SKIPPED | +-----------------+---------------------------+------------------------------+--------------+----------------+ | Ubuntu 22.04 | SKIPPED | SKIPPED | SKIPPED | PASS | +-----------------+---------------------------+------------------------------+--------------+----------------+ ==== 20 line log output for Ubuntu 20.04 (lpm_autotest): ==== [671/690] Compiling C object 'app/test/3062f5d@@dpdk-test@exe/test_threads.c.o'. [672/690] Compiling C object 'app/test/3062f5d@@dpdk-test@exe/test_thash.c.o'. [673/690] Compiling C object 'app/test/3062f5d@@dpdk-test@exe/test_thash_perf.c.o'. [674/690] Compiling C object 'app/test/3062f5d@@dpdk-test@exe/test_timer.c.o'. [675/690] Compiling C object 'app/test/3062f5d@@dpdk-test@exe/test_timer_perf.c.o'. [676/690] Compiling C object 'app/test/3062f5d@@dpdk-test@exe/test_timer_racecond.c.o'. [677/690] Compiling C object 'app/test/3062f5d@@dpdk-test@exe/test_timer_secondary.c.o'. [678/690] Compiling C object 'app/test/3062f5d@@dpdk-test@exe/test_ticketlock.c.o'. [679/690] Compiling C object 'app/test/3062f5d@@dpdk-test@exe/test_trace.c.o'. [680/690] Compiling C object 'app/test/3062f5d@@dpdk-test@exe/test_trace_register.c.o'. [681/690] Compiling C object 'app/test/3062f5d@@dpdk-test@exe/test_version.c.o'. [682/690] Compiling C object 'app/test/3062f5d@@dpdk-test@exe/test_ring.c.o'. [683/690] Compiling C object 'app/test/3062f5d@@dpdk-test@exe/test_telemetry_json.c.o'. [684/690] Compiling C object 'app/test/3062f5d@@dpdk-test@exe/test_telemetry_data.c.o'. [685/690] Compiling C object 'app/test/3062f5d@@dpdk-test@exe/test_pcapng.c.o'. [686/690] Compiling C object 'app/test/3062f5d@@dpdk-test@exe/virtual_pmd.c.o'. [687/690] Compiling C object 'app/test/3062f5d@@dpdk-test@exe/test_bpf.c.o'. [688/690] Compiling C object 'app/test/3062f5d@@dpdk-test@exe/test_compressdev.c.o'. [689/690] Compiling C object 'app/test/3062f5d@@dpdk-test@exe/test_trace_perf.c.o'. [690/690] Linking target app/test/dpdk-test. ==== End log output ==== Debian 12 (arm) Kernel: Depends on container host Compiler: gcc (Debian 12.2.0-14) 12.2.0 Ubuntu 20.04 Kernel: 5.4 Compiler: gcc gcc (Ubuntu 9.4.0-1ubuntu1~20.04.2) 9.4.0 Ubuntu 22.04 Kernel: 5.15 Compiler: gcc gcc (Ubuntu 11.4.0-1ubuntu1~22.04.2) 11.4.0 To view detailed results, visit: https://lab.dpdk.org/results/dashboard/tarballs/35171/ UNH-IOL DPDK Community Lab To manage your email subscriptions, visit: https://lab.dpdk.org/results/dashboard/preferences/subscriptions/