From mboxrd@z Thu Jan 1 00:00:00 1970 Return-Path: Received: from mails.dpdk.org (mails.dpdk.org [217.70.189.124]) by inbox.dpdk.org (Postfix) with ESMTP id 071E948906 for ; Sat, 11 Oct 2025 07:53:10 +0200 (CEST) Received: from mails.dpdk.org (localhost [127.0.0.1]) by mails.dpdk.org (Postfix) with ESMTP id 0192E4003C; Sat, 11 Oct 2025 07:53:10 +0200 (CEST) Received: from mail-il1-f227.google.com (mail-il1-f227.google.com [209.85.166.227]) by mails.dpdk.org (Postfix) with ESMTP id 970924003C for ; Sat, 11 Oct 2025 07:53:08 +0200 (CEST) Received: by mail-il1-f227.google.com with SMTP id e9e14a558f8ab-42f90b88beaso10421915ab.3 for ; Fri, 10 Oct 2025 22:53:08 -0700 (PDT) DKIM-Signature: v=1; a=rsa-sha256; c=relaxed/relaxed; d=iol.unh.edu; s=unh-iol; t=1760161988; x=1760766788; darn=dpdk.org; h=cc:to:from:subject:message-id:date:from:to:cc:subject:date :message-id:reply-to; bh=BLQqV/IDOyXinsi+2qZ7ia46PfKPl+l6YwB9iR5G7dM=; b=iSs6eLtX0oIh9SULGPxZ9NH/r4Ch2FUGD+nIS3zzVwfuShnMScHP+I1unrcjWJkKxx FiNWwnANp4iFYTdg2r7sCKLtbhVM7tJyQ3Zl3nGCAlQ4Gmn8aO2ZdOzkaPMMEHeaRtSm 8JGzyn8ijqD9avY1bEAwvI454OLptVG92ZiV0= X-Google-DKIM-Signature: v=1; a=rsa-sha256; c=relaxed/relaxed; d=1e100.net; s=20230601; t=1760161988; x=1760766788; h=cc:to:from:subject:message-id:date:x-gm-message-state:from:to:cc :subject:date:message-id:reply-to; bh=BLQqV/IDOyXinsi+2qZ7ia46PfKPl+l6YwB9iR5G7dM=; b=Ebw63fotfbwfQimkIJw4s1noEg7F+H3F3UXskY06hDuQqHdUH/Vbake4FbjVJbOcuG Nylo5MH4tp3yj/BlufbR+rEMlOK75xFT58gsJgIY2gnGKeFEYQLno4OEjpWf/XdDuQ+T Ct9ka1Rh1ydMyGqMwOhWBO8FpsPzyXtWNpSUnORVw6nPWN19r0nwSbAjvO9iLZIlh6+p p0nX2oajo2INhTXFcShzJ/rVc7KsPhj8++c1VuusDqkQK83TWHULIrVhApj0FEeOJ8sb 4/ujP70sjmYsgVKr4paF5jF/tBK/IDHUC/NQnCs/p+EnZVRa3pxzZbo8cD4qsd1VbV7v urfQ== X-Gm-Message-State: AOJu0YxixpZXJbWx53tcRe8rro3lZ8v37qp+JqVmSbXujDcDYHVam3dy KXfh/dUg9pAEYeyujS7eVI2jclApGxd7mmaCnwn5CCu+XTO+4+O9pUeipAhidhCytgGdD1/PoSd UxUNbSe4M+4c44RrQDgmlIpMl6XpI6Q9/RMTK X-Gm-Gg: ASbGncvqZIiBUQcuzzZ3axsvlAnGYQrB5iO0B3qI1keSMfSx1guYjjGt0hh/3s4wPA+ GG3u+dOjDIEQ0/SqjdodGb1AglJnUExgiQfLtTTRVKa7kSZq+jS4bhd0ibc+iVFk8bt6cIVAcJO YgZBZFiWE/bOh00zhAFbcrU4B8AnJUocpf50sassq6Ru2Q+BQeIfClp1+2U8gVbkpxH+cEQb1/Q gx3Mc/k7MVCBJBLKuJ+MLlwWGPOSMtWG4L2fz2WDapzn9Lul3JitUX5N+uiGqrq1u6lHkz4DUyu 4yoD1IPAs+uLB4m2Vv9vI8R56SBO0KdGy2YC63Gtz5XEOpbENPZ4SO3u1KZvBHvN4zqS6F19 X-Google-Smtp-Source: AGHT+IEHfcBLsGN06DHCcBhRIrpjxl9fEmyq0wBehhOY1ZL7pqSobg3ly482QzW93imtyFeClbihM5kxBeNj X-Received: by 2002:a05:6e02:2308:b0:40d:e7d8:63fa with SMTP id e9e14a558f8ab-42f8740ac19mr162146425ab.26.1760161987833; Fri, 10 Oct 2025 22:53:07 -0700 (PDT) Received: from postal.iol.unh.edu (postal.iol.unh.edu. [132.177.123.84]) by smtp-relay.gmail.com with ESMTPS id 8926c6da1cb9f-58f71e18846sm355145173.33.2025.10.10.22.53.07 (version=TLS1_2 cipher=ECDHE-ECDSA-AES128-GCM-SHA256 bits=128/128); Fri, 10 Oct 2025 22:53:07 -0700 (PDT) X-Relaying-Domain: iol.unh.edu Date: Fri, 10 Oct 2025 22:53:07 -0700 (PDT) Message-ID: <68e9f0c3.050a0220.533bf.1d0dSMTPIN_ADDED_MISSING@mx.google.com> Received: from [172.21.0.2] (unknown [172.18.0.240]) by postal.iol.unh.edu (Postfix) with ESMTP id 66DC06051830; Sat, 11 Oct 2025 01:53:07 -0400 (EDT) Subject: |FAILURE| [GIT MASTER] 62f583c49bf67dd4d6733ece14e55fe6839e66d1 From: dpdklab@iol.unh.edu To: Test Report Cc: dpdk-test-reports@iol.unh.edu, Xueming Li , Christian Ehrhardt , Kevin Traynor , Luca Boccassi Content-Type: text/plain X-BeenThere: test-report@dpdk.org X-Mailman-Version: 2.1.29 Precedence: list List-Id: automatic DPDK test reports List-Unsubscribe: , List-Archive: List-Post: List-Help: List-Subscribe: , Errors-To: test-report-bounces@dpdk.org _Testing issues_ Branch: tags/v23.11 62f583c49bf67dd4d6733ece14e55fe6839e66d1 --> testing issues Upstream job id: Generic-Unit-Test-DPDK#380382 Test environment and result as below: +-------------------------------+----------------+ | Environment | dpdk_unit_test | +===============================+================+ | Debian GNU/Linux 12 | PASS | +-------------------------------+----------------+ | CentOS Stream 10 | PASS | +-------------------------------+----------------+ | Red Hat Enterprise Linux 9.5 | PASS | +-------------------------------+----------------+ | Fedora Linux 41 | PASS | +-------------------------------+----------------+ | Ubuntu 20.04 | PASS | +-------------------------------+----------------+ | CentOS Stream 9 | PASS | +-------------------------------+----------------+ | Ubuntu 22.04 | PASS | +-------------------------------+----------------+ | Red Hat Enterprise Linux 8.10 | PASS | +-------------------------------+----------------+ | Fedora Linux 40 | PASS | +-------------------------------+----------------+ | Fedora Linux 42 | PASS | +-------------------------------+----------------+ | Ubuntu 24.04 | PASS | +-------------------------------+----------------+ | Windows Server 2022 | FAIL | +-------------------------------+----------------+ ==== Unit test summary for Windows Server 2022 (dpdk_unit_test): ==== Failed to get the unit test results. Displaying the unit test results is not supported for some environments, such as our aarch32 testing, where meson is not used to run the tests. Download the logs available on our CI site. ==== End log output ==== Debian GNU/Linux 12 Kernel: 5.15 Compiler: gcc gcc (Debian 12.2.0-14+deb12u1) 12.2.0 CentOS Stream 10 Kernel: 5.15 Compiler: gcc gcc (GCC) 14.2.1 20250110 (Red Hat 14.2.1-8) Red Hat Enterprise Linux 9.5 Kernel: 5.15 Compiler: gcc gcc (GCC) 11.5.0 20240719 (Red Hat 11.5.0-2) Fedora Linux 41 Kernel: 5.15 Compiler: clang gcc (GCC) 14.3.1 20250523 (Red Hat 14.3.1-1) Ubuntu 20.04 Kernel: 5.15 Compiler: gcc gcc (Ubuntu 9.4.0-1ubuntu1~20.04.2) 9.4.0 CentOS Stream 9 Kernel: 5.15 Compiler: gcc gcc (GCC) 11.5.0 20240719 (Red Hat 11.5.0-11) Ubuntu 22.04 Kernel: 5.15 Compiler: gcc gcc (Ubuntu 11.4.0-1ubuntu1~22.04) 11.4.0 Red Hat Enterprise Linux 8.10 Kernel: 5.15 Compiler: gcc gcc (GCC) 8.5.0 20210514 (Red Hat 8.5.0-22) Fedora Linux 40 Kernel: 5.15 Compiler: clang gcc (GCC) 14.2.1 20240912 (Red Hat 14.2.1-3) Fedora Linux 42 Kernel: 5.15 Compiler: gcc gcc (GCC) 15.2.1 20250808 (Red Hat 15.2.1-1) Ubuntu 24.04 Kernel: 5.15 Compiler: gcc gcc (Ubuntu 13.3.0-6ubuntu2~24.04) 13.3.0 Windows Server 2022 Kernel: 10.0.20348.2031 Compiler: clang 15.0.7, gcc 14.1.0 (MinGW), and MSVC VS 19.39.33521 To view detailed results, visit: https://lab.dpdk.org/results/dashboard/tarballs/35172/ UNH-IOL DPDK Community Lab To manage your email subscriptions, visit: https://lab.dpdk.org/results/dashboard/preferences/subscriptions/